{"id":811,"date":"2022-08-17T14:35:41","date_gmt":"2022-08-17T17:35:41","guid":{"rendered":"https:\/\/sites.uel.br\/ndph\/?page_id=811"},"modified":"2022-08-17T14:35:41","modified_gmt":"2022-08-17T17:35:41","slug":"iconogorafia","status":"publish","type":"page","link":"https:\/\/sites.uel.br\/ndph\/iconogorafia\/","title":{"rendered":"ICONOGORAFIA"},"content":{"rendered":"\n<p><\/p>\n\n\n\n<p style=\"font-size:18px\">&#8211; <strong><a rel=\"noreferrer noopener\" href=\"https:\/\/sites.uel.br\/ndph\/wp-content\/uploads\/2022\/08\/ACERVO-EXPO.INVENT-PARCIAL.pdf\" data-type=\"attachment\" data-id=\"828\" target=\"_blank\">Acervo de Exposi\u00e7\u00f5es &#8211; Banner\/Cartaz<\/a><\/strong><br><br>&#8211; <strong><a rel=\"noreferrer noopener\" href=\"https:\/\/sites.uel.br\/ndph\/wp-content\/uploads\/2022\/08\/CSOh.RELACAO-FONTES.pdf\" data-type=\"attachment\" data-id=\"829\" target=\"_blank\">Cole\u00e7\u00e3o Saulo Ohara (CSOh)<\/a><\/strong><br><br>&#8211; <strong><a rel=\"noreferrer noopener\" href=\"https:\/\/sites.uel.br\/ndph\/wp-content\/uploads\/2022\/08\/IMA.RELACAO-FONTES.pdf\" data-type=\"attachment\" data-id=\"830\" target=\"_blank\">Cole\u00e7\u00e3o Igreja Matriz de Apucarana (IMA)<\/a><\/strong><br><br>&#8211; <strong><a rel=\"noreferrer noopener\" href=\"https:\/\/sites.uel.br\/ndph\/wp-content\/uploads\/2022\/08\/CsuSch-2019.pdf\" data-type=\"attachment\" data-id=\"831\" target=\"_blank\">Cole\u00e7\u00e3o Summer School UEL\/UNI-KOBLENZ 2019 (CSuSch)<\/a><\/strong><br><br>&#8211; <strong>\u00c1lbuns Fotogr\u00e1ficos<\/strong><br><br><strong>0001<\/strong> &#8211; <a rel=\"noreferrer noopener\" href=\"https:\/\/sites.uel.br\/ndph\/wp-content\/uploads\/2022\/08\/0001.pdf\" data-type=\"attachment\" data-id=\"833\" target=\"_blank\">Cenas de filmes norte-americanos e brasileiros<br><\/a><strong>0002<\/strong> &#8211; <a rel=\"noreferrer noopener\" href=\"https:\/\/sites.uel.br\/ndph\/wp-content\/uploads\/2022\/08\/0002.pdf\" data-type=\"attachment\" data-id=\"834\" target=\"_blank\">Constru\u00e7\u00e3o da FESULON &#8211; Centro de Ci\u00eancias Morfol\u00f3gicas (1968)<\/a><br><strong>0003<\/strong> &#8211; <a rel=\"noreferrer noopener\" href=\"https:\/\/sites.uel.br\/ndph\/wp-content\/uploads\/2022\/08\/0003.pdf\" data-type=\"attachment\" data-id=\"835\" target=\"_blank\">Desfavelamento da Vila Fraternidade e outros<\/a><br><strong>0004<\/strong> &#8211; <a rel=\"noreferrer noopener\" href=\"https:\/\/sites.uel.br\/ndph\/wp-content\/uploads\/2022\/08\/0004.pdf\" data-type=\"attachment\" data-id=\"836\" target=\"_blank\">Inaugura\u00e7\u00e3o do Sal\u00e3o de Ch\u00e1 Fuganti (1956)<\/a><br><strong>0005<\/strong> &#8211; <a rel=\"noreferrer noopener\" href=\"https:\/\/sites.uel.br\/ndph\/wp-content\/uploads\/2022\/08\/0005.pdf\" data-type=\"attachment\" data-id=\"837\" target=\"_blank\">Pictografias antigas<\/a><br><strong>0006<\/strong> &#8211; <a rel=\"noreferrer noopener\" href=\"https:\/\/sites.uel.br\/ndph\/wp-content\/uploads\/2022\/08\/0006.pdf\" data-type=\"attachment\" data-id=\"838\" target=\"_blank\">Postais cenas londrinenses &#8211; Kaing\u00e1ng<\/a><br><strong>0007<\/strong> &#8211; <a rel=\"noreferrer noopener\" href=\"https:\/\/sites.uel.br\/ndph\/wp-content\/uploads\/2022\/08\/0007.pdf\" data-type=\"attachment\" data-id=\"839\" target=\"_blank\">Religi\u00e3o, patrim\u00f4nio e identidade<\/a><br><strong>0008<\/strong> &#8211; <a rel=\"noreferrer noopener\" href=\"https:\/\/sites.uel.br\/ndph\/wp-content\/uploads\/2022\/08\/0008.pdf\" data-type=\"attachment\" data-id=\"840\" target=\"_blank\">Ru\u00ednas da Mem\u00f3ria<\/a><br><strong>0009<\/strong> &#8211; <a rel=\"noreferrer noopener\" href=\"https:\/\/sites.uel.br\/ndph\/wp-content\/uploads\/2022\/08\/0009.pdf\" data-type=\"attachment\" data-id=\"841\" target=\"_blank\">Igreja Matriz de Londrina<br><\/a><strong>0010<\/strong> &#8211; <a rel=\"noreferrer noopener\" href=\"https:\/\/sites.uel.br\/ndph\/wp-content\/uploads\/2022\/08\/0010.pdf\" data-type=\"attachment\" data-id=\"842\" target=\"_blank\">Pres\u00eddio de Londrina (Cadei\u00e3o)<\/a><br><strong>0011<\/strong> &#8211; <a rel=\"noreferrer noopener\" href=\"https:\/\/sites.uel.br\/ndph\/wp-content\/uploads\/2022\/08\/0011.pdf\" data-type=\"attachment\" data-id=\"844\" target=\"_blank\">Lago Igap\u00f3<\/a><br><strong>0012<\/strong> &#8211; <a rel=\"noreferrer noopener\" href=\"https:\/\/sites.uel.br\/ndph\/wp-content\/uploads\/2022\/08\/0012.pdf\" data-type=\"attachment\" data-id=\"845\" target=\"_blank\">Oswald Nixdorf<\/a><br><strong>0013<\/strong> &#8211; <a rel=\"noreferrer noopener\" href=\"https:\/\/sites.uel.br\/ndph\/wp-content\/uploads\/2022\/08\/0013.pdf\" data-type=\"attachment\" data-id=\"846\" target=\"_blank\">Fotografias do CDPH\/UEL<\/a><br><strong>0014<\/strong> &#8211; <a rel=\"noreferrer noopener\" href=\"https:\/\/sites.uel.br\/ndph\/wp-content\/uploads\/2022\/08\/0014.pdf\" data-type=\"attachment\" data-id=\"847\" target=\"_blank\">Faculdades e Col\u00e9gios em Londrina<\/a><br><strong>0015<\/strong> &#8211; <a rel=\"noreferrer noopener\" href=\"https:\/\/sites.uel.br\/ndph\/wp-content\/uploads\/2022\/08\/0015.pdf\" data-type=\"attachment\" data-id=\"848\" target=\"_blank\">Museu Hist\u00f3rico de Londrina \/ Antiga Esta\u00e7\u00e3o Ferrovi\u00e1ria<\/a><br><strong>0016<\/strong> &#8211; <a rel=\"noreferrer noopener\" href=\"https:\/\/sites.uel.br\/ndph\/wp-content\/uploads\/2022\/08\/0016.pdf\" data-type=\"attachment\" data-id=\"849\" target=\"_blank\">Cidade de Londrina &#8211; Geral<br><\/a><strong>0017 <\/strong>&#8211; <a rel=\"noreferrer noopener\" href=\"https:\/\/sites.uel.br\/ndph\/wp-content\/uploads\/2022\/08\/0017.pdf\" data-type=\"attachment\" data-id=\"850\" target=\"_blank\">Fotografias de Londrina &#8211; C\u00f3pias<\/a><br><strong>0019 <\/strong>&#8211; <a rel=\"noreferrer noopener\" href=\"https:\/\/sites.uel.br\/ndph\/wp-content\/uploads\/2022\/08\/0019.pdf\" data-type=\"attachment\" data-id=\"851\" target=\"_blank\">Frutos da Terra: os trabalhadores da Matte Laranjeira<\/a><br><strong>0020<\/strong> &#8211; <a rel=\"noreferrer noopener\" href=\"https:\/\/sites.uel.br\/ndph\/wp-content\/uploads\/2022\/08\/0020.pdf\" data-type=\"attachment\" data-id=\"852\" target=\"_blank\">Visita do Presidente Dwright Eisenhawer (EUA) ao Brasil &#8211; Anos 1960<\/a><br><strong>0021<\/strong> &#8211; <a rel=\"noreferrer noopener\" href=\"https:\/\/sites.uel.br\/ndph\/wp-content\/uploads\/2022\/08\/0021.pdf\" data-type=\"attachment\" data-id=\"853\" target=\"_blank\">Carpeaux: imagens cr\u00edticas<\/a><br><strong>0022<\/strong> &#8211; <a href=\"https:\/\/sites.uel.br\/ndph\/wp-content\/uploads\/2022\/08\/0022.pdf\" data-type=\"attachment\" data-id=\"854\" target=\"_blank\" rel=\"noreferrer noopener\">Ensaios de Pe\u00e7as Teatrais &#8211; Londrina<\/a><br><strong>0023<\/strong> &#8211; <a href=\"https:\/\/sites.uel.br\/ndph\/wp-content\/uploads\/2022\/08\/0023.pdf\" data-type=\"attachment\" data-id=\"855\" target=\"_blank\" rel=\"noreferrer noopener\">Jockey Club de Londrina<\/a><br><strong>0024<\/strong> &#8211; <a href=\"https:\/\/sites.uel.br\/ndph\/wp-content\/uploads\/2022\/08\/0024.pdf\" data-type=\"attachment\" data-id=\"856\" target=\"_blank\" rel=\"noreferrer noopener\">Vida social, cultural e pol\u00edtica na Ditadura Militar<\/a><\/p>\n","protected":false},"excerpt":{"rendered":"<p>&#8211; Acervo de Exposi\u00e7\u00f5es &#8211; Banner\/Cartaz &#8211; Cole\u00e7\u00e3o Saulo Ohara (CSOh) &#8211; Cole\u00e7\u00e3o Igreja Matriz de Apucarana (IMA) &#8211; Cole\u00e7\u00e3o Summer School UEL\/UNI-KOBLENZ 2019 (CSuSch) &#8211; \u00c1lbuns Fotogr\u00e1ficos 0001 &#8211; Cenas de filmes norte-americanos e brasileiros0002 &#8211; Constru\u00e7\u00e3o da FESULON &#8211; Centro de Ci\u00eancias Morfol\u00f3gicas (1968)0003 &#8211; Desfavelamento da Vila Fraternidade e outros0004 &#8211; Inaugura\u00e7\u00e3o [&hellip;]<\/p>\n","protected":false},"author":7,"featured_media":0,"parent":0,"menu_order":0,"comment_status":"closed","ping_status":"closed","template":"","meta":{"footnotes":""},"class_list":["post-811","page","type-page","status-publish","hentry"],"acf":[],"_links":{"self":[{"href":"https:\/\/sites.uel.br\/ndph\/wp-json\/wp\/v2\/pages\/811","targetHints":{"allow":["GET"]}}],"collection":[{"href":"https:\/\/sites.uel.br\/ndph\/wp-json\/wp\/v2\/pages"}],"about":[{"href":"https:\/\/sites.uel.br\/ndph\/wp-json\/wp\/v2\/types\/page"}],"author":[{"embeddable":true,"href":"https:\/\/sites.uel.br\/ndph\/wp-json\/wp\/v2\/users\/7"}],"replies":[{"embeddable":true,"href":"https:\/\/sites.uel.br\/ndph\/wp-json\/wp\/v2\/comments?post=811"}],"version-history":[{"count":8,"href":"https:\/\/sites.uel.br\/ndph\/wp-json\/wp\/v2\/pages\/811\/revisions"}],"predecessor-version":[{"id":857,"href":"https:\/\/sites.uel.br\/ndph\/wp-json\/wp\/v2\/pages\/811\/revisions\/857"}],"wp:attachment":[{"href":"https:\/\/sites.uel.br\/ndph\/wp-json\/wp\/v2\/media?parent=811"}],"curies":[{"name":"wp","href":"https:\/\/api.w.org\/{rel}","templated":true}]}}