{"id":809,"date":"2022-08-17T14:17:12","date_gmt":"2022-08-17T17:17:12","guid":{"rendered":"https:\/\/sites.uel.br\/ndph\/?page_id=809"},"modified":"2022-08-17T14:39:22","modified_gmt":"2022-08-17T17:39:22","slug":"video","status":"publish","type":"page","link":"https:\/\/sites.uel.br\/ndph\/video\/","title":{"rendered":"V\u00cdDEO"},"content":{"rendered":"\n<p><\/p>\n\n\n\n<p style=\"font-size:18px\"><strong>Document\u00e1rios On-Line<\/strong><br><br><strong><a href=\"https:\/\/www.youtube.com\/watch?v=YJOzNMJaphg\" data-type=\"URL\" data-id=\"https:\/\/www.youtube.com\/watch?v=YJOzNMJaphg\" target=\"_blank\" rel=\"noreferrer noopener\">A Geada Negra<\/a><\/strong><br>Document\u00e1rio produzido pela TV Coroados (atual RPC Londrina) em 1980, destacando os efeitos da Geada Negra no norte do Paran\u00e1, principalmente na regi\u00e3o de Londrina, cidade que era conhecida como &#8220;Capital do Caf\u00e9&#8221; e concentrava as maiores negocia\u00e7\u00f5es envolvendo o produto, tanto para o Brasil quanto para o exterior.<br><br><\/p>\n","protected":false},"excerpt":{"rendered":"<p>Document\u00e1rios On-Line A Geada NegraDocument\u00e1rio produzido pela TV Coroados (atual RPC Londrina) em 1980, destacando os efeitos da Geada Negra no norte do Paran\u00e1, principalmente na regi\u00e3o de Londrina, cidade que era conhecida como &#8220;Capital do Caf\u00e9&#8221; e concentrava as maiores negocia\u00e7\u00f5es envolvendo o produto, tanto para o Brasil quanto para o exterior.<\/p>\n","protected":false},"author":7,"featured_media":0,"parent":0,"menu_order":0,"comment_status":"closed","ping_status":"closed","template":"","meta":{"footnotes":""},"class_list":["post-809","page","type-page","status-publish","hentry"],"acf":[],"_links":{"self":[{"href":"https:\/\/sites.uel.br\/ndph\/wp-json\/wp\/v2\/pages\/809","targetHints":{"allow":["GET"]}}],"collection":[{"href":"https:\/\/sites.uel.br\/ndph\/wp-json\/wp\/v2\/pages"}],"about":[{"href":"https:\/\/sites.uel.br\/ndph\/wp-json\/wp\/v2\/types\/page"}],"author":[{"embeddable":true,"href":"https:\/\/sites.uel.br\/ndph\/wp-json\/wp\/v2\/users\/7"}],"replies":[{"embeddable":true,"href":"https:\/\/sites.uel.br\/ndph\/wp-json\/wp\/v2\/comments?post=809"}],"version-history":[{"count":3,"href":"https:\/\/sites.uel.br\/ndph\/wp-json\/wp\/v2\/pages\/809\/revisions"}],"predecessor-version":[{"id":858,"href":"https:\/\/sites.uel.br\/ndph\/wp-json\/wp\/v2\/pages\/809\/revisions\/858"}],"wp:attachment":[{"href":"https:\/\/sites.uel.br\/ndph\/wp-json\/wp\/v2\/media?parent=809"}],"curies":[{"name":"wp","href":"https:\/\/api.w.org\/{rel}","templated":true}]}}

VÍDEO

<p></p>



<p style="font-size:18px"><strong>Documentários On-Line</strong><br><br><strong><a href="https://www.youtube.com/watch?v=YJOzNMJaphg" data-type="URL" data-id="https://www.youtube.com/watch?v=YJOzNMJaphg" target="_blank" rel="noreferrer noopener">A Geada Negra</a></strong><br>Documentário produzido pela TV Coroados (atual RPC Londrina) em 1980, destacando os efeitos da Geada Negra no norte do Paraná, principalmente na região de Londrina, cidade que era conhecida como &#8220;Capital do Café&#8221; e concentrava as maiores negociações envolvendo o produto, tanto para o Brasil quanto para o exterior.<br><br></p>

<p>Documentários On-Line A Geada NegraDocumentário produzido pela TV Coroados (atual RPC Londrina) em 1980, destacando os efeitos da Geada Negra no norte do Paraná, principalmente na região de Londrina, cidade que era conhecida como &#8220;Capital do Café&#8221; e concentrava as maiores negociações envolvendo o produto, tanto para o Brasil quanto para o exterior.</p>
