{"id":55,"date":"2022-05-20T19:39:41","date_gmt":"2022-05-20T22:39:41","guid":{"rendered":"https:\/\/sites.uel.br\/ndph\/?page_id=55"},"modified":"2022-08-25T15:38:25","modified_gmt":"2022-08-25T18:38:25","slug":"fale-conosco","status":"publish","type":"page","link":"https:\/\/sites.uel.br\/ndph\/fale-conosco\/","title":{"rendered":"Fale conosco"},"content":{"rendered":"\n<p><\/p>\n\n\n\n<div class=\"wp-block-columns is-layout-flex wp-container-core-columns-is-layout-9d6595d7 wp-block-columns-is-layout-flex\">\n<div class=\"wp-block-column is-layout-flow wp-block-column-is-layout-flow\">\n<p style=\"font-size:22px\"><strong>Telefone: <\/strong>(43) 3371-4568<br><strong>E-mail: <\/strong>ndph@uel.br <br><\/p>\n\n\n\n<p style=\"font-size:22px\"><strong>Hor\u00e1rio de funcionamento:<\/strong><br>Segunda a Sexta-feira<\/p>\n\n\n\n<p style=\"font-size:22px\">8h30 \u00e0s 12h00<br>13h30 \u00e0s 17h30<br>19h00 \u00e0s 22h00<\/p>\n<\/div>\n\n\n\n<div class=\"wp-block-column is-layout-flow wp-block-column-is-layout-flow\">\n<p class=\"has-text-align-center\" style=\"font-size:22px\"><strong>Rod. Celso Garcia Cid (PR 445), Km 380 &#8211; Campus Universit\u00e1rio<br>Caixa Postal 10.011 | CEP 86.057-970 | Londrina\/PR<\/strong><br>T\u00e9rreo do Instituto de Refer\u00eancia em Ci\u00eancias Humanas (IRCH) &#8211; CLCH &#8211; UEL<\/p>\n<\/div>\n<\/div>\n","protected":false},"excerpt":{"rendered":"<p>Telefone: (43) 3371-4568E-mail: ndph@uel.br Hor\u00e1rio de funcionamento:Segunda a Sexta-feira 8h30 \u00e0s 12h0013h30 \u00e0s 17h3019h00 \u00e0s 22h00 Rod. Celso Garcia Cid (PR 445), Km 380 &#8211; Campus Universit\u00e1rioCaixa Postal 10.011 | CEP 86.057-970 | Londrina\/PRT\u00e9rreo do Instituto de Refer\u00eancia em Ci\u00eancias Humanas (IRCH) &#8211; CLCH &#8211; UEL<\/p>\n","protected":false},"author":7,"featured_media":0,"parent":0,"menu_order":0,"comment_status":"closed","ping_status":"closed","template":"","meta":{"footnotes":""},"class_list":["post-55","page","type-page","status-publish","hentry"],"acf":[],"_links":{"self":[{"href":"https:\/\/sites.uel.br\/ndph\/wp-json\/wp\/v2\/pages\/55","targetHints":{"allow":["GET"]}}],"collection":[{"href":"https:\/\/sites.uel.br\/ndph\/wp-json\/wp\/v2\/pages"}],"about":[{"href":"https:\/\/sites.uel.br\/ndph\/wp-json\/wp\/v2\/types\/page"}],"author":[{"embeddable":true,"href":"https:\/\/sites.uel.br\/ndph\/wp-json\/wp\/v2\/users\/7"}],"replies":[{"embeddable":true,"href":"https:\/\/sites.uel.br\/ndph\/wp-json\/wp\/v2\/comments?post=55"}],"version-history":[{"count":7,"href":"https:\/\/sites.uel.br\/ndph\/wp-json\/wp\/v2\/pages\/55\/revisions"}],"predecessor-version":[{"id":1100,"href":"https:\/\/sites.uel.br\/ndph\/wp-json\/wp\/v2\/pages\/55\/revisions\/1100"}],"wp:attachment":[{"href":"https:\/\/sites.uel.br\/ndph\/wp-json\/wp\/v2\/media?parent=55"}],"curies":[{"name":"wp","href":"https:\/\/api.w.org\/{rel}","templated":true}]}}