{"id":499,"date":"2022-08-08T13:07:21","date_gmt":"2022-08-08T16:07:21","guid":{"rendered":"https:\/\/sites.uel.br\/ndph\/?page_id=499"},"modified":"2022-08-08T13:07:21","modified_gmt":"2022-08-08T16:07:21","slug":"banco-de-trabalhos-academicos","status":"publish","type":"page","link":"https:\/\/sites.uel.br\/ndph\/banco-de-trabalhos-academicos\/","title":{"rendered":"BANCO DE TRABALHOS ACAD\u00caMICOS"},"content":{"rendered":"\n<p><\/p>\n\n\n\n<p style=\"font-size:18px\">Para realizar busca em nossa biblioteca aperte o comando <strong>CTRL+F<\/strong>. No campo de busca do cat\u00e1logo, digite a palavra-chave que deseja localizar: <strong>nome do autor<\/strong>, <strong>t\u00edtulo da obra<\/strong> ou <strong>assunto da pesquisa<\/strong>.<\/p>\n\n\n\n<div style=\"height:23px\" aria-hidden=\"true\" class=\"wp-block-spacer\"><\/div>\n\n\n\n<p style=\"font-size:18px\"><strong>&#8211; <a href=\"http:\/\/www.bibliotecadigital.uel.br\/teses_dissertacoes.php\" data-type=\"URL\" data-id=\"http:\/\/www.bibliotecadigital.uel.br\/teses_dissertacoes.php\" target=\"_blank\" rel=\"noreferrer noopener\">Biblioteca Digital UEL<\/a><\/strong><br><br><strong>&#8211; <a href=\"https:\/\/sites.uel.br\/ndph\/wp-content\/uploads\/2022\/08\/TCC-NOV-2017.pdf\" data-type=\"URL\" data-id=\"https:\/\/sites.uel.br\/ndph\/wp-content\/uploads\/2022\/08\/TCC-NOV-2017.pdf\" target=\"_blank\" rel=\"noreferrer noopener\">Trabalho de Conclus\u00e3o de Curso<\/a><\/strong><br><br><strong>&#8211; <a href=\"https:\/\/sites.uel.br\/ndph\/wp-content\/uploads\/2022\/08\/ESPECIALIZACAO.pdf\" data-type=\"URL\" data-id=\"https:\/\/sites.uel.br\/ndph\/wp-content\/uploads\/2022\/08\/ESPECIALIZACAO.pdf\" target=\"_blank\" rel=\"noreferrer noopener\">Monografias de Especializa\u00e7\u00e3o<\/a><\/strong><br><br><strong>&#8211; <a href=\"https:\/\/sites.uel.br\/ndph\/wp-content\/uploads\/2022\/08\/MESTRADO.pdf\" data-type=\"URL\" data-id=\"https:\/\/sites.uel.br\/ndph\/wp-content\/uploads\/2022\/08\/MESTRADO.pdf\" target=\"_blank\" rel=\"noreferrer noopener\">Disserta\u00e7\u00f5es de Mestrado<\/a><\/strong><br><br><strong>&#8211; <a href=\"https:\/\/sites.uel.br\/ndph\/wp-content\/uploads\/2022\/08\/DOUTORADO-lista-julho-2018-converted.pdf\" data-type=\"URL\" data-id=\"https:\/\/sites.uel.br\/ndph\/wp-content\/uploads\/2022\/08\/DOUTORADO-lista-julho-2018-converted.pdf\" target=\"_blank\" rel=\"noreferrer noopener\">Teses de Doutorado<\/a><br><br>&#8211; <a href=\"https:\/\/sites.uel.br\/ndph\/?page_id=508\" data-type=\"page\" data-id=\"508\">Trabalhos Acad\u00eamicos Digitalizados<\/a><\/strong><\/p>\n","protected":false},"excerpt":{"rendered":"<p>Para realizar busca em nossa biblioteca aperte o comando CTRL+F. No campo de busca do cat\u00e1logo, digite a palavra-chave que deseja localizar: nome do autor, t\u00edtulo da obra ou assunto da pesquisa. &#8211; Biblioteca Digital UEL &#8211; Trabalho de Conclus\u00e3o de Curso &#8211; Monografias de Especializa\u00e7\u00e3o &#8211; Disserta\u00e7\u00f5es de Mestrado &#8211; Teses de Doutorado &#8211; [&hellip;]<\/p>\n","protected":false},"author":7,"featured_media":0,"parent":0,"menu_order":0,"comment_status":"closed","ping_status":"closed","template":"","meta":{"footnotes":""},"class_list":["post-499","page","type-page","status-publish","hentry"],"acf":[],"_links":{"self":[{"href":"https:\/\/sites.uel.br\/ndph\/wp-json\/wp\/v2\/pages\/499","targetHints":{"allow":["GET"]}}],"collection":[{"href":"https:\/\/sites.uel.br\/ndph\/wp-json\/wp\/v2\/pages"}],"about":[{"href":"https:\/\/sites.uel.br\/ndph\/wp-json\/wp\/v2\/types\/page"}],"author":[{"embeddable":true,"href":"https:\/\/sites.uel.br\/ndph\/wp-json\/wp\/v2\/users\/7"}],"replies":[{"embeddable":true,"href":"https:\/\/sites.uel.br\/ndph\/wp-json\/wp\/v2\/comments?post=499"}],"version-history":[{"count":4,"href":"https:\/\/sites.uel.br\/ndph\/wp-json\/wp\/v2\/pages\/499\/revisions"}],"predecessor-version":[{"id":509,"href":"https:\/\/sites.uel.br\/ndph\/wp-json\/wp\/v2\/pages\/499\/revisions\/509"}],"wp:attachment":[{"href":"https:\/\/sites.uel.br\/ndph\/wp-json\/wp\/v2\/media?parent=499"}],"curies":[{"name":"wp","href":"https:\/\/api.w.org\/{rel}","templated":true}]}}