{"id":460,"date":"2022-08-08T12:53:20","date_gmt":"2022-08-08T15:53:20","guid":{"rendered":"https:\/\/sites.uel.br\/ndph\/?page_id=460"},"modified":"2024-05-13T16:16:27","modified_gmt":"2024-05-13T19:16:27","slug":"hemeroteca","status":"publish","type":"page","link":"https:\/\/sites.uel.br\/ndph\/hemeroteca\/","title":{"rendered":"HEMEROTECA"},"content":{"rendered":"\n<div style=\"height:0px\" aria-hidden=\"true\" class=\"wp-block-spacer\"><\/div>\n\n\n\n<p style=\"font-size:18px\">Para realizar busca em nossa biblioteca aperte o comando <strong>CTRL+F<\/strong>. No campo de busca do cat\u00e1logo, digite a palavra-chave que deseja localizar: <strong>nome do autor<\/strong>, <strong>t\u00edtulo da obra<\/strong> ou <strong>assunto da pesquisa<\/strong>.<\/p>\n\n\n\n<div style=\"height:46px\" aria-hidden=\"true\" class=\"wp-block-spacer\"><\/div>\n\n\n\n<div class=\"wp-block-group\"><div class=\"wp-block-group__inner-container is-layout-constrained wp-block-group-is-layout-constrained\">\n<div class=\"wp-block-columns is-layout-flex wp-container-core-columns-is-layout-9d6595d7 wp-block-columns-is-layout-flex\">\n<div class=\"wp-block-column is-layout-flow wp-block-column-is-layout-flow\" style=\"flex-basis:33.33%\">\n<div class=\"wp-block-group\"><div class=\"wp-block-group__inner-container is-layout-constrained wp-block-group-is-layout-constrained\">\n<p style=\"font-size:18px\"><strong>&#8211; <a href=\"https:\/\/sites.uel.br\/ndph\/wp-content\/uploads\/2022\/08\/COLECAO_JORNAIS.pdf\" data-type=\"URL\" data-id=\"https:\/\/sites.uel.br\/ndph\/wp-content\/uploads\/2022\/08\/COLECAO_JORNAIS.pdf\" target=\"_blank\" rel=\"noreferrer noopener\">Cole\u00e7\u00e3o de Jornais<\/a><\/strong><br><br><strong>&#8211; <a href=\"https:\/\/issuu.com\/jornalpoeira\" data-type=\"URL\" data-id=\"https:\/\/issuu.com\/jornalpoeira\" target=\"_blank\" rel=\"noreferrer noopener\">Jornal Poeira<\/a><\/strong> <strong>[ACERVO ON-LINE]<\/strong><br><br><strong>&#8211; <a href=\"https:\/\/sites.uel.br\/ndph\/wp-content\/uploads\/2022\/08\/CFDR.RELACAO-FONTES.pdf\" data-type=\"URL\" data-id=\"https:\/\/sites.uel.br\/ndph\/wp-content\/uploads\/2022\/08\/CFDR.RELACAO-FONTES.pdf\" target=\"_blank\" rel=\"noreferrer noopener\">Cole\u00e7\u00e3o de Fanzines Denoir A. Rosa (CFDR)<\/a><br><br>&#8211; <a href=\"https:\/\/sites.uel.br\/ndph\/wp-content\/uploads\/2022\/08\/CFRI.RELACAO-FONTES.pdf\" data-type=\"URL\" data-id=\"https:\/\/sites.uel.br\/ndph\/wp-content\/uploads\/2022\/08\/CFRI.RELACAO-FONTES.pdf\" target=\"_blank\" rel=\"noreferrer noopener\">Cole\u00e7\u00e3o de Fanzines Rog\u00e9rio Ivano (CFRI)<\/a><\/strong><br><br><strong>&#8211; Cole\u00e7\u00e3o de Fanzines Lu\u00eds Eduardo &#8220;Cientista&#8221; (CFLEC)<\/strong><\/p>\n<\/div><\/div>\n\n\n\n<p style=\"font-size:18px\"><strong>&#8211;<a href=\"https:\/\/sites.uel.br\/ndph\/wp-content\/uploads\/2024\/05\/Colecao-Edson-Elias-CEE.pdf\" target=\"_blank\" rel=\"noreferrer noopener\"> Cole\u00e7\u00e3o Edson Elias (CEE)<\/a><\/strong><\/p>\n\n\n\n<p style=\"font-size:18px\"><strong>&#8211;<a href=\"https:\/\/acrobat.adobe.com\/link\/track?uri=urn%3Aaaid%3Ascds%3AUS%3A75791b18-fb0c-36e6-ba4e-354b8fae973c\" target=\"_blank\" rel=\"noreferrer noopener\"> Cole\u00e7\u00e3o Joana D&#8217;Arc Lopes (JDL)<\/a><\/strong><\/p>\n\n\n\n<p style=\"font-size:18px\"><strong>&#8211; Cole\u00e7\u00e3o <a href=\"https:\/\/sites.uel.br\/ndph\/wp-content\/uploads\/2024\/05\/Colecao-Valmor-Venturini-CVV.pdf\" data-type=\"link\" data-id=\"https:\/\/sites.uel.br\/ndph\/wp-content\/uploads\/2024\/05\/Colecao-Valmor-Venturini-CVV.pdf\" target=\"_blank\" rel=\"noreferrer noopener\">Valmor Venturini (CVV)<\/a><\/strong><\/p>\n<\/div>\n<\/div>\n\n\n\n<div class=\"wp-block-group\"><div class=\"wp-block-group__inner-container is-layout-constrained wp-block-group-is-layout-constrained\">\n<div class=\"wp-block-group\"><div class=\"wp-block-group__inner-container is-layout-constrained wp-block-group-is-layout-constrained\">\n<div class=\"wp-block-group\"><div class=\"wp-block-group__inner-container is-layout-constrained wp-block-group-is-layout-constrained\">\n<div class=\"wp-block-columns is-layout-flex wp-container-core-columns-is-layout-9d6595d7 wp-block-columns-is-layout-flex\">\n<div class=\"wp-block-column is-layout-flow wp-block-column-is-layout-flow\"><\/div>\n\n\n\n<div class=\"wp-block-column is-layout-flow wp-block-column-is-layout-flow\"><\/div>\n<\/div>\n\n\n\n<p style=\"font-size:18px\"><strong>. S\u00e9rie Fanzines<\/strong><br><em>Subs\u00e9rie<\/em> <a rel=\"noreferrer noopener\" href=\"https:\/\/sites.uel.br\/ndph\/wp-content\/uploads\/2022\/08\/CFLEC.SERIE-FANZINE_G.pdf\" data-type=\"URL\" data-id=\"https:\/\/sites.uel.br\/ndph\/wp-content\/uploads\/2022\/08\/CFLEC.SERIE-FANZINE_G.pdf\" target=\"_blank\">Tamanho Grande<\/a><br><em>Subs\u00e9rie<\/em> <a rel=\"noreferrer noopener\" href=\"https:\/\/sites.uel.br\/ndph\/wp-content\/uploads\/2022\/08\/CFLEC.SERIE-FANZINE_P.pdf\" data-type=\"URL\" data-id=\"https:\/\/sites.uel.br\/ndph\/wp-content\/uploads\/2022\/08\/CFLEC.SERIE-FANZINE_P.pdf\" target=\"_blank\">Tamanho Pequeno<\/a><\/p>\n<\/div><\/div>\n<\/div><\/div>\n<\/div><\/div>\n<\/div><\/div>\n\n\n\n<p style=\"font-size:18px\"><strong>. S\u00e9rie Literatura<\/strong><br><em>Subs\u00e9rie<\/em> <a rel=\"noreferrer noopener\" href=\"https:\/\/sites.uel.br\/ndph\/wp-content\/uploads\/2022\/08\/CFLEC.SERIE-LITERATURA_G.pdf\" data-type=\"URL\" data-id=\"https:\/\/sites.uel.br\/ndph\/wp-content\/uploads\/2022\/08\/CFLEC.SERIE-LITERATURA_G.pdf\" target=\"_blank\">Tamanho Grande<\/a><br><em>Subs\u00e9rie<\/em> <a rel=\"noreferrer noopener\" href=\"https:\/\/sites.uel.br\/ndph\/wp-content\/uploads\/2022\/08\/CFLEC.SERIE-LITERATURA_P.pdf\" data-type=\"URL\" data-id=\"https:\/\/sites.uel.br\/ndph\/wp-content\/uploads\/2022\/08\/CFLEC.SERIE-LITERATURA_P.pdf\" target=\"_blank\">Tamanho Pequeno<\/a><br><br><strong>. S\u00e9rie <a href=\"https:\/\/sites.uel.br\/ndph\/wp-content\/uploads\/2022\/08\/CFLEC.SERIE-REVISTAS.pdf\" data-type=\"URL\" data-id=\"https:\/\/sites.uel.br\/ndph\/wp-content\/uploads\/2022\/08\/CFLEC.SERIE-REVISTAS.pdf\" target=\"_blank\" rel=\"noreferrer noopener\">Revistas<\/a><\/strong><br><br><strong>. S\u00e9rie HQ<\/strong><br><em>Subs\u00e9rie<\/em> <a href=\"https:\/\/sites.uel.br\/ndph\/wp-content\/uploads\/2022\/08\/CFLEC.SERIE-HQ_G.pdf\" data-type=\"URL\" data-id=\"https:\/\/sites.uel.br\/ndph\/wp-content\/uploads\/2022\/08\/CFLEC.SERIE-HQ_G.pdf\" target=\"_blank\" rel=\"noreferrer noopener\">Tamanho Grande<\/a><br><em>Subs\u00e9rie<\/em> <a href=\"https:\/\/sites.uel.br\/ndph\/wp-content\/uploads\/2022\/08\/CFLEC.SERIE-HQ_P.pdf\" data-type=\"URL\" data-id=\"https:\/\/sites.uel.br\/ndph\/wp-content\/uploads\/2022\/08\/CFLEC.SERIE-HQ_P.pdf\" target=\"_blank\" rel=\"noreferrer noopener\">Tamanho Pequeno<\/a><br><br><strong>. S\u00e9rie <a href=\"https:\/\/sites.uel.br\/ndph\/wp-content\/uploads\/2022\/08\/CFLEC.SERIE-CATALOGO.pdf\" data-type=\"URL\" data-id=\"https:\/\/sites.uel.br\/ndph\/wp-content\/uploads\/2022\/08\/CFLEC.SERIE-CATALOGO.pdf\" target=\"_blank\" rel=\"noreferrer noopener\">Cat\u00e1logo<\/a><\/strong><br><br><strong>. S\u00e9rie <a href=\"https:\/\/sites.uel.br\/ndph\/wp-content\/uploads\/2022\/08\/CFLEC.SERIE-BANDAS.pdf\" data-type=\"URL\" data-id=\"https:\/\/sites.uel.br\/ndph\/wp-content\/uploads\/2022\/08\/CFLEC.SERIE-BANDAS.pdf\" target=\"_blank\" rel=\"noreferrer noopener\">Informativos de Bandas<\/a><\/strong><br><br><strong>. S\u00e9rie <a href=\"https:\/\/sites.uel.br\/ndph\/wp-content\/uploads\/2022\/08\/CFLEC.SERIE-RECORTES.pdf\" data-type=\"URL\" data-id=\"https:\/\/sites.uel.br\/ndph\/wp-content\/uploads\/2022\/08\/CFLEC.SERIE-RECORTES.pdf\" target=\"_blank\" rel=\"noreferrer noopener\">Recortes<\/a><\/strong><br><br><strong>. S\u00e9rie Eventos<\/strong><br><em>Subs\u00e9rie<\/em> <a href=\"https:\/\/sites.uel.br\/ndph\/wp-content\/uploads\/2022\/08\/CFLEC.SERIE-EVENTOS_FG.pdf\" data-type=\"URL\" data-id=\"https:\/\/sites.uel.br\/ndph\/wp-content\/uploads\/2022\/08\/CFLEC.SERIE-EVENTOS_FG.pdf\" target=\"_blank\" rel=\"noreferrer noopener\">Formato Grande<\/a><br><em>Subs\u00e9rie<\/em> <a href=\"https:\/\/sites.uel.br\/ndph\/wp-content\/uploads\/2022\/08\/CFLEC.SERIE-EVENTOS_FPM.pdf\" data-type=\"URL\" data-id=\"https:\/\/sites.uel.br\/ndph\/wp-content\/uploads\/2022\/08\/CFLEC.SERIE-EVENTOS_FPM.pdf\" target=\"_blank\" rel=\"noreferrer noopener\">Formato Pequeno-M\u00e9dio<\/a><br><br><strong>. S\u00e9rie Informativos<\/strong><br><em>Subs\u00e9rie<\/em> <a href=\"https:\/\/sites.uel.br\/ndph\/wp-content\/uploads\/2022\/08\/CFLEC.SERIE-INFORMAT_FG.pdf\" data-type=\"URL\" data-id=\"https:\/\/sites.uel.br\/ndph\/wp-content\/uploads\/2022\/08\/CFLEC.SERIE-INFORMAT_FG.pdf\" target=\"_blank\" rel=\"noreferrer noopener\">Formato Grande<\/a><br><em>Subs\u00e9rie<\/em> <a href=\"https:\/\/sites.uel.br\/ndph\/wp-content\/uploads\/2022\/08\/CFLEC.SERIE-INFORMAT_FP.pdf\" data-type=\"URL\" data-id=\"https:\/\/sites.uel.br\/ndph\/wp-content\/uploads\/2022\/08\/CFLEC.SERIE-INFORMAT_FP.pdf\" target=\"_blank\" rel=\"noreferrer noopener\">Formato Pequeno<\/a><br><br><strong>. S\u00e9rie <a href=\"https:\/\/sites.uel.br\/ndph\/wp-content\/uploads\/2022\/08\/CFLEC.SERIE-CORRESP.pdf\" data-type=\"URL\" data-id=\"https:\/\/sites.uel.br\/ndph\/wp-content\/uploads\/2022\/08\/CFLEC.SERIE-CORRESP.pdf\" target=\"_blank\" rel=\"noreferrer noopener\">Correspond\u00eancias<\/a><\/strong><br><br><strong>. S\u00e9rie <a href=\"https:\/\/sites.uel.br\/ndph\/wp-content\/uploads\/2022\/08\/CFLEC.SERIE-DOCS.DIV_.pdf\" data-type=\"URL\" data-id=\"https:\/\/sites.uel.br\/ndph\/wp-content\/uploads\/2022\/08\/CFLEC.SERIE-DOCS.DIV_.pdf\" target=\"_blank\" rel=\"noreferrer noopener\">Documentos Diversos<\/a><\/strong><br><br><strong>. S\u00e9rie <a href=\"https:\/\/sites.uel.br\/ndph\/wp-content\/uploads\/2022\/08\/CFLEC.SERIE-IMAGENS.pdf\" data-type=\"URL\" data-id=\"https:\/\/sites.uel.br\/ndph\/wp-content\/uploads\/2022\/08\/CFLEC.SERIE-IMAGENS.pdf\" target=\"_blank\" rel=\"noreferrer noopener\">Imagens<\/a><\/strong><br><br><br><br><br><\/p>\n","protected":false},"excerpt":{"rendered":"<p>Para realizar busca em nossa biblioteca aperte o comando CTRL+F. No campo de busca do cat\u00e1logo, digite a palavra-chave que deseja localizar: nome do autor, t\u00edtulo da obra ou assunto da pesquisa. &#8211; Cole\u00e7\u00e3o de Jornais &#8211; Jornal Poeira [ACERVO ON-LINE] &#8211; Cole\u00e7\u00e3o de Fanzines Denoir A. Rosa (CFDR) &#8211; Cole\u00e7\u00e3o de Fanzines Rog\u00e9rio Ivano [&hellip;]<\/p>\n","protected":false},"author":7,"featured_media":0,"parent":0,"menu_order":0,"comment_status":"closed","ping_status":"closed","template":"","meta":{"footnotes":""},"class_list":["post-460","page","type-page","status-publish","hentry"],"acf":[],"_links":{"self":[{"href":"https:\/\/sites.uel.br\/ndph\/wp-json\/wp\/v2\/pages\/460","targetHints":{"allow":["GET"]}}],"collection":[{"href":"https:\/\/sites.uel.br\/ndph\/wp-json\/wp\/v2\/pages"}],"about":[{"href":"https:\/\/sites.uel.br\/ndph\/wp-json\/wp\/v2\/types\/page"}],"author":[{"embeddable":true,"href":"https:\/\/sites.uel.br\/ndph\/wp-json\/wp\/v2\/users\/7"}],"replies":[{"embeddable":true,"href":"https:\/\/sites.uel.br\/ndph\/wp-json\/wp\/v2\/comments?post=460"}],"version-history":[{"count":26,"href":"https:\/\/sites.uel.br\/ndph\/wp-json\/wp\/v2\/pages\/460\/revisions"}],"predecessor-version":[{"id":1803,"href":"https:\/\/sites.uel.br\/ndph\/wp-json\/wp\/v2\/pages\/460\/revisions\/1803"}],"wp:attachment":[{"href":"https:\/\/sites.uel.br\/ndph\/wp-json\/wp\/v2\/media?parent=460"}],"curies":[{"name":"wp","href":"https:\/\/api.w.org\/{rel}","templated":true}]}}