{"id":2588,"date":"2025-05-14T19:39:01","date_gmt":"2025-05-14T22:39:01","guid":{"rendered":"https:\/\/sites.uel.br\/ndph\/?page_id=2588"},"modified":"2025-05-16T10:33:19","modified_gmt":"2025-05-16T13:33:19","slug":"9a-semana-nacional-de-arquivos","status":"publish","type":"page","link":"https:\/\/sites.uel.br\/ndph\/9a-semana-nacional-de-arquivos\/","title":{"rendered":"9\u00aa Semana Nacional de Arquivos &#8211; Mudan\u00e7as clim\u00e1ticas: preserva\u00e7\u00e3o e acessibilidade"},"content":{"rendered":"\n<figure class=\"wp-block-image size-large is-resized\"><img loading=\"lazy\" decoding=\"async\" width=\"1024\" height=\"512\" src=\"https:\/\/sites.uel.br\/ndph\/wp-content\/uploads\/2025\/05\/9-SNA-2-1024x512.jpg\" alt=\"\" class=\"wp-image-2635\" style=\"width:1256px;height:auto\" srcset=\"https:\/\/sites.uel.br\/ndph\/wp-content\/uploads\/2025\/05\/9-SNA-2-1024x512.jpg 1024w, https:\/\/sites.uel.br\/ndph\/wp-content\/uploads\/2025\/05\/9-SNA-2-300x150.jpg 300w, https:\/\/sites.uel.br\/ndph\/wp-content\/uploads\/2025\/05\/9-SNA-2-768x384.jpg 768w, https:\/\/sites.uel.br\/ndph\/wp-content\/uploads\/2025\/05\/9-SNA-2-1536x768.jpg 1536w, https:\/\/sites.uel.br\/ndph\/wp-content\/uploads\/2025\/05\/9-SNA-2-2048x1024.jpg 2048w\" sizes=\"auto, (max-width: 1024px) 100vw, 1024px\" \/><\/figure>\n\n\n\n<div style=\"height:50px\" aria-hidden=\"true\" class=\"wp-block-spacer\"><\/div>\n\n\n\n<div class=\"wp-block-buttons alignwide is-content-justification-center is-layout-flex wp-container-core-buttons-is-layout-16018d1d wp-block-buttons-is-layout-flex\">\n<div class=\"wp-block-button\"><a class=\"wp-block-button__link wp-element-button\" href=\"https:\/\/sites.uel.br\/ndph\/9a-semana-nacional-de-arquivos-programacao\/\">Programa\u00e7\u00e3o<\/a><\/div>\n\n\n\n<div class=\"wp-block-button\"><a class=\"wp-block-button__link wp-element-button\" href=\"https:\/\/sites.uel.br\/ndph\/9a-semana-nacional-de-arquivos-inscricoes\/\">Inscri\u00e7\u00f5es<\/a><\/div>\n\n\n\n<div class=\"wp-block-button\"><a class=\"wp-block-button__link wp-element-button\" href=\"https:\/\/sites.uel.br\/ndph\/9a-semana-nacional-de-arquivos-publicacoes\/\">Publica\u00e7\u00f5es<\/a><\/div>\n\n\n\n<div class=\"wp-block-button\"><a class=\"wp-block-button__link wp-element-button\" href=\"https:\/\/sites.uel.br\/ndph\/9a-semana-nacional-de-arquivos-organizacao-e-contato\/\">Organiza\u00e7\u00e3o e Contato<\/a><\/div>\n<\/div>\n\n\n\n<p><\/p>\n","protected":false},"excerpt":{"rendered":"","protected":false},"author":6,"featured_media":0,"parent":0,"menu_order":0,"comment_status":"closed","ping_status":"closed","template":"","meta":{"footnotes":""},"class_list":["post-2588","page","type-page","status-publish","hentry"],"acf":[],"_links":{"self":[{"href":"https:\/\/sites.uel.br\/ndph\/wp-json\/wp\/v2\/pages\/2588","targetHints":{"allow":["GET"]}}],"collection":[{"href":"https:\/\/sites.uel.br\/ndph\/wp-json\/wp\/v2\/pages"}],"about":[{"href":"https:\/\/sites.uel.br\/ndph\/wp-json\/wp\/v2\/types\/page"}],"author":[{"embeddable":true,"href":"https:\/\/sites.uel.br\/ndph\/wp-json\/wp\/v2\/users\/6"}],"replies":[{"embeddable":true,"href":"https:\/\/sites.uel.br\/ndph\/wp-json\/wp\/v2\/comments?post=2588"}],"version-history":[{"count":7,"href":"https:\/\/sites.uel.br\/ndph\/wp-json\/wp\/v2\/pages\/2588\/revisions"}],"predecessor-version":[{"id":2636,"href":"https:\/\/sites.uel.br\/ndph\/wp-json\/wp\/v2\/pages\/2588\/revisions\/2636"}],"wp:attachment":[{"href":"https:\/\/sites.uel.br\/ndph\/wp-json\/wp\/v2\/media?parent=2588"}],"curies":[{"name":"wp","href":"https:\/\/api.w.org\/{rel}","templated":true}]}}