{"id":2433,"date":"2025-03-11T09:50:11","date_gmt":"2025-03-11T12:50:11","guid":{"rendered":"https:\/\/sites.uel.br\/ndph\/?page_id=2433"},"modified":"2025-04-23T10:40:29","modified_gmt":"2025-04-23T13:40:29","slug":"xx-semana-de-historia-programacao","status":"publish","type":"page","link":"https:\/\/sites.uel.br\/ndph\/xx-semana-de-historia-programacao\/","title":{"rendered":"XX Semana de Hist\u00f3ria &#8211; Programa\u00e7\u00e3o"},"content":{"rendered":"<div class=\"wp-block-image\">\n<figure class=\"aligncenter size-full is-resized\"><img loading=\"lazy\" decoding=\"async\" width=\"1080\" height=\"1080\" src=\"https:\/\/sites.uel.br\/ndph\/wp-content\/uploads\/2025\/04\/PROGRAMACAO-COMPLETA-10.jpg\" alt=\"\" class=\"wp-image-2538\" style=\"width:832px;height:auto\" srcset=\"https:\/\/sites.uel.br\/ndph\/wp-content\/uploads\/2025\/04\/PROGRAMACAO-COMPLETA-10.jpg 1080w, https:\/\/sites.uel.br\/ndph\/wp-content\/uploads\/2025\/04\/PROGRAMACAO-COMPLETA-10-300x300.jpg 300w, https:\/\/sites.uel.br\/ndph\/wp-content\/uploads\/2025\/04\/PROGRAMACAO-COMPLETA-10-1024x1024.jpg 1024w, https:\/\/sites.uel.br\/ndph\/wp-content\/uploads\/2025\/04\/PROGRAMACAO-COMPLETA-10-150x150.jpg 150w, https:\/\/sites.uel.br\/ndph\/wp-content\/uploads\/2025\/04\/PROGRAMACAO-COMPLETA-10-768x768.jpg 768w\" sizes=\"auto, (max-width: 1080px) 100vw, 1080px\" \/><\/figure>\n<\/div>\n\n\n<div style=\"height:40px\" aria-hidden=\"true\" class=\"wp-block-spacer\"><\/div>\n\n\n\n<div class=\"wp-block-buttons is-content-justification-center is-layout-flex wp-container-core-buttons-is-layout-16018d1d wp-block-buttons-is-layout-flex\">\n<div class=\"wp-block-button\"><a class=\"wp-block-button__link wp-element-button\" href=\"https:\/\/sites.uel.br\/ndph\/xx-semana-de-historia-simposios-tematicos\/\">Simp\u00f3sios Tem\u00e1ticos<\/a><\/div>\n\n\n\n<div class=\"wp-block-button\"><a class=\"wp-block-button__link wp-element-button\" href=\"https:\/\/sites.uel.br\/ndph\/xx-semana-de-historia-simposio-livre\/\">Simp\u00f3sio Livre<\/a><\/div>\n\n\n\n<div class=\"wp-block-button\"><a class=\"wp-block-button__link wp-element-button\" href=\"https:\/\/sites.uel.br\/ndph\/xx-semana-de-historia-mesas\/\">Mesas<\/a><\/div>\n\n\n\n<div class=\"wp-block-button\"><a class=\"wp-block-button__link wp-element-button\" href=\"https:\/\/sites.uel.br\/ndph\/xx-semana-de-historia-minicursos\/\">Minicursos<\/a><\/div>\n\n\n\n<div class=\"wp-block-button\"><a class=\"wp-block-button__link wp-element-button\" href=\"https:\/\/sites.uel.br\/ndph\/xx-semana-de-historia-ensalamento\/\">Programa\u00e7\u00e3o Completa com Ensalamento<\/a><\/div>\n<\/div>\n\n\n\n<p><\/p>\n","protected":false},"excerpt":{"rendered":"","protected":false},"author":6,"featured_media":0,"parent":0,"menu_order":0,"comment_status":"closed","ping_status":"closed","template":"","meta":{"footnotes":""},"class_list":["post-2433","page","type-page","status-publish","hentry"],"acf":[],"_links":{"self":[{"href":"https:\/\/sites.uel.br\/ndph\/wp-json\/wp\/v2\/pages\/2433","targetHints":{"allow":["GET"]}}],"collection":[{"href":"https:\/\/sites.uel.br\/ndph\/wp-json\/wp\/v2\/pages"}],"about":[{"href":"https:\/\/sites.uel.br\/ndph\/wp-json\/wp\/v2\/types\/page"}],"author":[{"embeddable":true,"href":"https:\/\/sites.uel.br\/ndph\/wp-json\/wp\/v2\/users\/6"}],"replies":[{"embeddable":true,"href":"https:\/\/sites.uel.br\/ndph\/wp-json\/wp\/v2\/comments?post=2433"}],"version-history":[{"count":9,"href":"https:\/\/sites.uel.br\/ndph\/wp-json\/wp\/v2\/pages\/2433\/revisions"}],"predecessor-version":[{"id":2579,"href":"https:\/\/sites.uel.br\/ndph\/wp-json\/wp\/v2\/pages\/2433\/revisions\/2579"}],"wp:attachment":[{"href":"https:\/\/sites.uel.br\/ndph\/wp-json\/wp\/v2\/media?parent=2433"}],"curies":[{"name":"wp","href":"https:\/\/api.w.org\/{rel}","templated":true}]}}