{"id":2214,"date":"2024-11-29T10:26:14","date_gmt":"2024-11-29T13:26:14","guid":{"rendered":"https:\/\/sites.uel.br\/ndph\/?page_id=2214"},"modified":"2024-11-29T10:26:14","modified_gmt":"2024-11-29T13:26:14","slug":"servicos","status":"publish","type":"page","link":"https:\/\/sites.uel.br\/ndph\/servicos\/","title":{"rendered":"Servi\u00e7os"},"content":{"rendered":"\n<p><a href=\"https:\/\/sites.uel.br\/ndph\/projetos\/\" data-type=\"link\" data-id=\"https:\/\/sites.uel.br\/ndph\/projetos\/\">Projetos<\/a><\/p>\n\n\n\n<p><a href=\"https:\/\/sites.uel.br\/ndph\/assessoria-institucional\/\" data-type=\"link\" data-id=\"https:\/\/sites.uel.br\/ndph\/assessoria-institucional\/\">Assessoria Institucional<\/a><\/p>\n\n\n\n<p><a href=\"https:\/\/sites.uel.br\/ndph\/atendimento-presencial\/\" data-type=\"link\" data-id=\"https:\/\/sites.uel.br\/ndph\/atendimento-presencial\/\">Atendimento Presencial<\/a><\/p>\n\n\n\n<p><a href=\"https:\/\/sites.uel.br\/ndph\/reproducao-de-fontes-historicas\/\" data-type=\"link\" data-id=\"https:\/\/sites.uel.br\/ndph\/reproducao-de-fontes-historicas\/\">Reprodu\u00e7\u00e3o de Fontes Hist\u00f3ricas<\/a><\/p>\n\n\n\n<p><a href=\"https:\/\/sites.uel.br\/ndph\/acao-educativa\/\" data-type=\"link\" data-id=\"https:\/\/sites.uel.br\/ndph\/acao-educativa\/\">A\u00e7\u00e3o Educativa<\/a><\/p>\n\n\n\n<p><\/p>\n","protected":false},"excerpt":{"rendered":"<p>Projetos Assessoria Institucional Atendimento Presencial Reprodu\u00e7\u00e3o de Fontes Hist\u00f3ricas A\u00e7\u00e3o Educativa<\/p>\n","protected":false},"author":6,"featured_media":0,"parent":0,"menu_order":0,"comment_status":"closed","ping_status":"closed","template":"","meta":{"footnotes":""},"class_list":["post-2214","page","type-page","status-publish","hentry"],"acf":[],"_links":{"self":[{"href":"https:\/\/sites.uel.br\/ndph\/wp-json\/wp\/v2\/pages\/2214","targetHints":{"allow":["GET"]}}],"collection":[{"href":"https:\/\/sites.uel.br\/ndph\/wp-json\/wp\/v2\/pages"}],"about":[{"href":"https:\/\/sites.uel.br\/ndph\/wp-json\/wp\/v2\/types\/page"}],"author":[{"embeddable":true,"href":"https:\/\/sites.uel.br\/ndph\/wp-json\/wp\/v2\/users\/6"}],"replies":[{"embeddable":true,"href":"https:\/\/sites.uel.br\/ndph\/wp-json\/wp\/v2\/comments?post=2214"}],"version-history":[{"count":1,"href":"https:\/\/sites.uel.br\/ndph\/wp-json\/wp\/v2\/pages\/2214\/revisions"}],"predecessor-version":[{"id":2216,"href":"https:\/\/sites.uel.br\/ndph\/wp-json\/wp\/v2\/pages\/2214\/revisions\/2216"}],"wp:attachment":[{"href":"https:\/\/sites.uel.br\/ndph\/wp-json\/wp\/v2\/media?parent=2214"}],"curies":[{"name":"wp","href":"https:\/\/api.w.org\/{rel}","templated":true}]}}