{"id":2143,"date":"2024-11-28T19:08:36","date_gmt":"2024-11-28T22:08:36","guid":{"rendered":"https:\/\/sites.uel.br\/ndph\/?page_id=2143"},"modified":"2024-11-28T19:08:36","modified_gmt":"2024-11-28T22:08:36","slug":"colecao-sylvia-ewel-lenz-cdteca-sel","status":"publish","type":"page","link":"https:\/\/sites.uel.br\/ndph\/colecao-sylvia-ewel-lenz-cdteca-sel\/","title":{"rendered":"Cole\u00e7\u00e3o Sylvia Ewel Lenz \u2013 Cdteca (SEL)"},"content":{"rendered":"\n<p>S\u00e9rie\u00a0<a href=\"https:\/\/sites.uel.br\/ndph\/wp-content\/uploads\/2022\/08\/SEL.SERIE-MC.pdf\" target=\"_blank\" rel=\"noreferrer noopener\">Grandes Compositores de M\u00fasica Cl\u00e1ssica<\/a><br>S\u00e9rie\u00a0<a href=\"https:\/\/sites.uel.br\/ndph\/wp-content\/uploads\/2022\/08\/SEL.SERIE-GO.pdf\" target=\"_blank\" rel=\"noreferrer noopener\">Folha Grandes \u00d3peras<\/a><br>S\u00e9rie\u00a0<a href=\"https:\/\/sites.uel.br\/ndph\/wp-content\/uploads\/2022\/08\/SEL.SERIE-BSA.pdf\" target=\"_blank\" rel=\"noreferrer noopener\">Folha 50 Anos de Bossa Nova<\/a><\/p>\n","protected":false},"excerpt":{"rendered":"<p>S\u00e9rie\u00a0Grandes Compositores de M\u00fasica Cl\u00e1ssicaS\u00e9rie\u00a0Folha Grandes \u00d3perasS\u00e9rie\u00a0Folha 50 Anos de Bossa Nova<\/p>\n","protected":false},"author":6,"featured_media":0,"parent":0,"menu_order":0,"comment_status":"closed","ping_status":"closed","template":"","meta":{"footnotes":""},"class_list":["post-2143","page","type-page","status-publish","hentry"],"acf":[],"_links":{"self":[{"href":"https:\/\/sites.uel.br\/ndph\/wp-json\/wp\/v2\/pages\/2143","targetHints":{"allow":["GET"]}}],"collection":[{"href":"https:\/\/sites.uel.br\/ndph\/wp-json\/wp\/v2\/pages"}],"about":[{"href":"https:\/\/sites.uel.br\/ndph\/wp-json\/wp\/v2\/types\/page"}],"author":[{"embeddable":true,"href":"https:\/\/sites.uel.br\/ndph\/wp-json\/wp\/v2\/users\/6"}],"replies":[{"embeddable":true,"href":"https:\/\/sites.uel.br\/ndph\/wp-json\/wp\/v2\/comments?post=2143"}],"version-history":[{"count":1,"href":"https:\/\/sites.uel.br\/ndph\/wp-json\/wp\/v2\/pages\/2143\/revisions"}],"predecessor-version":[{"id":2144,"href":"https:\/\/sites.uel.br\/ndph\/wp-json\/wp\/v2\/pages\/2143\/revisions\/2144"}],"wp:attachment":[{"href":"https:\/\/sites.uel.br\/ndph\/wp-json\/wp\/v2\/media?parent=2143"}],"curies":[{"name":"wp","href":"https:\/\/api.w.org\/{rel}","templated":true}]}}

Coleção Sylvia Ewel Lenz – Cdteca (SEL)

<p>Série <a href="https://sites.uel.br/ndph/wp-content/uploads/2022/08/SEL.SERIE-MC.pdf" target="_blank" rel="noreferrer noopener">Grandes Compositores de Música Clássica</a><br>Série <a href="https://sites.uel.br/ndph/wp-content/uploads/2022/08/SEL.SERIE-GO.pdf" target="_blank" rel="noreferrer noopener">Folha Grandes Óperas</a><br>Série <a href="https://sites.uel.br/ndph/wp-content/uploads/2022/08/SEL.SERIE-BSA.pdf" target="_blank" rel="noreferrer noopener">Folha 50 Anos de Bossa Nova</a></p>

<p>Série Grandes Compositores de Música ClássicaSérie Folha Grandes ÓperasSérie Folha 50 Anos de Bossa Nova</p>
