{"id":2119,"date":"2024-11-28T16:46:21","date_gmt":"2024-11-28T19:46:21","guid":{"rendered":"https:\/\/sites.uel.br\/ndph\/?page_id=2119"},"modified":"2025-07-09T14:55:32","modified_gmt":"2025-07-09T17:55:32","slug":"biblioteca-3","status":"publish","type":"page","link":"https:\/\/sites.uel.br\/ndph\/biblioteca-3\/","title":{"rendered":"Biblioteca"},"content":{"rendered":"\n<p>Para realizar busca em nossa biblioteca aperte o comando&nbsp;<strong>CTRL+F<\/strong>. No campo de busca do cat\u00e1logo, digite a palavra-chave que deseja localizar:&nbsp;<strong>nome do autor<\/strong>,&nbsp;<strong>t\u00edtulo da obra<\/strong>&nbsp;ou&nbsp;<strong>assunto da pesquisa<\/strong>.<\/p>\n\n\n\n<p><a href=\"https:\/\/sites.uel.br\/ndph\/wp-content\/uploads\/2024\/03\/Colecao-Eliane-Candoti-CEC.pdf\" target=\"_blank\" rel=\"noreferrer noopener\"><\/a><strong>Biblioteca<\/strong><br><strong><a href=\"https:\/\/sites.uel.br\/ndph\/wp-content\/uploads\/2025\/07\/Biblioteca-Geral.pdf\" target=\"_blank\" rel=\"noreferrer noopener\">Cole\u00e7\u00e3o Geral (B)<\/a><\/strong><br><strong><a href=\"https:\/\/drive.google.com\/drive\/folders\/1hGgn0ZQ_CvDCuqxPmPCuTDolx8T1TriA?usp=drive_link\" data-type=\"link\" data-id=\"https:\/\/drive.google.com\/drive\/folders\/1hGgn0ZQ_CvDCuqxPmPCuTDolx8T1TriA?usp=drive_link\" target=\"_blank\" rel=\"noreferrer noopener\">Arquivistica e Gest\u00e3o Documental Online<\/a><\/strong><br><strong><a href=\"https:\/\/sites.uel.br\/ndph\/colecao-legislacao-do-estado-brasileiro-lex\/\" data-type=\"page\" data-id=\"2121\">Documentos do Estado Brasileiro<\/a><\/strong><br><strong><strong><a href=\"https:\/\/sites.uel.br\/ndph\/?page_id=499\">Banco de Trabalhos Acad\u00eamicos<\/a><\/strong><\/strong><\/p>\n\n\n\n<p><\/p>\n","protected":false},"excerpt":{"rendered":"<p>Para realizar busca em nossa biblioteca aperte o comando&nbsp;CTRL+F. No campo de busca do cat\u00e1logo, digite a palavra-chave que deseja localizar:&nbsp;nome do autor,&nbsp;t\u00edtulo da obra&nbsp;ou&nbsp;assunto da pesquisa. BibliotecaCole\u00e7\u00e3o Geral (B)Arquivistica e Gest\u00e3o Documental OnlineDocumentos do Estado BrasileiroBanco de Trabalhos Acad\u00eamicos<\/p>\n","protected":false},"author":6,"featured_media":0,"parent":0,"menu_order":0,"comment_status":"closed","ping_status":"closed","template":"","meta":{"footnotes":""},"class_list":["post-2119","page","type-page","status-publish","hentry"],"acf":[],"_links":{"self":[{"href":"https:\/\/sites.uel.br\/ndph\/wp-json\/wp\/v2\/pages\/2119","targetHints":{"allow":["GET"]}}],"collection":[{"href":"https:\/\/sites.uel.br\/ndph\/wp-json\/wp\/v2\/pages"}],"about":[{"href":"https:\/\/sites.uel.br\/ndph\/wp-json\/wp\/v2\/types\/page"}],"author":[{"embeddable":true,"href":"https:\/\/sites.uel.br\/ndph\/wp-json\/wp\/v2\/users\/6"}],"replies":[{"embeddable":true,"href":"https:\/\/sites.uel.br\/ndph\/wp-json\/wp\/v2\/comments?post=2119"}],"version-history":[{"count":13,"href":"https:\/\/sites.uel.br\/ndph\/wp-json\/wp\/v2\/pages\/2119\/revisions"}],"predecessor-version":[{"id":2803,"href":"https:\/\/sites.uel.br\/ndph\/wp-json\/wp\/v2\/pages\/2119\/revisions\/2803"}],"wp:attachment":[{"href":"https:\/\/sites.uel.br\/ndph\/wp-json\/wp\/v2\/media?parent=2119"}],"curies":[{"name":"wp","href":"https:\/\/api.w.org\/{rel}","templated":true}]}}