{"id":2093,"date":"2024-11-25T16:43:29","date_gmt":"2024-11-25T19:43:29","guid":{"rendered":"https:\/\/sites.uel.br\/ndph\/?page_id=2093"},"modified":"2024-11-25T16:43:29","modified_gmt":"2024-11-25T19:43:29","slug":"fundo-joana-darc-lopes-jdl","status":"publish","type":"page","link":"https:\/\/sites.uel.br\/ndph\/fundo-joana-darc-lopes-jdl\/","title":{"rendered":"Fundo Joana D\u2019Arc Lopes (JDL)"},"content":{"rendered":"\n<p>=&gt; Se\u00e7\u00e3o: Iconogr\u00e1fica<br>\u2013 S\u00e9rie&nbsp;<a href=\"https:\/\/sites.uel.br\/ndph\/wp-content\/uploads\/2022\/08\/JDL.SERIE-FOTO.pdf\" target=\"_blank\" rel=\"noreferrer noopener\">Fotogr\u00e1fica<\/a><\/p>\n\n\n\n<p>\u2013 S\u00e9rie&nbsp;<a href=\"https:\/\/sites.uel.br\/ndph\/wp-content\/uploads\/2024\/03\/Fundo-Joana-Darc-Lopes-CJDL.pdf\">Documental<\/a><\/p>\n","protected":false},"excerpt":{"rendered":"<p>=&gt; Se\u00e7\u00e3o: Iconogr\u00e1fica\u2013 S\u00e9rie&nbsp;Fotogr\u00e1fica \u2013 S\u00e9rie&nbsp;Documental<\/p>\n","protected":false},"author":6,"featured_media":0,"parent":0,"menu_order":0,"comment_status":"closed","ping_status":"closed","template":"","meta":{"footnotes":""},"class_list":["post-2093","page","type-page","status-publish","hentry"],"acf":[],"_links":{"self":[{"href":"https:\/\/sites.uel.br\/ndph\/wp-json\/wp\/v2\/pages\/2093","targetHints":{"allow":["GET"]}}],"collection":[{"href":"https:\/\/sites.uel.br\/ndph\/wp-json\/wp\/v2\/pages"}],"about":[{"href":"https:\/\/sites.uel.br\/ndph\/wp-json\/wp\/v2\/types\/page"}],"author":[{"embeddable":true,"href":"https:\/\/sites.uel.br\/ndph\/wp-json\/wp\/v2\/users\/6"}],"replies":[{"embeddable":true,"href":"https:\/\/sites.uel.br\/ndph\/wp-json\/wp\/v2\/comments?post=2093"}],"version-history":[{"count":1,"href":"https:\/\/sites.uel.br\/ndph\/wp-json\/wp\/v2\/pages\/2093\/revisions"}],"predecessor-version":[{"id":2094,"href":"https:\/\/sites.uel.br\/ndph\/wp-json\/wp\/v2\/pages\/2093\/revisions\/2094"}],"wp:attachment":[{"href":"https:\/\/sites.uel.br\/ndph\/wp-json\/wp\/v2\/media?parent=2093"}],"curies":[{"name":"wp","href":"https:\/\/api.w.org\/{rel}","templated":true}]}}