{"id":2051,"date":"2024-11-22T11:27:34","date_gmt":"2024-11-22T14:27:34","guid":{"rendered":"https:\/\/sites.uel.br\/ndph\/?page_id=2051"},"modified":"2024-12-04T15:39:27","modified_gmt":"2024-12-04T18:39:27","slug":"colecao-sociedade-rural-do-parana-srp","status":"publish","type":"page","link":"https:\/\/sites.uel.br\/ndph\/colecao-sociedade-rural-do-parana-srp\/","title":{"rendered":"Cole\u00e7\u00e3o Sociedade Rural do Paran\u00e1 (SRP)"},"content":{"rendered":"\n<p><strong><a href=\"https:\/\/sites.uel.br\/ndph\/wp-content\/uploads\/2022\/08\/SRP.INFO-NOBRADE.pdf\" data-type=\"link\" data-id=\"https:\/\/sites.uel.br\/ndph\/wp-content\/uploads\/2022\/08\/SRP.INFO-NOBRADE.pdf\">Informa\u00e7\u00e3o Nobrade<\/a><\/strong><\/p>\n\n\n\n<p>\u2013 S\u00e9rie&nbsp;<a href=\"https:\/\/sites.uel.br\/ndph\/wp-content\/uploads\/2022\/08\/SRP.SERIE-TEXTUAL.pdf\" target=\"_blank\" rel=\"noreferrer noopener\">Documenta\u00e7\u00e3o Textual<\/a><br>\u2013 S\u00e9rie Fotogr\u00e1fica<\/p>\n\n\n\n<p><\/p>\n","protected":false},"excerpt":{"rendered":"<p>Informa\u00e7\u00e3o Nobrade \u2013 S\u00e9rie&nbsp;Documenta\u00e7\u00e3o Textual\u2013 S\u00e9rie Fotogr\u00e1fica<\/p>\n","protected":false},"author":6,"featured_media":0,"parent":0,"menu_order":0,"comment_status":"closed","ping_status":"closed","template":"","meta":{"footnotes":""},"class_list":["post-2051","page","type-page","status-publish","hentry"],"acf":[],"_links":{"self":[{"href":"https:\/\/sites.uel.br\/ndph\/wp-json\/wp\/v2\/pages\/2051","targetHints":{"allow":["GET"]}}],"collection":[{"href":"https:\/\/sites.uel.br\/ndph\/wp-json\/wp\/v2\/pages"}],"about":[{"href":"https:\/\/sites.uel.br\/ndph\/wp-json\/wp\/v2\/types\/page"}],"author":[{"embeddable":true,"href":"https:\/\/sites.uel.br\/ndph\/wp-json\/wp\/v2\/users\/6"}],"replies":[{"embeddable":true,"href":"https:\/\/sites.uel.br\/ndph\/wp-json\/wp\/v2\/comments?post=2051"}],"version-history":[{"count":2,"href":"https:\/\/sites.uel.br\/ndph\/wp-json\/wp\/v2\/pages\/2051\/revisions"}],"predecessor-version":[{"id":2291,"href":"https:\/\/sites.uel.br\/ndph\/wp-json\/wp\/v2\/pages\/2051\/revisions\/2291"}],"wp:attachment":[{"href":"https:\/\/sites.uel.br\/ndph\/wp-json\/wp\/v2\/media?parent=2051"}],"curies":[{"name":"wp","href":"https:\/\/api.w.org\/{rel}","templated":true}]}}