{"id":2036,"date":"2024-11-22T10:43:59","date_gmt":"2024-11-22T13:43:59","guid":{"rendered":"https:\/\/sites.uel.br\/ndph\/?page_id=2036"},"modified":"2024-12-04T15:35:16","modified_gmt":"2024-12-04T18:35:16","slug":"colecao-movimento-brasileiro-de-alfabetizacao-mobral","status":"publish","type":"page","link":"https:\/\/sites.uel.br\/ndph\/colecao-movimento-brasileiro-de-alfabetizacao-mobral\/","title":{"rendered":"Cole\u00e7\u00e3o Movimento Brasileiro de Alfabetiza\u00e7\u00e3o (MOBRAL)"},"content":{"rendered":"\n<p><strong><a href=\"https:\/\/sites.uel.br\/ndph\/wp-content\/uploads\/2022\/08\/MOBRAL.INFO-NOBRADE.pdf\" data-type=\"link\" data-id=\"https:\/\/sites.uel.br\/ndph\/wp-content\/uploads\/2022\/08\/MOBRAL.INFO-NOBRADE.pdf\">Informa\u00e7\u00e3o Nobrade<\/a><\/strong><\/p>\n\n\n\n<p>\u2013 Dossi\u00ea&nbsp;<a href=\"https:\/\/sites.uel.br\/ndph\/wp-content\/uploads\/2022\/08\/MOBRAL.DOSSIE-PUBL.pdf\" target=\"_blank\" rel=\"noreferrer noopener\">Publica\u00e7\u00f5es<\/a><\/p>\n","protected":false},"excerpt":{"rendered":"<p>Informa\u00e7\u00e3o Nobrade \u2013 Dossi\u00ea&nbsp;Publica\u00e7\u00f5es<\/p>\n","protected":false},"author":6,"featured_media":0,"parent":0,"menu_order":0,"comment_status":"closed","ping_status":"closed","template":"","meta":{"footnotes":""},"class_list":["post-2036","page","type-page","status-publish","hentry"],"acf":[],"_links":{"self":[{"href":"https:\/\/sites.uel.br\/ndph\/wp-json\/wp\/v2\/pages\/2036","targetHints":{"allow":["GET"]}}],"collection":[{"href":"https:\/\/sites.uel.br\/ndph\/wp-json\/wp\/v2\/pages"}],"about":[{"href":"https:\/\/sites.uel.br\/ndph\/wp-json\/wp\/v2\/types\/page"}],"author":[{"embeddable":true,"href":"https:\/\/sites.uel.br\/ndph\/wp-json\/wp\/v2\/users\/6"}],"replies":[{"embeddable":true,"href":"https:\/\/sites.uel.br\/ndph\/wp-json\/wp\/v2\/comments?post=2036"}],"version-history":[{"count":2,"href":"https:\/\/sites.uel.br\/ndph\/wp-json\/wp\/v2\/pages\/2036\/revisions"}],"predecessor-version":[{"id":2288,"href":"https:\/\/sites.uel.br\/ndph\/wp-json\/wp\/v2\/pages\/2036\/revisions\/2288"}],"wp:attachment":[{"href":"https:\/\/sites.uel.br\/ndph\/wp-json\/wp\/v2\/media?parent=2036"}],"curies":[{"name":"wp","href":"https:\/\/api.w.org\/{rel}","templated":true}]}}