{"id":2026,"date":"2024-11-22T09:50:45","date_gmt":"2024-11-22T12:50:45","guid":{"rendered":"https:\/\/sites.uel.br\/ndph\/?page_id=2026"},"modified":"2024-12-04T14:39:08","modified_gmt":"2024-12-04T17:39:08","slug":"colecao-luiz-carlos-sampaio-lcs","status":"publish","type":"page","link":"https:\/\/sites.uel.br\/ndph\/colecao-luiz-carlos-sampaio-lcs\/","title":{"rendered":"Cole\u00e7\u00e3o Luiz Carlos Sampaio (LCS)"},"content":{"rendered":"\n<p><strong><a href=\"https:\/\/sites.uel.br\/ndph\/wp-content\/uploads\/2022\/08\/LCS.INFO-NOBRADE.pdf\" data-type=\"link\" data-id=\"https:\/\/sites.uel.br\/ndph\/wp-content\/uploads\/2022\/08\/LCS.INFO-NOBRADE.pdf\">Informa\u00e7\u00e3o Nobrade<\/a><\/strong><\/p>\n\n\n\n<p>\u2013 S\u00e9rie&nbsp;<a href=\"https:\/\/sites.uel.br\/ndph\/wp-content\/uploads\/2022\/08\/LCS.SERIE-BIO.pdf\" target=\"_blank\" rel=\"noreferrer noopener\">Biografia<\/a><br>\u2013 S\u00e9rie&nbsp;<a href=\"https:\/\/sites.uel.br\/ndph\/wp-content\/uploads\/2022\/08\/LCS.SERIE-DD.pdf\" target=\"_blank\" rel=\"noreferrer noopener\">Documentos Diversos<\/a><br>\u2013 S\u00e9rie&nbsp;<a href=\"https:\/\/sites.uel.br\/ndph\/wp-content\/uploads\/2022\/08\/LCS.SERIE-JCL.pdf\" target=\"_blank\" rel=\"noreferrer noopener\">Jockey Club de Londrina<\/a><br><em>Subs\u00e9rie<\/em>&nbsp;<a href=\"https:\/\/sites.uel.br\/ndph\/wp-content\/uploads\/2022\/08\/LCS.SERIE-JCL.SUB-FT.pdf\" target=\"_blank\" rel=\"noreferrer noopener\">Fotografias<\/a><br><em>Subs\u00e9rie<\/em>&nbsp;<a href=\"https:\/\/sites.uel.br\/ndph\/wp-content\/uploads\/2022\/08\/LCS.SERIE-JCL.SUB-FO.pdf\" target=\"_blank\" rel=\"noreferrer noopener\">Fontes Orais<\/a><br><em>Subs\u00e9rie<\/em>&nbsp;<a href=\"https:\/\/sites.uel.br\/ndph\/wp-content\/uploads\/2022\/08\/LCS.SERIE-JCL.SUB-AV.pdf\" target=\"_blank\" rel=\"noreferrer noopener\">Audiovisual<\/a><\/p>\n","protected":false},"excerpt":{"rendered":"<p>Informa\u00e7\u00e3o Nobrade \u2013 S\u00e9rie&nbsp;Biografia\u2013 S\u00e9rie&nbsp;Documentos Diversos\u2013 S\u00e9rie&nbsp;Jockey Club de LondrinaSubs\u00e9rie&nbsp;FotografiasSubs\u00e9rie&nbsp;Fontes OraisSubs\u00e9rie&nbsp;Audiovisual<\/p>\n","protected":false},"author":6,"featured_media":0,"parent":0,"menu_order":0,"comment_status":"closed","ping_status":"closed","template":"","meta":{"footnotes":""},"class_list":["post-2026","page","type-page","status-publish","hentry"],"acf":[],"_links":{"self":[{"href":"https:\/\/sites.uel.br\/ndph\/wp-json\/wp\/v2\/pages\/2026","targetHints":{"allow":["GET"]}}],"collection":[{"href":"https:\/\/sites.uel.br\/ndph\/wp-json\/wp\/v2\/pages"}],"about":[{"href":"https:\/\/sites.uel.br\/ndph\/wp-json\/wp\/v2\/types\/page"}],"author":[{"embeddable":true,"href":"https:\/\/sites.uel.br\/ndph\/wp-json\/wp\/v2\/users\/6"}],"replies":[{"embeddable":true,"href":"https:\/\/sites.uel.br\/ndph\/wp-json\/wp\/v2\/comments?post=2026"}],"version-history":[{"count":2,"href":"https:\/\/sites.uel.br\/ndph\/wp-json\/wp\/v2\/pages\/2026\/revisions"}],"predecessor-version":[{"id":2262,"href":"https:\/\/sites.uel.br\/ndph\/wp-json\/wp\/v2\/pages\/2026\/revisions\/2262"}],"wp:attachment":[{"href":"https:\/\/sites.uel.br\/ndph\/wp-json\/wp\/v2\/media?parent=2026"}],"curies":[{"name":"wp","href":"https:\/\/api.w.org\/{rel}","templated":true}]}}

Coleção Luiz Carlos Sampaio (LCS)

<p><strong><a href="https://sites.uel.br/ndph/wp-content/uploads/2022/08/LCS.INFO-NOBRADE.pdf" data-type="link" data-id="https://sites.uel.br/ndph/wp-content/uploads/2022/08/LCS.INFO-NOBRADE.pdf">Informação Nobrade</a></strong></p>



<p>– Série&nbsp;<a href="https://sites.uel.br/ndph/wp-content/uploads/2022/08/LCS.SERIE-BIO.pdf" target="_blank" rel="noreferrer noopener">Biografia</a><br>– Série&nbsp;<a href="https://sites.uel.br/ndph/wp-content/uploads/2022/08/LCS.SERIE-DD.pdf" target="_blank" rel="noreferrer noopener">Documentos Diversos</a><br>– Série&nbsp;<a href="https://sites.uel.br/ndph/wp-content/uploads/2022/08/LCS.SERIE-JCL.pdf" target="_blank" rel="noreferrer noopener">Jockey Club de Londrina</a><br><em>Subsérie</em>&nbsp;<a href="https://sites.uel.br/ndph/wp-content/uploads/2022/08/LCS.SERIE-JCL.SUB-FT.pdf" target="_blank" rel="noreferrer noopener">Fotografias</a><br><em>Subsérie</em>&nbsp;<a href="https://sites.uel.br/ndph/wp-content/uploads/2022/08/LCS.SERIE-JCL.SUB-FO.pdf" target="_blank" rel="noreferrer noopener">Fontes Orais</a><br><em>Subsérie</em>&nbsp;<a href="https://sites.uel.br/ndph/wp-content/uploads/2022/08/LCS.SERIE-JCL.SUB-AV.pdf" target="_blank" rel="noreferrer noopener">Audiovisual</a></p>

<p>Informação Nobrade – Série&nbsp;Biografia– Série&nbsp;Documentos Diversos– Série&nbsp;Jockey Club de LondrinaSubsérie&nbsp;FotografiasSubsérie&nbsp;Fontes OraisSubsérie&nbsp;Audiovisual</p>
