{"id":2012,"date":"2024-11-22T09:33:54","date_gmt":"2024-11-22T12:33:54","guid":{"rendered":"https:\/\/sites.uel.br\/ndph\/?page_id=2012"},"modified":"2024-12-04T14:34:14","modified_gmt":"2024-12-04T17:34:14","slug":"colecao-joao-antonio-leite-ramos-cjalr-2","status":"publish","type":"page","link":"https:\/\/sites.uel.br\/ndph\/colecao-joao-antonio-leite-ramos-cjalr-2\/","title":{"rendered":"Cole\u00e7\u00e3o Jo\u00e3o Ant\u00f4nio Leite Ramos (CJALR)"},"content":{"rendered":"\n<p><a href=\"https:\/\/sites.uel.br\/ndph\/wp-content\/uploads\/2023\/09\/Fundo-Joao-Antonio-Leite-Ramos.pdf\" data-type=\"link\" data-id=\"https:\/\/sites.uel.br\/ndph\/wp-content\/uploads\/2023\/09\/Fundo-Joao-Antonio-Leite-Ramos.pdf\"><strong>Informa\u00e7\u00e3o Nobrade<\/strong><\/a><\/p>\n\n\n\n<p>\u2013 Dossi\u00ea&nbsp;<a href=\"https:\/\/sites.uel.br\/ndph\/wp-content\/uploads\/2023\/09\/CJALR-Joao-Antonio-Leite-Ramos-Listagem.pdf\" target=\"_blank\" rel=\"noreferrer noopener\">Partituras<\/a><\/p>\n\n\n\n<p><\/p>\n","protected":false},"excerpt":{"rendered":"<p>Informa\u00e7\u00e3o Nobrade \u2013 Dossi\u00ea&nbsp;Partituras<\/p>\n","protected":false},"author":6,"featured_media":0,"parent":0,"menu_order":0,"comment_status":"closed","ping_status":"closed","template":"","meta":{"footnotes":""},"class_list":["post-2012","page","type-page","status-publish","hentry"],"acf":[],"_links":{"self":[{"href":"https:\/\/sites.uel.br\/ndph\/wp-json\/wp\/v2\/pages\/2012","targetHints":{"allow":["GET"]}}],"collection":[{"href":"https:\/\/sites.uel.br\/ndph\/wp-json\/wp\/v2\/pages"}],"about":[{"href":"https:\/\/sites.uel.br\/ndph\/wp-json\/wp\/v2\/types\/page"}],"author":[{"embeddable":true,"href":"https:\/\/sites.uel.br\/ndph\/wp-json\/wp\/v2\/users\/6"}],"replies":[{"embeddable":true,"href":"https:\/\/sites.uel.br\/ndph\/wp-json\/wp\/v2\/comments?post=2012"}],"version-history":[{"count":2,"href":"https:\/\/sites.uel.br\/ndph\/wp-json\/wp\/v2\/pages\/2012\/revisions"}],"predecessor-version":[{"id":2257,"href":"https:\/\/sites.uel.br\/ndph\/wp-json\/wp\/v2\/pages\/2012\/revisions\/2257"}],"wp:attachment":[{"href":"https:\/\/sites.uel.br\/ndph\/wp-json\/wp\/v2\/media?parent=2012"}],"curies":[{"name":"wp","href":"https:\/\/api.w.org\/{rel}","templated":true}]}}