{"id":2005,"date":"2024-11-22T09:20:20","date_gmt":"2024-11-22T12:20:20","guid":{"rendered":"https:\/\/sites.uel.br\/ndph\/?page_id=2005"},"modified":"2024-12-04T15:07:29","modified_gmt":"2024-12-04T18:07:29","slug":"colecao-guerra-do-contestado-gc","status":"publish","type":"page","link":"https:\/\/sites.uel.br\/ndph\/colecao-guerra-do-contestado-gc\/","title":{"rendered":"Cole\u00e7\u00e3o Guerra do Contestado (GC)"},"content":{"rendered":"\n<p><strong><a href=\"https:\/\/sites.uel.br\/ndph\/wp-content\/uploads\/2022\/08\/GC.INFO-NOBRADE.pdf\" data-type=\"link\" data-id=\"https:\/\/sites.uel.br\/ndph\/wp-content\/uploads\/2022\/08\/GC.INFO-NOBRADE.pdf\">Informa\u00e7\u00e3o Nobrade<\/a><\/strong><\/p>\n\n\n\n<p>\u2013 Dossi\u00ea&nbsp;<a href=\"https:\/\/sites.uel.br\/ndph\/wp-content\/uploads\/2022\/08\/GC.DOSSIE-ACO.pdf\" target=\"_blank\" rel=\"noreferrer noopener\">A\u00e7\u00e3o C\u00edvel Origin\u00e1ria<\/a><\/p>\n\n\n\n<p><\/p>\n","protected":false},"excerpt":{"rendered":"<p>Informa\u00e7\u00e3o Nobrade \u2013 Dossi\u00ea&nbsp;A\u00e7\u00e3o C\u00edvel Origin\u00e1ria<\/p>\n","protected":false},"author":6,"featured_media":0,"parent":0,"menu_order":0,"comment_status":"closed","ping_status":"closed","template":"","meta":{"footnotes":""},"class_list":["post-2005","page","type-page","status-publish","hentry"],"acf":[],"_links":{"self":[{"href":"https:\/\/sites.uel.br\/ndph\/wp-json\/wp\/v2\/pages\/2005","targetHints":{"allow":["GET"]}}],"collection":[{"href":"https:\/\/sites.uel.br\/ndph\/wp-json\/wp\/v2\/pages"}],"about":[{"href":"https:\/\/sites.uel.br\/ndph\/wp-json\/wp\/v2\/types\/page"}],"author":[{"embeddable":true,"href":"https:\/\/sites.uel.br\/ndph\/wp-json\/wp\/v2\/users\/6"}],"replies":[{"embeddable":true,"href":"https:\/\/sites.uel.br\/ndph\/wp-json\/wp\/v2\/comments?post=2005"}],"version-history":[{"count":3,"href":"https:\/\/sites.uel.br\/ndph\/wp-json\/wp\/v2\/pages\/2005\/revisions"}],"predecessor-version":[{"id":2285,"href":"https:\/\/sites.uel.br\/ndph\/wp-json\/wp\/v2\/pages\/2005\/revisions\/2285"}],"wp:attachment":[{"href":"https:\/\/sites.uel.br\/ndph\/wp-json\/wp\/v2\/media?parent=2005"}],"curies":[{"name":"wp","href":"https:\/\/api.w.org\/{rel}","templated":true}]}}