{"id":1985,"date":"2024-11-22T11:41:39","date_gmt":"2024-11-22T14:41:39","guid":{"rendered":"https:\/\/sites.uel.br\/ndph\/?page_id=1985"},"modified":"2026-03-27T14:21:18","modified_gmt":"2026-03-27T17:21:18","slug":"colecoes","status":"publish","type":"page","link":"https:\/\/sites.uel.br\/ndph\/colecoes\/","title":{"rendered":"Cole\u00e7\u00f5es Pessoais"},"content":{"rendered":"\n<p><strong><a href=\"https:\/\/sites.uel.br\/ndph\/colecao-alex-de-almeida-aa\/\" data-type=\"link\" data-id=\"https:\/\/sites.uel.br\/ndph\/colecao-alex-de-almeida-aa\/\">Alex de Almeida (AA)<\/a><\/strong><br><strong><a href=\"https:\/\/sites.uel.br\/ndph\/colecao-amelia-foggia-af\/\">Am\u00e9lia F\u00f3ggia (AF)<\/a><\/strong><br><strong><a href=\"https:\/\/sites.uel.br\/ndph\/denoir-a-rosa-cfdr\/\" data-type=\"link\" data-id=\"https:\/\/sites.uel.br\/ndph\/denoir-a-rosa-cfdr\/\">Denoir A. Rosa (CFDR)<\/a><\/strong><br><a href=\"https:\/\/sites.uel.br\/ndph\/colecao-dora-evangelista-cdorae\/\" data-type=\"page\" data-id=\"3027\"><strong>Dora Evangelista (CDORAE)<\/strong><\/a><br><strong><a href=\"https:\/\/sites.uel.br\/ndph\/edson-elias-cee\/\" data-type=\"link\" data-id=\"https:\/\/sites.uel.br\/ndph\/edson-elias-cee\/\">Edson Elias (CEE)<\/a><\/strong><br><strong><a href=\"https:\/\/sites.uel.br\/ndph\/colecao-felipe-nunes-pastorello-cfnp-2\/\" data-type=\"page\" data-id=\"2133\">Felipe Nunes Pastorello (CFNP)<\/a><\/strong><br><strong><a href=\"https:\/\/sites.uel.br\/ndph\/gilberto-hildebrando-cgh\/\" data-type=\"link\" data-id=\"https:\/\/sites.uel.br\/ndph\/gilberto-hildebrando-cgh\/\">Gilberto Hildebrando (CGH)<\/a><\/strong><br><strong><a href=\"https:\/\/sites.uel.br\/ndph\/colecao-isabel-cristina-gallindo-perez-cicgp\/\" data-type=\"page\" data-id=\"2010\">Isabel Cristina Gallindo Perez (CICGP)<\/a><\/strong><br><strong><a href=\"https:\/\/sites.uel.br\/ndph\/joana-darc-lopes-jdl\/\" data-type=\"page\" data-id=\"2344\" target=\"_blank\" rel=\"noreferrer noopener\">Joana D\u2019Arc Lopes (JDL)<\/a><\/strong><br><strong><a href=\"https:\/\/sites.uel.br\/ndph\/colecao-joao-antonio-leite-ramos-cjalr-2\/\" data-type=\"page\" data-id=\"2012\">Jo\u00e3o Ant\u00f4nio Leite Ramos (CJALR)<\/a><\/strong><br><strong><a href=\"https:\/\/sites.uel.br\/ndph\/colecao-joaquim-lopes-alho-jla\/\" data-type=\"page\" data-id=\"2014\">Joaquim Lopes Alho (JLA)<\/a><\/strong><br><strong><a href=\"https:\/\/sites.uel.br\/ndph\/colecao-jose-richa-jr\/\" data-type=\"page\" data-id=\"2016\">Jos\u00e9 Richa (JR)<\/a><\/strong><br><strong><a href=\"https:\/\/sites.uel.br\/ndph\/colecao-joao-ricardo-malchiaffava-cjrm-2\/\" data-type=\"page\" data-id=\"2022\">Jo\u00e3o Ricardo Malchiaffava (CJRM)<\/a><\/strong><br><strong><a href=\"https:\/\/sites.uel.br\/ndph\/colecao-luiz-carlos-sampaio-lcs\/\" data-type=\"page\" data-id=\"2026\">Luiz Carlos Sampaio (LCS)<\/a><\/strong><br><strong><a href=\"https:\/\/sites.uel.br\/ndph\/colecao-de-fanzines-luis-eduardo-cientista-cflec\/\" data-type=\"page\" data-id=\"2129\">Lu\u00eds Eduardo \u201cCientista\u201d (CFLEC)<\/a><\/strong><br><strong><a href=\"https:\/\/sites.uel.br\/ndph\/colecao-manuel-alho-da-silva-mas\/\" data-type=\"page\" data-id=\"2028\">Manuel Alho da Silva (MAS)<\/a><\/strong><br><strong><a href=\"https:\/\/sites.uel.br\/ndph\/colecao-manoel-carreira-bernardino-mcb\/\" data-type=\"page\" data-id=\"2030\">Manoel Carreira Bernardino (MCB)<\/a><\/strong><br><a href=\"https:\/\/sites.uel.br\/ndph\/colecao-maria-regina-clivati-capelo-cmrc\/\" data-type=\"page\" data-id=\"2032\"><strong>Maria Regina Clivati Capelo (CMRC)<\/strong> <\/a><br><strong><a href=\"https:\/\/sites.uel.br\/ndph\/mauro-rodrigues-dvmr\/\" data-type=\"link\" data-id=\"https:\/\/sites.uel.br\/ndph\/mauro-rodrigues-dvmr\/\">Mauro Rodrigues (DVMR)<\/a><\/strong><br><strong><a href=\"https:\/\/sites.uel.br\/ndph\/colecao-neuza-aparecida-casagrande-nac\/\" data-type=\"page\" data-id=\"2038\">Neuza Aparecida Casagrande (NAC)<\/a><\/strong><br><strong><a href=\"https:\/\/sites.uel.br\/ndph\/colecao-oswaldo-coimbra-oc\/\" data-type=\"page\" data-id=\"2042\">Oswaldo Coimbra (OC)<\/a><\/strong><br><strong><a href=\"https:\/\/sites.uel.br\/ndph\/colecao-rodolfo-rorato-londero-crrl-2\/\" data-type=\"page\" data-id=\"2048\">Rodolfo Rorato Londero (CRRL)<\/a><\/strong><br><strong><a href=\"https:\/\/sites.uel.br\/ndph\/rogerio-ivano-cfri\/\" data-type=\"link\" data-id=\"https:\/\/sites.uel.br\/ndph\/rogerio-ivano-cfri\/\" target=\"_blank\" rel=\"noreferrer noopener\">Rog\u00e9rio<\/a><a href=\"https:\/\/sites.uel.br\/ndph\/rogerio-ivano-cfri\/\" data-type=\"link\" data-id=\"https:\/\/sites.uel.br\/ndph\/rogerio-ivano-cfri\/\"><\/a><a href=\"https:\/\/sites.uel.br\/ndph\/rogerio-ivano-cfri\/\" data-type=\"link\" data-id=\"https:\/\/sites.uel.br\/ndph\/rogerio-ivano-cfri\/\" target=\"_blank\" rel=\"noreferrer noopener\">Ivano (CFRI)<\/a><\/strong><br><strong><a href=\"https:\/\/sites.uel.br\/ndph\/saulo-ohara-csoh\/\" data-type=\"link\" data-id=\"https:\/\/sites.uel.br\/ndph\/saulo-ohara-csoh\/\">Saulo Ohara (CSOh)<\/a><\/strong><br><strong><a href=\"https:\/\/sites.uel.br\/ndph\/colecao-sonia-sperandio-adum-ssa\/\" data-type=\"page\" data-id=\"2053\">Sonia Sperandio Adum (SSA)<\/a><\/strong><br><strong><a href=\"https:\/\/sites.uel.br\/ndph\/colecao-sylvia-ewel-lenz-cdteca-sel\/\" data-type=\"page\" data-id=\"2143\">Sylvia Ewel Lenz \u2013 Cdteca (SEL)<\/a><\/strong><br><strong><a href=\"https:\/\/sites.uel.br\/ndph\/colecao-valmor-venturini-cvv-3\/\" data-type=\"page\" data-id=\"2055\">Valmor Venturini (CVV)<\/a><\/strong><br><strong><a href=\"https:\/\/sites.uel.br\/ndph\/colecao-zelma-torres-tomazi-ztt\/\" data-type=\"page\" data-id=\"2057\">Zelma Torres Tomazi (ZTT)<\/a><\/strong><\/p>\n\n\n\n<p><\/p>\n","protected":false},"excerpt":{"rendered":"<p>Alex de Almeida (AA)Am\u00e9lia F\u00f3ggia (AF)Denoir A. Rosa (CFDR)Dora Evangelista (CDORAE)Edson Elias (CEE)Felipe Nunes Pastorello (CFNP)Gilberto Hildebrando (CGH)Isabel Cristina Gallindo Perez (CICGP)Joana D\u2019Arc Lopes (JDL)Jo\u00e3o Ant\u00f4nio Leite Ramos (CJALR)Joaquim Lopes Alho (JLA)Jos\u00e9 Richa (JR)Jo\u00e3o Ricardo Malchiaffava (CJRM)Luiz Carlos Sampaio (LCS)Lu\u00eds Eduardo \u201cCientista\u201d (CFLEC)Manuel Alho da Silva (MAS)Manoel Carreira Bernardino (MCB)Maria Regina Clivati Capelo (CMRC) Mauro [&hellip;]<\/p>\n","protected":false},"author":6,"featured_media":0,"parent":0,"menu_order":0,"comment_status":"closed","ping_status":"closed","template":"","meta":{"footnotes":""},"class_list":["post-1985","page","type-page","status-publish","hentry"],"acf":[],"_links":{"self":[{"href":"https:\/\/sites.uel.br\/ndph\/wp-json\/wp\/v2\/pages\/1985","targetHints":{"allow":["GET"]}}],"collection":[{"href":"https:\/\/sites.uel.br\/ndph\/wp-json\/wp\/v2\/pages"}],"about":[{"href":"https:\/\/sites.uel.br\/ndph\/wp-json\/wp\/v2\/types\/page"}],"author":[{"embeddable":true,"href":"https:\/\/sites.uel.br\/ndph\/wp-json\/wp\/v2\/users\/6"}],"replies":[{"embeddable":true,"href":"https:\/\/sites.uel.br\/ndph\/wp-json\/wp\/v2\/comments?post=1985"}],"version-history":[{"count":13,"href":"https:\/\/sites.uel.br\/ndph\/wp-json\/wp\/v2\/pages\/1985\/revisions"}],"predecessor-version":[{"id":3030,"href":"https:\/\/sites.uel.br\/ndph\/wp-json\/wp\/v2\/pages\/1985\/revisions\/3030"}],"wp:attachment":[{"href":"https:\/\/sites.uel.br\/ndph\/wp-json\/wp\/v2\/media?parent=1985"}],"curies":[{"name":"wp","href":"https:\/\/api.w.org\/{rel}","templated":true}]}}

Coleções Pessoais

<p><strong><a href="https://sites.uel.br/ndph/colecao-alex-de-almeida-aa/" data-type="link" data-id="https://sites.uel.br/ndph/colecao-alex-de-almeida-aa/">Alex de Almeida (AA)</a></strong><br><strong><a href="https://sites.uel.br/ndph/colecao-amelia-foggia-af/">Amélia Fóggia (AF)</a></strong><br><strong><a href="https://sites.uel.br/ndph/denoir-a-rosa-cfdr/" data-type="link" data-id="https://sites.uel.br/ndph/denoir-a-rosa-cfdr/">Denoir A. Rosa (CFDR)</a></strong><br><a href="https://sites.uel.br/ndph/colecao-dora-evangelista-cdorae/" data-type="page" data-id="3027"><strong>Dora Evangelista (CDORAE)</strong></a><br><strong><a href="https://sites.uel.br/ndph/edson-elias-cee/" data-type="link" data-id="https://sites.uel.br/ndph/edson-elias-cee/">Edson Elias (CEE)</a></strong><br><strong><a href="https://sites.uel.br/ndph/colecao-felipe-nunes-pastorello-cfnp-2/" data-type="page" data-id="2133">Felipe Nunes Pastorello (CFNP)</a></strong><br><strong><a href="https://sites.uel.br/ndph/gilberto-hildebrando-cgh/" data-type="link" data-id="https://sites.uel.br/ndph/gilberto-hildebrando-cgh/">Gilberto Hildebrando (CGH)</a></strong><br><strong><a href="https://sites.uel.br/ndph/colecao-isabel-cristina-gallindo-perez-cicgp/" data-type="page" data-id="2010">Isabel Cristina Gallindo Perez (CICGP)</a></strong><br><strong><a href="https://sites.uel.br/ndph/joana-darc-lopes-jdl/" data-type="page" data-id="2344" target="_blank" rel="noreferrer noopener">Joana D’Arc Lopes (JDL)</a></strong><br><strong><a href="https://sites.uel.br/ndph/colecao-joao-antonio-leite-ramos-cjalr-2/" data-type="page" data-id="2012">João Antônio Leite Ramos (CJALR)</a></strong><br><strong><a href="https://sites.uel.br/ndph/colecao-joaquim-lopes-alho-jla/" data-type="page" data-id="2014">Joaquim Lopes Alho (JLA)</a></strong><br><strong><a href="https://sites.uel.br/ndph/colecao-jose-richa-jr/" data-type="page" data-id="2016">José Richa (JR)</a></strong><br><strong><a href="https://sites.uel.br/ndph/colecao-joao-ricardo-malchiaffava-cjrm-2/" data-type="page" data-id="2022">João Ricardo Malchiaffava (CJRM)</a></strong><br><strong><a href="https://sites.uel.br/ndph/colecao-luiz-carlos-sampaio-lcs/" data-type="page" data-id="2026">Luiz Carlos Sampaio (LCS)</a></strong><br><strong><a href="https://sites.uel.br/ndph/colecao-de-fanzines-luis-eduardo-cientista-cflec/" data-type="page" data-id="2129">Luís Eduardo “Cientista” (CFLEC)</a></strong><br><strong><a href="https://sites.uel.br/ndph/colecao-manuel-alho-da-silva-mas/" data-type="page" data-id="2028">Manuel Alho da Silva (MAS)</a></strong><br><strong><a href="https://sites.uel.br/ndph/colecao-manoel-carreira-bernardino-mcb/" data-type="page" data-id="2030">Manoel Carreira Bernardino (MCB)</a></strong><br><a href="https://sites.uel.br/ndph/colecao-maria-regina-clivati-capelo-cmrc/" data-type="page" data-id="2032"><strong>Maria Regina Clivati Capelo (CMRC)</strong> </a><br><strong><a href="https://sites.uel.br/ndph/mauro-rodrigues-dvmr/" data-type="link" data-id="https://sites.uel.br/ndph/mauro-rodrigues-dvmr/">Mauro Rodrigues (DVMR)</a></strong><br><strong><a href="https://sites.uel.br/ndph/colecao-neuza-aparecida-casagrande-nac/" data-type="page" data-id="2038">Neuza Aparecida Casagrande (NAC)</a></strong><br><strong><a href="https://sites.uel.br/ndph/colecao-oswaldo-coimbra-oc/" data-type="page" data-id="2042">Oswaldo Coimbra (OC)</a></strong><br><strong><a href="https://sites.uel.br/ndph/colecao-rodolfo-rorato-londero-crrl-2/" data-type="page" data-id="2048">Rodolfo Rorato Londero (CRRL)</a></strong><br><strong><a href="https://sites.uel.br/ndph/rogerio-ivano-cfri/" data-type="link" data-id="https://sites.uel.br/ndph/rogerio-ivano-cfri/" target="_blank" rel="noreferrer noopener">Rogério</a><a href="https://sites.uel.br/ndph/rogerio-ivano-cfri/" data-type="link" data-id="https://sites.uel.br/ndph/rogerio-ivano-cfri/"></a><a href="https://sites.uel.br/ndph/rogerio-ivano-cfri/" data-type="link" data-id="https://sites.uel.br/ndph/rogerio-ivano-cfri/" target="_blank" rel="noreferrer noopener">Ivano (CFRI)</a></strong><br><strong><a href="https://sites.uel.br/ndph/saulo-ohara-csoh/" data-type="link" data-id="https://sites.uel.br/ndph/saulo-ohara-csoh/">Saulo Ohara (CSOh)</a></strong><br><strong><a href="https://sites.uel.br/ndph/colecao-sonia-sperandio-adum-ssa/" data-type="page" data-id="2053">Sonia Sperandio Adum (SSA)</a></strong><br><strong><a href="https://sites.uel.br/ndph/colecao-sylvia-ewel-lenz-cdteca-sel/" data-type="page" data-id="2143">Sylvia Ewel Lenz – Cdteca (SEL)</a></strong><br><strong><a href="https://sites.uel.br/ndph/colecao-valmor-venturini-cvv-3/" data-type="page" data-id="2055">Valmor Venturini (CVV)</a></strong><br><strong><a href="https://sites.uel.br/ndph/colecao-zelma-torres-tomazi-ztt/" data-type="page" data-id="2057">Zelma Torres Tomazi (ZTT)</a></strong></p>



<p></p>

<p>Alex de Almeida (AA)Amélia Fóggia (AF)Denoir A. Rosa (CFDR)Dora Evangelista (CDORAE)Edson Elias (CEE)Felipe Nunes Pastorello (CFNP)Gilberto Hildebrando (CGH)Isabel Cristina Gallindo Perez (CICGP)Joana D’Arc Lopes (JDL)João Antônio Leite Ramos (CJALR)Joaquim Lopes Alho (JLA)José Richa (JR)João Ricardo Malchiaffava (CJRM)Luiz Carlos Sampaio (LCS)Luís Eduardo “Cientista” (CFLEC)Manuel Alho da Silva (MAS)Manoel Carreira Bernardino (MCB)Maria Regina Clivati Capelo (CMRC) Mauro [&hellip;]</p>
