{"id":1406,"date":"2023-09-29T16:08:26","date_gmt":"2023-09-29T19:08:26","guid":{"rendered":"https:\/\/sites.uel.br\/ndph\/?page_id=1406"},"modified":"2023-09-29T16:12:30","modified_gmt":"2023-09-29T19:12:30","slug":"estagios","status":"publish","type":"page","link":"https:\/\/sites.uel.br\/ndph\/estagios\/","title":{"rendered":"Est\u00e1gios"},"content":{"rendered":"\n<p style=\"font-size:19px\"><br>O est\u00e1gio \u00e9 um ato educativo que realiza a transi\u00e7\u00e3o do ambiente universit\u00e1rio para o ambiente profissional. A miss\u00e3o do est\u00e1gio curricular supervisionado \u00e9 promover:<br><br>\u2013 a aplica\u00e7\u00e3o de conhecimento te\u00f3rico-pr\u00e1tico adquirido na gradua\u00e7\u00e3o;<br>\u2013 o desenvolvimento de habilidades necess\u00e1rias ao ensino e a pesquisa.<br><br>Os desafios postos pela vida contempor\u00e2nea imp\u00f5e um constante aperfei\u00e7oamento profissional pelos atores sociais, uma vez que s\u00e3o exigidos deles competitividade, proatividade, adapta\u00e7\u00e3o, lideran\u00e7a, autonomia, senso cr\u00edtico e muitas outras compet\u00eancias.<br><br>O NDPH \u00e9 um campo de est\u00e1gio curricular n\u00e3o obrigat\u00f3rio para os alunos de gradua\u00e7\u00e3o e p\u00f3s-gradua\u00e7\u00e3o da Universidade Estadual de Londrina nas \u00e1reas de Hist\u00f3ria, Ci\u00eancias Sociais, Arquivologia, Biblioteconomia, Geografia, dentre outras.<\/p>\n","protected":false},"excerpt":{"rendered":"<p>O est\u00e1gio \u00e9 um ato educativo que realiza a transi\u00e7\u00e3o do ambiente universit\u00e1rio para o ambiente profissional. A miss\u00e3o do est\u00e1gio curricular supervisionado \u00e9 promover: \u2013 a aplica\u00e7\u00e3o de conhecimento te\u00f3rico-pr\u00e1tico adquirido na gradua\u00e7\u00e3o;\u2013 o desenvolvimento de habilidades necess\u00e1rias ao ensino e a pesquisa. Os desafios postos pela vida contempor\u00e2nea imp\u00f5e um constante aperfei\u00e7oamento profissional [&hellip;]<\/p>\n","protected":false},"author":6,"featured_media":0,"parent":0,"menu_order":0,"comment_status":"closed","ping_status":"closed","template":"","meta":{"footnotes":""},"class_list":["post-1406","page","type-page","status-publish","hentry"],"acf":[],"_links":{"self":[{"href":"https:\/\/sites.uel.br\/ndph\/wp-json\/wp\/v2\/pages\/1406","targetHints":{"allow":["GET"]}}],"collection":[{"href":"https:\/\/sites.uel.br\/ndph\/wp-json\/wp\/v2\/pages"}],"about":[{"href":"https:\/\/sites.uel.br\/ndph\/wp-json\/wp\/v2\/types\/page"}],"author":[{"embeddable":true,"href":"https:\/\/sites.uel.br\/ndph\/wp-json\/wp\/v2\/users\/6"}],"replies":[{"embeddable":true,"href":"https:\/\/sites.uel.br\/ndph\/wp-json\/wp\/v2\/comments?post=1406"}],"version-history":[{"count":3,"href":"https:\/\/sites.uel.br\/ndph\/wp-json\/wp\/v2\/pages\/1406\/revisions"}],"predecessor-version":[{"id":1419,"href":"https:\/\/sites.uel.br\/ndph\/wp-json\/wp\/v2\/pages\/1406\/revisions\/1419"}],"wp:attachment":[{"href":"https:\/\/sites.uel.br\/ndph\/wp-json\/wp\/v2\/media?parent=1406"}],"curies":[{"name":"wp","href":"https:\/\/api.w.org\/{rel}","templated":true}]}}