{"id":1155,"date":"2023-01-26T15:57:01","date_gmt":"2023-01-26T18:57:01","guid":{"rendered":"https:\/\/sites.uel.br\/ndph\/?page_id=1155"},"modified":"2025-01-13T20:52:52","modified_gmt":"2025-01-13T23:52:52","slug":"eventos","status":"publish","type":"page","link":"https:\/\/sites.uel.br\/ndph\/eventos\/","title":{"rendered":"Eventos"},"content":{"rendered":"\n<h2 class=\"wp-block-heading\">2024<\/h2>\n\n\n\n<ul class=\"wp-block-list\">\n<li>&nbsp;8\u00aa Semana Nacional de Arquivos em conjunto com a Rede Paranaense de Arquivos, Centros e N\u00facleos de Documenta\u00e7\u00e3o<\/li>\n\n\n\n<li>Semin\u00e1rio \u00c1frica-Brasil em parceria com o NEAB<\/li>\n\n\n\n<li>Conversas de R\u00e1dio: Londrina 90 anos. Em parceria com o Podcast Marc\u00e3o Kareca.<\/li>\n\n\n\n<li>Semana Nacional de Museus em parceria com o Museu Hist\u00f3rico Pe.Carlos Weiss.<\/li>\n\n\n\n<li>Feira das Profiss\u00f5es<\/li>\n\n\n\n<li>XIX Encontro Regional de Hist\u00f3ria.<\/li>\n<\/ul>\n\n\n\n<h2 class=\"wp-block-heading\"><br>2023<\/h2>\n\n\n\n<div class=\"wp-block-group alignwide\"><div class=\"wp-block-group__inner-container is-layout-constrained wp-block-group-is-layout-constrained\">\n<div class=\"wp-block-group\"><div class=\"wp-block-group__inner-container is-layout-constrained wp-block-group-is-layout-constrained\">\n<ul class=\"wp-block-list\">\n<li>Semana de Museus<\/li>\n<\/ul>\n\n\n\n<ul class=\"wp-block-list\">\n<li>Primavera de Museus<\/li>\n<\/ul>\n\n\n\n<ul class=\"wp-block-list\">\n<li>Feira das Profiss\u00f5es<\/li>\n<\/ul>\n\n\n\n<ul class=\"wp-block-list\">\n<li>Paran\u00e1 Faz Ci\u00eancia<\/li>\n<\/ul>\n\n\n\n<ul class=\"wp-block-list\">\n<li>Sarau \u00e0s quintas<\/li>\n<\/ul>\n\n\n\n<ul class=\"wp-block-list\">\n<li>Caf\u00e9 Intercultural<\/li>\n<\/ul>\n\n\n\n<ul class=\"wp-block-list\">\n<li>Lan\u00e7amento do Livro de Gilberto Hildebrando<\/li>\n<\/ul>\n\n\n\n<ul class=\"wp-block-list\">\n<li>7\u00aa Semana Nacional de Arquivos (ON LINE): O Paran\u00e1 na Semana Nacional de Arquivos<\/li>\n<\/ul>\n\n\n\n<ul class=\"wp-block-list\">\n<li>II Mostra de Pain\u00e9is Urbanos&nbsp;<\/li>\n<\/ul>\n\n\n\n<ul class=\"wp-block-list\">\n<li>Cinema Negro em Curtas: Exibi\u00e7\u00e3o do Filme Ori<\/li>\n<\/ul>\n\n\n\n<ul class=\"wp-block-list\">\n<li>Exibi\u00e7\u00e3o do filme Aldeia Natal<\/li>\n<\/ul>\n\n\n\n<ul class=\"wp-block-list\">\n<li>Correaliza\u00e7\u00e3o do Ciclo Internacional de Palestras Enezila de Lima com o Grupo de Pesquisa &#8220;O Regional\/local e a experi\u00eancia hist\u00f3rica&#8221;.<\/li>\n<\/ul>\n\n\n\n<ul class=\"wp-block-list\">\n<li>Correaliza\u00e7\u00e3o do Ciclo Internacional de Palestras Enezila de Lima com o Grupo de Pesquisa &#8220;O Regional\/local e a experi\u00eancia hist\u00f3rica&#8221;.<\/li>\n<\/ul>\n\n\n\n<ul class=\"wp-block-list\">\n<li>Foram produzidos 3 programas da s\u00e9rie Londrina outros passados, novos futuros: conversa com historiadoras e historiadores que fizeram e fazem suas pesquisas no N\u00facleo de Documenta\u00e7\u00e3o e Pesquisa Hist\u00f3rica e no Museu Hist\u00f3rico Pe. Carlos Weiss. Em parceria com o&nbsp; Programa A Peroba: hist\u00f3ria raiz. Projeto de Extens\u00e3o do Departamento de Hist\u00f3ria, desenvolvido na R\u00e1dio UEL FM, aos s\u00e1bados as 13:00. Os programas foram veiculados em 25\/11, 02\/12 e09\/12.<\/li>\n<\/ul>\n<\/div><\/div>\n<\/div><\/div>\n\n\n\n<div style=\"height:28px\" aria-hidden=\"true\" class=\"wp-block-spacer\"><\/div>\n\n\n\n<h2 class=\"wp-block-heading\">2022<\/h2>\n\n\n\n<div class=\"wp-block-group\"><div class=\"wp-block-group__inner-container is-layout-constrained wp-block-group-is-layout-constrained\">\n<div class=\"wp-block-group alignwide\"><div class=\"wp-block-group__inner-container is-layout-constrained wp-block-group-is-layout-constrained\">\n<ul class=\"wp-block-list\">\n<li>Curso \u201cOrganiza\u00e7\u00e3o de Arquivos Hist\u00f3ricos\u201d &#8211; Realizado na 20\u00aa Semana Nacional de Museus<\/li>\n<\/ul>\n\n\n\n<ul class=\"wp-block-list\">\n<li>6\u00aa Semana Nacional de Arquivos:&nbsp;<\/li>\n<\/ul>\n\n\n\n<ul class=\"wp-block-list\">\n<li>Mesa Redonda: Arquivos, Sociedade e Cidadania&nbsp;<\/li>\n<\/ul>\n\n\n\n<ul class=\"wp-block-list\">\n<li>II Curso \u201cOrganiza\u00e7\u00e3o de Arquivos Hist\u00f3ricos\u201d&nbsp;Feira das Profiss\u00f5es<\/li>\n<\/ul>\n\n\n\n<ul class=\"wp-block-list\">\n<li>Ciclo Internacional de Palestras &#8220;Pierre Monbeig&#8221;&nbsp;<\/li>\n<\/ul>\n\n\n\n<ul class=\"wp-block-list\">\n<li>Feira das Profiss\u00f5es<\/li>\n<\/ul>\n\n\n\n<ul class=\"wp-block-list\">\n<li>III Curso \u201cOrganiza\u00e7\u00e3o de Arquivos Hist\u00f3ricos\u201d&nbsp;<\/li>\n<\/ul>\n\n\n\n<ul class=\"wp-block-list\">\n<li>Cerimonial de recep\u00e7\u00e3o dos acervos:\n<ul class=\"wp-block-list\">\n<li>Fundo Foto Clube de Londrina<\/li>\n\n\n\n<li>Fundo Coordenadoria de Comunica\u00e7\u00e3o Social da UEL<\/li>\n\n\n\n<li>Cole\u00e7\u00e3o Universidade Brasileira 1968\/88: um debate<\/li>\n<\/ul>\n<\/li>\n<\/ul>\n\n\n\n<ul class=\"wp-block-list\">\n<li>Evento inaugura\u00e7\u00e3o: Londrina 88 anos: Outros passados, novos futuros&nbsp;<\/li>\n<\/ul>\n\n\n\n<ul class=\"wp-block-list\">\n<li>Evento de inaugura\u00e7\u00e3o: Hospital Universit\u00e1rio de Londrina &#8211; Patrim\u00f4nio do povo do Paran\u00e1<\/li>\n<\/ul>\n<\/div><\/div>\n<\/div><\/div>\n\n\n\n<p><\/p>\n","protected":false},"excerpt":{"rendered":"<p>2024 2023 2022<\/p>\n","protected":false},"author":7,"featured_media":0,"parent":0,"menu_order":0,"comment_status":"closed","ping_status":"closed","template":"","meta":{"footnotes":""},"class_list":["post-1155","page","type-page","status-publish","hentry"],"acf":[],"_links":{"self":[{"href":"https:\/\/sites.uel.br\/ndph\/wp-json\/wp\/v2\/pages\/1155","targetHints":{"allow":["GET"]}}],"collection":[{"href":"https:\/\/sites.uel.br\/ndph\/wp-json\/wp\/v2\/pages"}],"about":[{"href":"https:\/\/sites.uel.br\/ndph\/wp-json\/wp\/v2\/types\/page"}],"author":[{"embeddable":true,"href":"https:\/\/sites.uel.br\/ndph\/wp-json\/wp\/v2\/users\/7"}],"replies":[{"embeddable":true,"href":"https:\/\/sites.uel.br\/ndph\/wp-json\/wp\/v2\/comments?post=1155"}],"version-history":[{"count":13,"href":"https:\/\/sites.uel.br\/ndph\/wp-json\/wp\/v2\/pages\/1155\/revisions"}],"predecessor-version":[{"id":2386,"href":"https:\/\/sites.uel.br\/ndph\/wp-json\/wp\/v2\/pages\/1155\/revisions\/2386"}],"wp:attachment":[{"href":"https:\/\/sites.uel.br\/ndph\/wp-json\/wp\/v2\/media?parent=1155"}],"curies":[{"name":"wp","href":"https:\/\/api.w.org\/{rel}","templated":true}]}}