{"id":1045,"date":"2022-08-24T16:51:35","date_gmt":"2022-08-24T19:51:35","guid":{"rendered":"https:\/\/sites.uel.br\/ndph\/?page_id=1045"},"modified":"2022-08-25T15:03:47","modified_gmt":"2022-08-25T18:03:47","slug":"assessoria-institucional","status":"publish","type":"page","link":"https:\/\/sites.uel.br\/ndph\/assessoria-institucional\/","title":{"rendered":"Assessoria Institucional"},"content":{"rendered":"\n<p class=\"has-medium-font-size\">Os profissionais do NDPH possuem conhecimento para a presta\u00e7\u00e3o de servi\u00e7os nos segmentos de organiza\u00e7\u00e3o de documenta\u00e7\u00e3o, arquivos e acervos. Os servi\u00e7os desenvolvidos na \u00e1rea s\u00e3o: <br><br>&#8211; <strong>Gest\u00e3o de documentos (arquivos, cole\u00e7\u00f5es e acervos) em idade permanente (hist\u00f3ricos); <br>&#8211; Implanta\u00e7\u00e3o e estrutura\u00e7\u00e3o de Centros de Documenta\u00e7\u00e3o ou Centros de Mem\u00f3ria;<br>&#8211; Realiza\u00e7\u00e3o de oficinas e workshops relacionados ao trabalho desenvolvido em nossa institui\u00e7\u00e3o.<\/strong><\/p>\n","protected":false},"excerpt":{"rendered":"<p>Os profissionais do NDPH possuem conhecimento para a presta\u00e7\u00e3o de servi\u00e7os nos segmentos de organiza\u00e7\u00e3o de documenta\u00e7\u00e3o, arquivos e acervos. Os servi\u00e7os desenvolvidos na \u00e1rea s\u00e3o: &#8211; Gest\u00e3o de documentos (arquivos, cole\u00e7\u00f5es e acervos) em idade permanente (hist\u00f3ricos); &#8211; Implanta\u00e7\u00e3o e estrutura\u00e7\u00e3o de Centros de Documenta\u00e7\u00e3o ou Centros de Mem\u00f3ria;&#8211; Realiza\u00e7\u00e3o de oficinas e workshops [&hellip;]<\/p>\n","protected":false},"author":7,"featured_media":0,"parent":0,"menu_order":0,"comment_status":"closed","ping_status":"closed","template":"","meta":{"footnotes":""},"class_list":["post-1045","page","type-page","status-publish","hentry"],"acf":[],"_links":{"self":[{"href":"https:\/\/sites.uel.br\/ndph\/wp-json\/wp\/v2\/pages\/1045","targetHints":{"allow":["GET"]}}],"collection":[{"href":"https:\/\/sites.uel.br\/ndph\/wp-json\/wp\/v2\/pages"}],"about":[{"href":"https:\/\/sites.uel.br\/ndph\/wp-json\/wp\/v2\/types\/page"}],"author":[{"embeddable":true,"href":"https:\/\/sites.uel.br\/ndph\/wp-json\/wp\/v2\/users\/7"}],"replies":[{"embeddable":true,"href":"https:\/\/sites.uel.br\/ndph\/wp-json\/wp\/v2\/comments?post=1045"}],"version-history":[{"count":4,"href":"https:\/\/sites.uel.br\/ndph\/wp-json\/wp\/v2\/pages\/1045\/revisions"}],"predecessor-version":[{"id":1077,"href":"https:\/\/sites.uel.br\/ndph\/wp-json\/wp\/v2\/pages\/1045\/revisions\/1077"}],"wp:attachment":[{"href":"https:\/\/sites.uel.br\/ndph\/wp-json\/wp\/v2\/media?parent=1045"}],"curies":[{"name":"wp","href":"https:\/\/api.w.org\/{rel}","templated":true}]}}