{"id":389,"date":"2025-07-09T17:17:51","date_gmt":"2025-07-09T20:17:51","guid":{"rendered":"https:\/\/sites.uel.br\/nac\/?page_id=389"},"modified":"2025-07-15T15:03:04","modified_gmt":"2025-07-15T18:03:04","slug":"uel-em-libras","status":"publish","type":"page","link":"https:\/\/sites.uel.br\/nac\/informacao\/uel-em-libras\/","title":{"rendered":"UEL Em Libras"},"content":{"rendered":"\n<div style=\"height:20px\" aria-hidden=\"true\" class=\"wp-block-spacer\"><\/div>\n\n\n\n<p>Acesse dicas, sinais, cursos, orienta\u00e7\u00f5es e solicita\u00e7\u00e3o de int\u00e9rpretes:<\/p>\n\n\n\n<div class=\"wp-block-uel-card\">\n<p><strong>Para estudantes:<\/strong><\/p>\n\n\n\n<p><strong>1. Orienta\u00e7\u00f5es para os estudantes surdos sobre o atendimento do Tradutor Int\u00e9rprete de L\u00edngua de Sinais (TILS)\/2023<\/strong>:<br>Texto acess\u00edvel: <a href=\"https:\/\/sites.uel.br\/nac\/wp-content\/uploads\/2025\/07\/OrientaAsectAmicroes_para_os_estudantes_surdos_sobre_o_atendimento_do_Tradutor_IntAcrprete_de_LAshyngua_de_Sinais_TILS.pdf\" target=\"_blank\" rel=\"noreferrer noopener\">clique aqui<\/a><br>Texto para impress\u00e3o: <a href=\"https:\/\/sites.uel.br\/nac\/wp-content\/uploads\/2025\/07\/Normas_de_Acompanhamento_Surdez_compressed.pdf\" target=\"_blank\" rel=\"noreferrer noopener\">clique aqui<\/a><\/p>\n\n\n\n<p><strong>2. Para solicitar atendimento especializado:<\/strong><br>Acesse o menu: <a href=\"https:\/\/sites.uel.br\/nac\/suporte\/requerimentos\/\" target=\"_blank\" rel=\"noreferrer noopener\">Requerimentos<\/a><\/p>\n<\/div>\n\n\n\n<div class=\"wp-block-uel-card\">\n<p><strong>Para docentes:<\/strong><\/p>\n\n\n\n<p><strong>1. Tenho um aluno surdo &#8211; guia pr\u00e1tico com orienta\u00e7\u00f5es iniciais para professores que receber\u00e3o estudantes surdos em sala de aula:<\/strong> <a href=\"https:\/\/sites.uel.br\/nac\/wp-content\/uploads\/2025\/07\/folder_surdez.pdf\">texto em PDF<\/a><\/p>\n\n\n\n<p><strong>2. Inclus\u00e3o com qualidade &#8211; boas pr\u00e1ticas no ensino de estudantes surdos: <\/strong><a href=\"https:\/\/sites.uel.br\/nac\/wp-content\/uploads\/2025\/07\/Orientacoes-aos-docentes_docx.pdf\" target=\"_blank\" rel=\"noreferrer noopener\">texto em PDF<\/a><\/p>\n\n\n\n<p><strong>3. Atribui\u00e7\u00f5es do Tradutor-Int\u00e9rprete de Libras (TILS):<\/strong> <a href=\"https:\/\/sites.uel.br\/nac\/wp-content\/uploads\/2025\/07\/Atribuicao_TILS.pdf\" target=\"_blank\" rel=\"noreferrer noopener\">texto em PDF<\/a><\/p>\n\n\n\n<p><strong>4. Para Cursos e Atividades: <\/strong>Acesse o Menu <a href=\"https:\/\/sites.uel.br\/nac\/suporte\/formacao-continuada\/\" target=\"_blank\" rel=\"noreferrer noopener\">Forma\u00e7\u00e3o Continuada<\/a><\/p>\n<\/div>\n\n\n\n<div class=\"wp-block-columns is-layout-flex wp-container-core-columns-is-layout-9d6595d7 wp-block-columns-is-layout-flex\">\n<div class=\"wp-block-column is-layout-flow wp-block-column-is-layout-flow\">\n<figure class=\"wp-block-embed is-type-video is-provider-youtube wp-block-embed-youtube wp-embed-aspect-16-9 wp-has-aspect-ratio\"><div class=\"wp-block-embed__wrapper\">\n<iframe loading=\"lazy\" title=\"video 01   UEL em Libras V\u00eddeo 01\" width=\"500\" height=\"281\" src=\"https:\/\/www.youtube.com\/embed\/nNn-pLiuB0c?feature=oembed\" frameborder=\"0\" allow=\"accelerometer; autoplay; clipboard-write; encrypted-media; gyroscope; picture-in-picture; web-share\" referrerpolicy=\"strict-origin-when-cross-origin\" allowfullscreen><\/iframe>\n<\/div><\/figure>\n<\/div>\n\n\n\n<div class=\"wp-block-column is-layout-flow wp-block-column-is-layout-flow\">\n<figure class=\"wp-block-embed is-type-video is-provider-youtube wp-block-embed-youtube wp-embed-aspect-16-9 wp-has-aspect-ratio\"><div class=\"wp-block-embed__wrapper\">\n<iframe loading=\"lazy\" title=\"v\u00eddeo 05   A Libras \u00e9 universal 1\" width=\"500\" height=\"281\" src=\"https:\/\/www.youtube.com\/embed\/ZUtZLBqU190?feature=oembed\" frameborder=\"0\" allow=\"accelerometer; autoplay; clipboard-write; encrypted-media; gyroscope; picture-in-picture; web-share\" referrerpolicy=\"strict-origin-when-cross-origin\" allowfullscreen><\/iframe>\n<\/div><\/figure>\n<\/div>\n<\/div>\n\n\n\n<div class=\"wp-block-columns is-layout-flex wp-container-core-columns-is-layout-9d6595d7 wp-block-columns-is-layout-flex\">\n<div class=\"wp-block-column is-layout-flow wp-block-column-is-layout-flow\"><\/div>\n\n\n\n<div class=\"wp-block-column is-layout-flow wp-block-column-is-layout-flow\"><\/div>\n<\/div>\n\n\n\n<div class=\"wp-block-columns is-layout-flex wp-container-core-columns-is-layout-9d6595d7 wp-block-columns-is-layout-flex\">\n<div class=\"wp-block-column is-layout-flow wp-block-column-is-layout-flow\">\n<figure class=\"wp-block-embed is-type-video is-provider-youtube wp-block-embed-youtube wp-embed-aspect-16-9 wp-has-aspect-ratio\"><div class=\"wp-block-embed__wrapper\">\n<iframe loading=\"lazy\" title=\"Libras \u00e9 uma l\u00edngua ou uma linguagem\" width=\"500\" height=\"281\" src=\"https:\/\/www.youtube.com\/embed\/Dsb7lWU2fPg?feature=oembed\" frameborder=\"0\" allow=\"accelerometer; autoplay; clipboard-write; encrypted-media; gyroscope; picture-in-picture; web-share\" referrerpolicy=\"strict-origin-when-cross-origin\" allowfullscreen><\/iframe>\n<\/div><\/figure>\n<\/div>\n\n\n\n<div class=\"wp-block-column is-layout-flow wp-block-column-is-layout-flow\">\n<figure class=\"wp-block-embed is-type-video is-provider-youtube wp-block-embed-youtube wp-embed-aspect-16-9 wp-has-aspect-ratio\"><div class=\"wp-block-embed__wrapper\">\n<iframe loading=\"lazy\" title=\"libras sinais de cumprimentos\" width=\"500\" height=\"281\" src=\"https:\/\/www.youtube.com\/embed\/l0ZjRTKn8gM?feature=oembed\" frameborder=\"0\" allow=\"accelerometer; autoplay; clipboard-write; encrypted-media; gyroscope; picture-in-picture; web-share\" referrerpolicy=\"strict-origin-when-cross-origin\" allowfullscreen><\/iframe>\n<\/div><\/figure>\n<\/div>\n<\/div>\n","protected":false},"excerpt":{"rendered":"<p>Acesse dicas, sinais, cursos, orienta\u00e7\u00f5es e solicita\u00e7\u00e3o de int\u00e9rpretes:<\/p>\n","protected":false},"author":10,"featured_media":0,"parent":43,"menu_order":0,"comment_status":"closed","ping_status":"closed","template":"","meta":{"_acf_changed":false,"_themeisle_gutenberg_block_has_review":false,"footnotes":""},"class_list":["post-389","page","type-page","status-publish","hentry"],"acf":[],"_links":{"self":[{"href":"https:\/\/sites.uel.br\/nac\/wp-json\/wp\/v2\/pages\/389","targetHints":{"allow":["GET"]}}],"collection":[{"href":"https:\/\/sites.uel.br\/nac\/wp-json\/wp\/v2\/pages"}],"about":[{"href":"https:\/\/sites.uel.br\/nac\/wp-json\/wp\/v2\/types\/page"}],"author":[{"embeddable":true,"href":"https:\/\/sites.uel.br\/nac\/wp-json\/wp\/v2\/users\/10"}],"replies":[{"embeddable":true,"href":"https:\/\/sites.uel.br\/nac\/wp-json\/wp\/v2\/comments?post=389"}],"version-history":[{"count":20,"href":"https:\/\/sites.uel.br\/nac\/wp-json\/wp\/v2\/pages\/389\/revisions"}],"predecessor-version":[{"id":739,"href":"https:\/\/sites.uel.br\/nac\/wp-json\/wp\/v2\/pages\/389\/revisions\/739"}],"up":[{"embeddable":true,"href":"https:\/\/sites.uel.br\/nac\/wp-json\/wp\/v2\/pages\/43"}],"wp:attachment":[{"href":"https:\/\/sites.uel.br\/nac\/wp-json\/wp\/v2\/media?parent=389"}],"curies":[{"name":"wp","href":"https:\/\/api.w.org\/{rel}","templated":true}]}}