{"id":233,"date":"2025-07-08T14:01:49","date_gmt":"2025-07-08T17:01:49","guid":{"rendered":"https:\/\/sites.uel.br\/nac\/?page_id=233"},"modified":"2026-03-30T17:44:10","modified_gmt":"2026-03-30T20:44:10","slug":"formacao-continuada","status":"publish","type":"page","link":"https:\/\/sites.uel.br\/nac\/suporte\/formacao-continuada\/","title":{"rendered":"Forma\u00e7\u00e3o Continuada"},"content":{"rendered":"\n<div style=\"height:38px\" aria-hidden=\"true\" class=\"wp-block-spacer\"><\/div>\n\n\n\n<p><strong>Programa Permanente de Forma\u00e7\u00e3o Continuada em Educa\u00e7\u00e3o Especial no Ensino Superior \/ UEL<\/strong><\/p>\n\n\n\n<p><strong>P\u00fablico Alvo:<\/strong> Docentes da educa\u00e7\u00e3o superior e demais interessados da comunidade interna.<\/p>\n\n\n\n<p>A presen\u00e7a de estudantes com defici\u00eancia na universidade \u00e9 uma conquista coletiva e exige o fortalecimento de pr\u00e1ticas pedag\u00f3gicas inclusivas. Nesse processo, os docentes tem um papel central na promo\u00e7\u00e3o do acesso, da perman\u00eancia e da participa\u00e7\u00e3o qualificada desses estudantes.<\/p>\n\n\n\n<p>Esta p\u00e1gina foi pensada para te apoiar nesse percurso. Aqui, voc\u00ea encontrar\u00e1 atividades&nbsp; formativas que abordam aspectos legais, pedag\u00f3gicos e pr\u00e1ticos relacionados \u00e0 educa\u00e7\u00e3o inclusiva no ensino superior. Esses encontros&nbsp;visam garantir forma\u00e7\u00e3o continuada aos docentes quanto \u00e0s praticas educacionais inclusivas, ampliando&nbsp;o olhar, oferecendo subs\u00eddios para a reflex\u00e3o, desenvolvimento de estrat\u00e9gias pedag\u00f3gicas&nbsp;e, principalmente, fortalecendo sua atua\u00e7\u00e3o junto \u00e0 diversidade dos estudantes na sala de aula.<\/p>\n\n\n\n<p>SEMANA PEDAG\u00d3GICA 2026 &#8211; <a href=\"https:\/\/sites.uel.br\/nac\/wp-content\/uploads\/2026\/03\/ORIENTACAO-PARA-ATENDIMENTO-DE-ESTUDANTES-PUBLICO-ALVO-DA-EDUCACAO-ESPECIAL-2.pdf\" data-type=\"link\" data-id=\"https:\/\/sites.uel.br\/nac\/wp-content\/uploads\/2026\/03\/ORIENTACAO-PARA-ATENDIMENTO-DE-ESTUDANTES-PUBLICO-ALVO-DA-EDUCACAO-ESPECIAL-2.pdf\"><strong>ADAPTA\u00c7\u00d5ES RAZO\u00c1VEIS PARA ATENDIMENTO DE ESTUDANTES P\u00daBLICO DA EDUCA\u00c7\u00c3O ESPECIAL<\/strong> <\/a><\/p>\n\n\n\n<div style=\"height:40px\" aria-hidden=\"true\" class=\"wp-block-spacer\"><\/div>\n\n\n\n<div class=\"wp-block-uel-card\">\n<h3 class=\"wp-block-heading\"><strong>Atividades cont\u00ednuas:<\/strong><\/h3>\n\n\n\n<div style=\"height:20px\" aria-hidden=\"true\" class=\"wp-block-spacer\"><\/div>\n\n\n\n<div class=\"wp-block-columns is-layout-flex wp-container-core-columns-is-layout-9d6595d7 wp-block-columns-is-layout-flex\">\n<div class=\"wp-block-column is-layout-flow wp-block-column-is-layout-flow\">\n<p><strong>1- Projeto de Pesquisa em Ensino: Grupo de Estudos Educa\u00e7\u00e3o Especial no Ensino Superior<\/strong><br><strong>Tema:<\/strong> Apoios para estudantes com defici\u00eancia, altas habilidades\/superdota\u00e7\u00e3o e transtornos funcionais espec\u00edficos<br><strong>Coordenadora:<\/strong> Profa. Dra. Ana M\u00e1rcia Tucci de Carvalho<br><strong>Encontros: <\/strong>reuni\u00f5es mensais com temas definidos a cada encontro.<\/p>\n\n\n\n<p><strong>P\u00fablico-alvo:<\/strong> docentes e servidores da institui\u00e7\u00e3o; alunos de Mestrado e Doutorado<br><strong> Para mais Informa\u00e7\u00f5es: <\/strong>nac@uel.br<\/p>\n\n\n\n<p>Conhe\u00e7a os temas trabalhados at\u00e9 o momento: <a href=\"https:\/\/sites.uel.br\/nac\/wp-content\/uploads\/2026\/01\/TEMAS-DISCUTIDOS-1.pdf\" data-type=\"link\" data-id=\"https:\/\/sites.uel.br\/nac\/wp-content\/uploads\/2026\/01\/TEMAS-DISCUTIDOS-1.pdf\" target=\"_blank\" rel=\"noreferrer noopener\">Clique aqui<\/a><\/p>\n<\/div>\n<\/div>\n\n\n\n<div style=\"height:15px\" aria-hidden=\"true\" class=\"wp-block-spacer\"><\/div>\n\n\n\n<div class=\"wp-block-group is-vertical is-layout-flex wp-container-core-group-is-layout-8cf370e7 wp-block-group-is-layout-flex\">\n<p><strong>2- Roda de Conversa\u00e7\u00e3o em Libras<\/strong><\/p>\n\n\n\n<p><strong>Tema:<\/strong> tem\u00e1ticos e variados<br><strong>Encontros:<\/strong> AGUARDE<br><strong>Inscri\u00e7\u00f5es: <\/strong>n\u00e3o \u00e9 necess\u00e1rio inscri\u00e7\u00e3o &#8211; aberto \u00e0 comunidade interna e externa<br><strong>Local: <\/strong>\u00e0 definir<br><strong>Importante: <\/strong>s\u00f3 vale se comunicar em LIBRAS!<\/p>\n<\/div>\n\n\n\n<div style=\"height:35px\" aria-hidden=\"true\" class=\"wp-block-spacer\"><\/div>\n\n\n\n<div class=\"wp-block-group is-vertical is-layout-flex wp-container-core-group-is-layout-8cf370e7 wp-block-group-is-layout-flex\">\n<div class=\"wp-block-group is-vertical is-layout-flex wp-container-core-group-is-layout-8cf370e7 wp-block-group-is-layout-flex\">\n<p><strong>3- <\/strong><strong>RODAS DE CONVERSA<\/strong> (mediante solicita\u00e7\u00e3o do Colegiado de Curso)<\/p>\n\n\n\n<p><strong>Solicita\u00e7\u00e3o:<\/strong> Via e-mail para nac@uel.br<\/p>\n\n\n\n<p><strong>Dura\u00e7\u00e3o:<\/strong> 90 minutos<\/p>\n\n\n\n<p><strong>Importante: <\/strong>M\u00ednimo de 10 docentes e\/ ou servidores<\/p>\n\n\n\n<p><strong>Temas dispon\u00edveis:<\/strong><\/p>\n\n\n\n<p>-Estudantes com altas habilidades\/superdota\u00e7\u00e3o: aprendizagem no ensino superior<\/p>\n\n\n\n<p>-Defici\u00eancia F\u00edsica: inclus\u00e3o al\u00e9m das barreiras arquitet\u00f4nicas<\/p>\n\n\n\n<p>-Ensino e aprendizagem do estudante surdo no ensino superior<\/p>\n\n\n\n<p>-Estudantes com defici\u00eancia visual \u2013 o que eu, professor, preciso fazer?<\/p>\n\n\n\n<p>-Inclus\u00e3o de estudantes com TEA \u2013 desafios e possibilidades<\/p>\n<\/div>\n\n\n\n<p><strong>* Outros temas ou conte\u00fados podem ser definidos diretamente com a equipe.<\/strong><\/p>\n<\/div>\n<\/div>\n\n\n\n<div class=\"wp-block-uel-card\">\n<h3 class=\"wp-block-heading\"><strong>Atividades Especiais:<\/strong><\/h3>\n\n\n\n<div style=\"height:20px\" aria-hidden=\"true\" class=\"wp-block-spacer\"><\/div>\n\n\n\n<div class=\"wp-block-group is-vertical is-layout-flex wp-container-core-group-is-layout-8cf370e7 wp-block-group-is-layout-flex\">\n<p><strong>1-<\/strong> <strong>Semin\u00e1rio sobre inclus\u00e3o no ensino superior<\/strong>:<\/p>\n\n\n\n<p><strong>Edi\u00e7\u00e3o VI\/ 2025:<\/strong> Desafios e Estrat\u00e9gias Inclusivas para Profissionais da Educa\u00e7\u00e3o<\/p>\n\n\n\n<p>Anais Edi\u00e7\u00f5es Anteriores: Aguarde!<\/p>\n<\/div>\n<\/div>\n\n\n\n<p><\/p>\n","protected":false},"excerpt":{"rendered":"<p>Programa Permanente de Forma\u00e7\u00e3o Continuada em Educa\u00e7\u00e3o Especial no Ensino Superior \/ UEL P\u00fablico Alvo: Docentes da educa\u00e7\u00e3o superior e demais interessados da comunidade interna. A presen\u00e7a de estudantes com defici\u00eancia na universidade \u00e9 uma conquista coletiva e exige o fortalecimento de pr\u00e1ticas pedag\u00f3gicas inclusivas. Nesse processo, os docentes tem um papel central na promo\u00e7\u00e3o [&hellip;]<\/p>\n","protected":false},"author":10,"featured_media":0,"parent":41,"menu_order":0,"comment_status":"closed","ping_status":"closed","template":"","meta":{"_acf_changed":false,"_themeisle_gutenberg_block_has_review":false,"footnotes":""},"class_list":["post-233","page","type-page","status-publish","hentry"],"acf":[],"_links":{"self":[{"href":"https:\/\/sites.uel.br\/nac\/wp-json\/wp\/v2\/pages\/233","targetHints":{"allow":["GET"]}}],"collection":[{"href":"https:\/\/sites.uel.br\/nac\/wp-json\/wp\/v2\/pages"}],"about":[{"href":"https:\/\/sites.uel.br\/nac\/wp-json\/wp\/v2\/types\/page"}],"author":[{"embeddable":true,"href":"https:\/\/sites.uel.br\/nac\/wp-json\/wp\/v2\/users\/10"}],"replies":[{"embeddable":true,"href":"https:\/\/sites.uel.br\/nac\/wp-json\/wp\/v2\/comments?post=233"}],"version-history":[{"count":54,"href":"https:\/\/sites.uel.br\/nac\/wp-json\/wp\/v2\/pages\/233\/revisions"}],"predecessor-version":[{"id":1077,"href":"https:\/\/sites.uel.br\/nac\/wp-json\/wp\/v2\/pages\/233\/revisions\/1077"}],"up":[{"embeddable":true,"href":"https:\/\/sites.uel.br\/nac\/wp-json\/wp\/v2\/pages\/41"}],"wp:attachment":[{"href":"https:\/\/sites.uel.br\/nac\/wp-json\/wp\/v2\/media?parent=233"}],"curies":[{"name":"wp","href":"https:\/\/api.w.org\/{rel}","templated":true}]}}