{"id":45,"date":"2023-09-13T17:23:07","date_gmt":"2023-09-13T20:23:07","guid":{"rendered":"https:\/\/sites.uel.br\/museuanatomia\/?page_id=45"},"modified":"2023-09-14T01:48:15","modified_gmt":"2023-09-14T04:48:15","slug":"noticias","status":"publish","type":"page","link":"https:\/\/sites.uel.br\/museuanatomia\/noticias\/","title":{"rendered":"Not\u00edcias"},"content":{"rendered":"\n<p><\/p>\n\n\n\n<div class=\"wp-block-columns is-layout-flex wp-container-core-columns-is-layout-9d6595d7 wp-block-columns-is-layout-flex\">\n<div class=\"wp-block-column is-layout-flow wp-block-column-is-layout-flow\" style=\"flex-basis:100%\">\n<div class=\"wp-block-group is-nowrap is-layout-flex wp-container-core-group-is-layout-ad2f72ca wp-block-group-is-layout-flex\"><ul class=\"wp-block-latest-posts__list has-dates wp-block-latest-posts\"><li><a class=\"wp-block-latest-posts__post-title\" href=\"https:\/\/sites.uel.br\/museuanatomia\/acervo\/2023\/09\/13\/explorando-o-conhecimento-alunos-de-zootecnia-e-medicina-veterinaria-da-uel-produzem-novas-pecas-para-o-museu-de-anatomia\/\">Explorando o conhecimento: Alunos de Zootecnia e Medicina Veterin\u00e1ria da UEL produzem novas pe\u00e7as para o museu de anatomia<\/a><time datetime=\"2023-09-13T23:54:37-03:00\" class=\"wp-block-latest-posts__post-date\">13 de setembro de 2023<\/time><div class=\"wp-block-latest-posts__post-excerpt\">Alunos da Universidade Estadual de Londrina est\u00e3o deixando sua marca no mundo da anatomia e da preserva\u00e7\u00e3o das esp\u00e9cies, \u00e0 medida que se envolvem em um projeto de montagem de novos esqueletos de animais para o museu de anatomia da UEL. Essa atividade combina n\u00e3o s\u00f3 o conhecimento acad\u00eamico, mas tamb\u00e9m habilidades pr\u00e1ticas, proporcionando uma experi\u00eancia valiosa aos estudantes. O\u2026 <a class=\"wp-block-latest-posts__read-more\" href=\"https:\/\/sites.uel.br\/museuanatomia\/acervo\/2023\/09\/13\/explorando-o-conhecimento-alunos-de-zootecnia-e-medicina-veterinaria-da-uel-produzem-novas-pecas-para-o-museu-de-anatomia\/\" rel=\"noopener noreferrer\">Leia mais<span class=\"screen-reader-text\">: Explorando o conhecimento: Alunos de Zootecnia e Medicina Veterin\u00e1ria da UEL produzem novas pe\u00e7as para o museu de anatomia<\/span><\/a><\/div><\/li>\n<li><a class=\"wp-block-latest-posts__post-title\" href=\"https:\/\/sites.uel.br\/museuanatomia\/pecas-emprestimo\/2021\/03\/21\/ola-mundo\/\">Li\u00e7\u00e3o de Anatomia<\/a><time datetime=\"2021-03-21T23:36:11-03:00\" class=\"wp-block-latest-posts__post-date\">21 de mar\u00e7o de 2021<\/time><div class=\"wp-block-latest-posts__post-excerpt\">Uma pr\u00e1tica de mais de 20 anos se tornou oficialmente uma atividade extensionista desde mar\u00e7o de 2022. Trata-se do projeto \u201cOrienta\u00e7\u00e3o e cess\u00e3o de pe\u00e7as anat\u00f4mica do Departamento de Anatomia (CCB) para professores do Ensino M\u00e9dio e Fundamental\u201d, coordenado pela professora Celia Cristina Fornaziero, e no qual participam tamb\u00e9m os professores Eduardo Carlos Ferreira Tonani e Leandro Lu\u00eds Martins, al\u00e9m\u2026 <a class=\"wp-block-latest-posts__read-more\" href=\"https:\/\/sites.uel.br\/museuanatomia\/pecas-emprestimo\/2021\/03\/21\/ola-mundo\/\" rel=\"noopener noreferrer\">Leia mais<span class=\"screen-reader-text\">: Li\u00e7\u00e3o de Anatomia<\/span><\/a><\/div><\/li>\n<\/ul><\/div>\n<\/div>\n<\/div>\n","protected":false},"excerpt":{"rendered":"","protected":false},"author":7,"featured_media":76,"parent":0,"menu_order":0,"comment_status":"closed","ping_status":"closed","template":"","meta":{"footnotes":""},"class_list":["post-45","page","type-page","status-publish","has-post-thumbnail","hentry"],"acf":[],"_links":{"self":[{"href":"https:\/\/sites.uel.br\/museuanatomia\/wp-json\/wp\/v2\/pages\/45","targetHints":{"allow":["GET"]}}],"collection":[{"href":"https:\/\/sites.uel.br\/museuanatomia\/wp-json\/wp\/v2\/pages"}],"about":[{"href":"https:\/\/sites.uel.br\/museuanatomia\/wp-json\/wp\/v2\/types\/page"}],"author":[{"embeddable":true,"href":"https:\/\/sites.uel.br\/museuanatomia\/wp-json\/wp\/v2\/users\/7"}],"replies":[{"embeddable":true,"href":"https:\/\/sites.uel.br\/museuanatomia\/wp-json\/wp\/v2\/comments?post=45"}],"version-history":[{"count":11,"href":"https:\/\/sites.uel.br\/museuanatomia\/wp-json\/wp\/v2\/pages\/45\/revisions"}],"predecessor-version":[{"id":133,"href":"https:\/\/sites.uel.br\/museuanatomia\/wp-json\/wp\/v2\/pages\/45\/revisions\/133"}],"wp:featuredmedia":[{"embeddable":true,"href":"https:\/\/sites.uel.br\/museuanatomia\/wp-json\/wp\/v2\/media\/76"}],"wp:attachment":[{"href":"https:\/\/sites.uel.br\/museuanatomia\/wp-json\/wp\/v2\/media?parent=45"}],"curies":[{"name":"wp","href":"https:\/\/api.w.org\/{rel}","templated":true}]}}