{"id":12,"date":"2023-09-13T16:59:09","date_gmt":"2023-09-13T19:59:09","guid":{"rendered":"https:\/\/sites.uel.br\/museuanatomia\/?page_id=12"},"modified":"2023-09-14T14:04:03","modified_gmt":"2023-09-14T17:04:03","slug":"apresentacao","status":"publish","type":"page","link":"https:\/\/sites.uel.br\/museuanatomia\/apresentacao\/","title":{"rendered":"Apresenta\u00e7\u00e3o"},"content":{"rendered":"\n<p>\u00c9 um projeto de mais de 20 anos que se tornou oficialmente uma atividade extensionista da Universidade Estadual de Londrina (UEL) em maio de 2023. O projeto \u201c Programa do museu did\u00e1tico Professor Carlos da Costa Branco de atendimento \u00e0 sociedade: Museu de Anatomia da UEL\u201d criado no Departamento de Anatomia\u00a0 (CCB), \u00e9 coordenado pelo Professor Leandro Lu\u00eds Martins, onde tamb\u00e9m conta com a participa\u00e7\u00e3o de Professores dos departamentos de Anatomia e Histologia , al\u00e9m de estudantes do curso de  Medicina, Odontologia, Enfermagem, Educa\u00e7\u00e3o F\u00edsica, Biomedicina, Medicina Veterin\u00e1ria, Zootecnia entre outros. O projeto visa disponibilizar para visita\u00e7\u00e3o um acervo de mais de 600 pe\u00e7as anat\u00f4micas, onde inclui \u00f3rg\u00e3os humanos e de diversos animais, dom\u00e9sticos e selvagens. Al\u00e9m da exposi\u00e7\u00e3o das pe\u00e7as, o projeto tamb\u00e9m busca educar os alunos do Ensino M\u00e9dio, Fundamental, Tecnol\u00f3gico e Universit\u00e1rio sobre anatomia e sa\u00fade, fornecendo informa\u00e7\u00f5es t\u00e9cnicas e dicas de sa\u00fade sobre cada pe\u00e7a, tornando o aprendizado pr\u00e1tico e envolvente.<\/p>\n\n\n\n<p>Esta pr\u00e1tica n\u00e3o enriquece apenas a educa\u00e7\u00e3o nas escolas, mas tamb\u00e9m envolve os estudantes da UEL na manuten\u00e7\u00e3o e montagem das pe\u00e7as do museu, promovendo a aprendizagem pr\u00e1tica e incentivando a busca pelo conhecimento. Ele tamb\u00e9m contribui para a conscientiza\u00e7\u00e3o da comunidade, refor\u00e7ando a import\u00e2ncia da educa\u00e7\u00e3o na promo\u00e7\u00e3o do atendimento do funcionamento do corpo humano e da anatomia dos animais<\/p>\n","protected":false},"excerpt":{"rendered":"<p>\u00c9 um projeto de mais de 20 anos que se tornou oficialmente uma atividade extensionista da Universidade Estadual de Londrina (UEL) em maio de 2023. O projeto \u201c Programa do museu did\u00e1tico Professor Carlos da Costa Branco de atendimento \u00e0 sociedade: Museu de Anatomia da UEL\u201d criado no Departamento de Anatomia\u00a0 (CCB), \u00e9 coordenado pelo [&hellip;]<\/p>\n","protected":false},"author":7,"featured_media":0,"parent":0,"menu_order":0,"comment_status":"closed","ping_status":"closed","template":"","meta":{"footnotes":""},"class_list":["post-12","page","type-page","status-publish","hentry"],"acf":[],"_links":{"self":[{"href":"https:\/\/sites.uel.br\/museuanatomia\/wp-json\/wp\/v2\/pages\/12","targetHints":{"allow":["GET"]}}],"collection":[{"href":"https:\/\/sites.uel.br\/museuanatomia\/wp-json\/wp\/v2\/pages"}],"about":[{"href":"https:\/\/sites.uel.br\/museuanatomia\/wp-json\/wp\/v2\/types\/page"}],"author":[{"embeddable":true,"href":"https:\/\/sites.uel.br\/museuanatomia\/wp-json\/wp\/v2\/users\/7"}],"replies":[{"embeddable":true,"href":"https:\/\/sites.uel.br\/museuanatomia\/wp-json\/wp\/v2\/comments?post=12"}],"version-history":[{"count":6,"href":"https:\/\/sites.uel.br\/museuanatomia\/wp-json\/wp\/v2\/pages\/12\/revisions"}],"predecessor-version":[{"id":139,"href":"https:\/\/sites.uel.br\/museuanatomia\/wp-json\/wp\/v2\/pages\/12\/revisions\/139"}],"wp:attachment":[{"href":"https:\/\/sites.uel.br\/museuanatomia\/wp-json\/wp\/v2\/media?parent=12"}],"curies":[{"name":"wp","href":"https:\/\/api.w.org\/{rel}","templated":true}]}}