{"id":18,"date":"2023-05-30T12:09:23","date_gmt":"2023-05-30T15:09:23","guid":{"rendered":"https:\/\/sites.uel.br\/museu\/?page_id=18"},"modified":"2023-07-10T09:44:28","modified_gmt":"2023-07-10T12:44:28","slug":"apresentacao","status":"publish","type":"page","link":"https:\/\/sites.uel.br\/museu\/apresentacao\/","title":{"rendered":"Apresenta\u00e7\u00e3o"},"content":{"rendered":"\n<p><\/p>\n\n\n\n<div class=\"wp-block-media-text alignwide has-media-on-the-right is-stacked-on-mobile\" style=\"grid-template-columns:auto 47%\"><div class=\"wp-block-media-text__content\">\n<p class=\"has-cinza-color has-text-color has-medium-font-size\">SOBRE O MUSEU HIST\u00d3RICO DE LONDRINA \u201cPADRE CARLOS WEISS\u201d<\/p>\n\n\n\n<p><\/p>\n\n\n\n<p class=\"has-small-font-size\">O Museu Hist\u00f3rico de Londrina \u201cPe. Carlos Weiss\u201d iniciou suas atividades em 1970, nos por\u00f5es do Col\u00e9gio Hugo Simas, por iniciativa de professores e estudantes do Curso de Hist\u00f3ria. No ano de 1974 transformou-se em \u00d3rg\u00e3o Suplementar da Universidade Estadual de Londrina (UEL) e em 1986 passou a ocupar o pr\u00e9dio da antiga Esta\u00e7\u00e3o Ferrovi\u00e1ria de Londrina. O Museu Hist\u00f3rico de Londrina desenvolve a\u00e7\u00f5es para salvaguarda do patrim\u00f4nio hist\u00f3rico, subsidia atividades acad\u00eamicas na UEL, serve como campo de est\u00e1gio para diversos cursos e constitui-se em espa\u00e7o din\u00e2mico para movimentos e a\u00e7\u00f5es culturais e educativas da cidade e regi\u00e3o, promovendo a reflex\u00e3o cr\u00edtica da experi\u00eancia hist\u00f3rica por meio de atividades acad\u00eamicas, sociais, cient\u00edficas, tecnol\u00f3gicas e culturais.<\/p>\n\n\n\n<p><\/p>\n<\/div><figure class=\"wp-block-media-text__media\"><img loading=\"lazy\" decoding=\"async\" width=\"1280\" height=\"960\" src=\"https:\/\/sites.uel.br\/museu\/wp-content\/uploads\/2023\/05\/2d1a65a4-c205-4fe3-9dac-2efae434efaa.jpg\" alt=\"\" class=\"wp-image-16 size-full\" \/><\/figure><\/div>\n\n\n\n<p><\/p>\n\n\n\n<p class=\"has-small-font-size\">O Museu Hist\u00f3rico de Londrina desenvolve a\u00e7\u00f5es para salvaguarda do patrim\u00f4nio hist\u00f3rico, frui\u00e7\u00e3o, ensino\/pesquisa\/extens\u00e3o e a\u00e7\u00f5es culturais. Segue um descritivo da import\u00e2ncia deste Museu para a UEL e toda sociedade:<\/p>\n\n\n\n<p class=\"has-text-align-left has-small-font-size\">1- O Museu \u00e9 um espa\u00e7o acad\u00eamico, onde s\u00e3o realizadas aulas da gradua\u00e7\u00e3o (dos mais variados cursos), espa\u00e7o para pesquisa e desenvolvimento de projetos de extens\u00e3o e se constitui em campo de est\u00e1gio para diversos cursos (da UEL e de diversas outras universidades): hist\u00f3ria, arquitetura, turismo, ci\u00eancias sociais, moda, design gr\u00e1fico, artes visuais e pl\u00e1sticas, filosofia etc.<br>2- Constitui-se em espa\u00e7o din\u00e2mico de a\u00e7\u00f5es culturais da cidade e regi\u00e3o. O Museu \u00e9 palco de realiza\u00e7\u00e3o de diversas atividades, como teatro, recitais, semanas tem\u00e1ticas, oficinas, palestras, cursos, eventos comemorativos, lan\u00e7amento de livros, debates, proje\u00e7\u00e3o de filmes e muito mais.<br>3- Configura-se em espa\u00e7o de pesquisa sobre a hist\u00f3ria de Londrina e regi\u00e3o. O Museu guarda mais de um milh\u00e3o e duzentos mil itens e \u00e9 muito procurado pela popula\u00e7\u00e3o londrinense, estudantes, imprensa e pesquisadores. No acervo de Imagem e Som, contamos com depoimentos orais de moradores de Londrina, coletadas desde a d\u00e9cada de 70, al\u00e9m das cole\u00e7\u00f5es fotogr\u00e1ficas de todos os maiores fot\u00f3grafos que registraram o surgimento e crescimento da cidade por meio de suas lentes. Tamb\u00e9m temos a hist\u00f3ria da cidade contado a partir dos objetos tridimensionais \u2013 outro acervo &#8211; e, por fim, o acervo de documentos em papel e peri\u00f3dicos, tamb\u00e9m revelando a hist\u00f3ria por meio da especificidade dessa documenta\u00e7\u00e3o.<br>4- Na parte da A\u00e7\u00e3o Educativa, o Museu recebe escolas municipais, estaduais e particulares, que s\u00e3o agendadas, para visita\u00e7\u00e3o da exposi\u00e7\u00e3o hist\u00f3rica \u2013 de longa dura\u00e7\u00e3o &#8211; e da exposi\u00e7\u00e3o tempor\u00e1ria.<\/p>\n\n\n\n<p class=\"has-small-font-size\">O Museu Hist\u00f3rico Pe. Carlos Weiss, como \u00d3rg\u00e3o Suplementar da Universidade Estadual de Londrina, configura-se em um espa\u00e7o de presta\u00e7\u00e3o de servi\u00e7os referente \u00e0 cultura, ensino e pesquisa e de acolhimento da popula\u00e7\u00e3o de Londrina e regi\u00e3o. Constitui-se em mais um dos bra\u00e7os que a UEL estende ao Munic\u00edpio.<\/p>\n\n\n\n<p class=\"has-text-align-center has-cinza-color has-text-color has-medium-font-size\">V\u00eddeo da inaugura\u00e7\u00e3o da Esta\u00e7\u00e3o Ferrovi\u00e1ria de Londrina, pr\u00e9dio que hoje abriga o Museu Hist\u00f3rico de Londrina. Inaugurada em 20 de julho de 1950, encerrou suas atividades no ano de 1982. <\/p>\n\n\n\n<figure class=\"wp-block-embed aligncenter is-type-video is-provider-youtube wp-block-embed-youtube wp-embed-aspect-4-3 wp-has-aspect-ratio\"><div class=\"wp-block-embed__wrapper\">\n<iframe loading=\"lazy\" title=\"INAUGURA\u00c7\u00c3O ESTA\u00c7\u00c3O FERROVI\u00c1RIA DE LONDRINA - PR\" width=\"500\" height=\"375\" src=\"https:\/\/www.youtube.com\/embed\/5Zo7NGYvkFw?feature=oembed\" frameborder=\"0\" allow=\"accelerometer; autoplay; clipboard-write; encrypted-media; gyroscope; picture-in-picture; web-share\" referrerpolicy=\"strict-origin-when-cross-origin\" allowfullscreen><\/iframe>\n<\/div><\/figure>\n\n\n\n<p class=\"has-text-align-center has-text-color has-medium-font-size\" style=\"color:#838b8b\">Fa\u00e7a um tour pelo Museu Hist\u00f3rico de Londrina, clicando no v\u00eddeo abaixo:<\/p>\n\n\n\n<figure class=\"wp-block-embed is-type-video is-provider-youtube wp-block-embed-youtube wp-embed-aspect-16-9 wp-has-aspect-ratio\"><div class=\"wp-block-embed__wrapper\">\n<iframe loading=\"lazy\" title=\"VISITA VIRTUAL AO MUSEU HIST\u00d3RICO DE LONDRINA\" width=\"500\" height=\"281\" src=\"https:\/\/www.youtube.com\/embed\/ixTrXPsZdaM?feature=oembed\" frameborder=\"0\" allow=\"accelerometer; autoplay; clipboard-write; encrypted-media; gyroscope; picture-in-picture; web-share\" referrerpolicy=\"strict-origin-when-cross-origin\" allowfullscreen><\/iframe>\n<\/div><\/figure>\n","protected":false},"excerpt":{"rendered":"<p>SOBRE O MUSEU HIST\u00d3RICO DE LONDRINA \u201cPADRE CARLOS WEISS\u201d O Museu Hist\u00f3rico de Londrina \u201cPe. Carlos Weiss\u201d iniciou suas atividades em 1970, nos por\u00f5es do Col\u00e9gio Hugo Simas, por iniciativa de professores e estudantes do Curso de Hist\u00f3ria. No ano de 1974 transformou-se em \u00d3rg\u00e3o Suplementar da Universidade Estadual de Londrina (UEL) e em 1986 [&hellip;]<\/p>\n","protected":false},"author":7,"featured_media":0,"parent":0,"menu_order":0,"comment_status":"closed","ping_status":"closed","template":"","meta":{"footnotes":""},"class_list":["post-18","page","type-page","status-publish","hentry"],"acf":[],"_links":{"self":[{"href":"https:\/\/sites.uel.br\/museu\/wp-json\/wp\/v2\/pages\/18","targetHints":{"allow":["GET"]}}],"collection":[{"href":"https:\/\/sites.uel.br\/museu\/wp-json\/wp\/v2\/pages"}],"about":[{"href":"https:\/\/sites.uel.br\/museu\/wp-json\/wp\/v2\/types\/page"}],"author":[{"embeddable":true,"href":"https:\/\/sites.uel.br\/museu\/wp-json\/wp\/v2\/users\/7"}],"replies":[{"embeddable":true,"href":"https:\/\/sites.uel.br\/museu\/wp-json\/wp\/v2\/comments?post=18"}],"version-history":[{"count":24,"href":"https:\/\/sites.uel.br\/museu\/wp-json\/wp\/v2\/pages\/18\/revisions"}],"predecessor-version":[{"id":844,"href":"https:\/\/sites.uel.br\/museu\/wp-json\/wp\/v2\/pages\/18\/revisions\/844"}],"wp:attachment":[{"href":"https:\/\/sites.uel.br\/museu\/wp-json\/wp\/v2\/media?parent=18"}],"curies":[{"name":"wp","href":"https:\/\/api.w.org\/{rel}","templated":true}]}}

Apresentação

<p></p>



<div class="wp-block-media-text alignwide has-media-on-the-right is-stacked-on-mobile" style="grid-template-columns:auto 47%"><div class="wp-block-media-text__content">
<p class="has-cinza-color has-text-color has-medium-font-size">SOBRE O MUSEU HISTÓRICO DE LONDRINA “PADRE CARLOS WEISS”</p>



<p></p>



<p class="has-small-font-size">O Museu Histórico de Londrina “Pe. Carlos Weiss” iniciou suas atividades em 1970, nos porões do Colégio Hugo Simas, por iniciativa de professores e estudantes do Curso de História. No ano de 1974 transformou-se em Órgão Suplementar da Universidade Estadual de Londrina (UEL) e em 1986 passou a ocupar o prédio da antiga Estação Ferroviária de Londrina. O Museu Histórico de Londrina desenvolve ações para salvaguarda do patrimônio histórico, subsidia atividades acadêmicas na UEL, serve como campo de estágio para diversos cursos e constitui-se em espaço dinâmico para movimentos e ações culturais e educativas da cidade e região, promovendo a reflexão crítica da experiência histórica por meio de atividades acadêmicas, sociais, científicas, tecnológicas e culturais.</p>



<p></p>
</div><figure class="wp-block-media-text__media"><img loading="lazy" decoding="async" width="1280" height="960" src="https://sites.uel.br/museu/wp-content/uploads/2023/05/2d1a65a4-c205-4fe3-9dac-2efae434efaa.jpg" alt="" class="wp-image-16 size-full" /></figure></div>



<p></p>



<p class="has-small-font-size">O Museu Histórico de Londrina desenvolve ações para salvaguarda do patrimônio histórico, fruição, ensino/pesquisa/extensão e ações culturais. Segue um descritivo da importância deste Museu para a UEL e toda sociedade:</p>



<p class="has-text-align-left has-small-font-size">1- O Museu é um espaço acadêmico, onde são realizadas aulas da graduação (dos mais variados cursos), espaço para pesquisa e desenvolvimento de projetos de extensão e se constitui em campo de estágio para diversos cursos (da UEL e de diversas outras universidades): história, arquitetura, turismo, ciências sociais, moda, design gráfico, artes visuais e plásticas, filosofia etc.<br>2- Constitui-se em espaço dinâmico de ações culturais da cidade e região. O Museu é palco de realização de diversas atividades, como teatro, recitais, semanas temáticas, oficinas, palestras, cursos, eventos comemorativos, lançamento de livros, debates, projeção de filmes e muito mais.<br>3- Configura-se em espaço de pesquisa sobre a história de Londrina e região. O Museu guarda mais de um milhão e duzentos mil itens e é muito procurado pela população londrinense, estudantes, imprensa e pesquisadores. No acervo de Imagem e Som, contamos com depoimentos orais de moradores de Londrina, coletadas desde a década de 70, além das coleções fotográficas de todos os maiores fotógrafos que registraram o surgimento e crescimento da cidade por meio de suas lentes. Também temos a história da cidade contado a partir dos objetos tridimensionais – outro acervo &#8211; e, por fim, o acervo de documentos em papel e periódicos, também revelando a história por meio da especificidade dessa documentação.<br>4- Na parte da Ação Educativa, o Museu recebe escolas municipais, estaduais e particulares, que são agendadas, para visitação da exposição histórica – de longa duração &#8211; e da exposição temporária.</p>



<p class="has-small-font-size">O Museu Histórico Pe. Carlos Weiss, como Órgão Suplementar da Universidade Estadual de Londrina, configura-se em um espaço de prestação de serviços referente à cultura, ensino e pesquisa e de acolhimento da população de Londrina e região. Constitui-se em mais um dos braços que a UEL estende ao Município.</p>



<p class="has-text-align-center has-cinza-color has-text-color has-medium-font-size">Vídeo da inauguração da Estação Ferroviária de Londrina, prédio que hoje abriga o Museu Histórico de Londrina. Inaugurada em 20 de julho de 1950, encerrou suas atividades no ano de 1982. </p>



<figure class="wp-block-embed aligncenter is-type-video is-provider-youtube wp-block-embed-youtube wp-embed-aspect-4-3 wp-has-aspect-ratio"><div class="wp-block-embed__wrapper">
<iframe loading="lazy" title="INAUGURAÇÃO ESTAÇÃO FERROVIÁRIA DE LONDRINA - PR" width="500" height="375" src="https://www.youtube.com/embed/5Zo7NGYvkFw?feature=oembed" frameborder="0" allow="accelerometer; autoplay; clipboard-write; encrypted-media; gyroscope; picture-in-picture; web-share" referrerpolicy="strict-origin-when-cross-origin" allowfullscreen></iframe>
</div></figure>



<p class="has-text-align-center has-text-color has-medium-font-size" style="color:#838b8b">Faça um tour pelo Museu Histórico de Londrina, clicando no vídeo abaixo:</p>



<figure class="wp-block-embed is-type-video is-provider-youtube wp-block-embed-youtube wp-embed-aspect-16-9 wp-has-aspect-ratio"><div class="wp-block-embed__wrapper">
<iframe loading="lazy" title="VISITA VIRTUAL AO MUSEU HISTÓRICO DE LONDRINA" width="500" height="281" src="https://www.youtube.com/embed/ixTrXPsZdaM?feature=oembed" frameborder="0" allow="accelerometer; autoplay; clipboard-write; encrypted-media; gyroscope; picture-in-picture; web-share" referrerpolicy="strict-origin-when-cross-origin" allowfullscreen></iframe>
</div></figure>

<p>SOBRE O MUSEU HISTÓRICO DE LONDRINA “PADRE CARLOS WEISS” O Museu Histórico de Londrina “Pe. Carlos Weiss” iniciou suas atividades em 1970, nos porões do Colégio Hugo Simas, por iniciativa de professores e estudantes do Curso de História. No ano de 1974 transformou-se em Órgão Suplementar da Universidade Estadual de Londrina (UEL) e em 1986 [&hellip;]</p>
