{"id":51,"date":"2023-08-21T14:42:18","date_gmt":"2023-08-21T17:42:18","guid":{"rendered":"https:\/\/sites.uel.br\/mct\/?page_id=51"},"modified":"2026-02-05T10:42:40","modified_gmt":"2026-02-05T13:42:40","slug":"agendamentos","status":"publish","type":"page","link":"https:\/\/sites.uel.br\/mct\/agendamentos\/","title":{"rendered":"AGENDAMENTOS"},"content":{"rendered":"\n<p class=\"has-verde-background-color has-background has-large-font-size\"><strong>INSTRU\u00c7\u00d5ES PARA AGENDAMENTO NO MUSEU DE CI\u00caNCIA E TECNOLOGIA DA UEL (MCT)<\/strong><\/p>\n\n\n\n<p class=\"has-large-font-size\"><strong>O MCT tem taxa de atendimento, conforme explicado abaixo:<\/strong><\/p>\n\n\n\n<p style=\"font-size:24px\"><strong><mark style=\"background-color:#ffffff;color:#fe0000\" class=\"has-inline-color\">Escola P\u00fablica<\/mark>:<\/strong> R$ 40,00 para cada turma de at\u00e9 25 pessoas.<\/p>\n\n\n\n<p style=\"font-size:24px\"><strong><mark style=\"background-color:#ffffff;color:#ff0000\" class=\"has-inline-color\">Escola Particular<\/mark>:<\/strong> R$ 80,00 para cada turma de at\u00e9 25 pessoas.<\/p>\n\n\n\n<p style=\"font-size:24px\"><strong>Obs.: <\/strong>25 pessoas = <mark style=\"background-color:#ffff00\" class=\"has-inline-color\"><strong>Professores + alunos<\/strong><\/mark>.<\/p>\n\n\n\n<p><\/p>\n\n\n\n<p class=\"has-x-large-font-size\"><strong><mark style=\"background-color:#ffffff;color:#ff0000\" class=\"has-inline-color\">Siga as instru\u00e7\u00f5es abaixo para agendar a sua visita:<\/mark><\/strong><\/p>\n\n\n\n<p style=\"font-size:20px\">1. O pr\u00e9-agendamento \u00e9 realizado <strong><mark style=\"background-color:#fee000\" class=\"has-inline-color\">apenas pelo telefone 3371-4805<\/mark><\/strong>, e ser\u00e1 somente para os<mark style=\"background-color:#ffffff;color:#ff0000\" class=\"has-inline-color\"> dois meses subsequentes.<\/mark><br><strong><mark style=\"background-color:#ffff00\" class=\"has-inline-color\">Ex.<\/mark>:<\/strong> Ligando no m\u00eas de Janeiro, voc\u00ea poder\u00e1 marcar para os meses de Fevereiro e\/ou Mar\u00e7o.<\/p>\n\n\n\n<p style=\"font-size:20px\">2. Feito o pr\u00e9-agendamento, voc\u00ea receber\u00e1 um e-mail com as informa\u00e7\u00f5es e procedimentos necess\u00e1rios para que o seu agendamento seja efetivado.<\/p>\n\n\n\n<p style=\"font-size:20px\">3. O pagamento da taxa somente poder\u00e1 ser feito via <mark style=\"background-color:#ffffff;color:#ff0101\" class=\"has-inline-color\">PIX (QR Code ou chave)<\/mark><mark style=\"background-color:#ffffff\" class=\"has-inline-color\">.<\/mark><br><strong><mark style=\"background-color:#ffff00\" class=\"has-inline-color\">Obs<\/mark>.: <\/strong>Estes dados ser\u00e3o enviados por e-mail ap\u00f3s o pr\u00e9-agendamento.<\/p>\n\n\n\n<p style=\"font-size:20px\">4. Enviar o comprovante de pagamento, via e-mail do MCT, com <mark style=\"background-color:#ffffff;color:#ff0000\" class=\"has-inline-color\">at\u00e9 uma semana (7 dias) antes do dia da visita<\/mark>, para efetivar o agendamento. <br><strong><mark style=\"background-color:#fcfc00\" class=\"has-inline-color\">Ex.<\/mark>: <\/strong>Se a visita est\u00e1 marcada para a quinta-feira, 19\/02, o comprovante de pagamento deve ser enviado at\u00e9 a quinta-feira anterior, ou seja, 12\/02.<\/p>\n\n\n\n<p class=\"has-text-align-left\" style=\"font-size:20px\">5. Caso o comprovante de pagamento n\u00e3o seja enviado dentro do prazo estipulado,<mark style=\"background-color:#fe0000\" class=\"has-inline-color\"> <\/mark><strong><mark style=\"background-color:#fe0000;color:#fefefe\" class=\"has-inline-color\">o agendamento ser\u00e1 cancelado<\/mark><\/strong><mark style=\"background-color:#fe0000\" class=\"has-inline-color has-cinza-claro-color\">.<\/mark><\/p>\n\n\n\n<p><\/p>\n\n\n\n<p><\/p>\n\n\n\n<p style=\"font-size:24px\"><mark style=\"background-color:#ffea00\" class=\"has-inline-color\">EM CASO DE D\u00daVIDAS E\/OU OUTROS ESCLARECIMENTOS ENTRAR EM CONTATO PELO TELEFONE<\/mark>: <strong><mark style=\"background-color:#f90000;color:#ffffff\" class=\"has-inline-color\">43 3371-4805<\/mark><\/strong><mark style=\"background-color:#f90000\" class=\"has-inline-color\">.<\/mark><\/p>\n\n\n\n<p><\/p>\n","protected":false},"excerpt":{"rendered":"<p>INSTRU\u00c7\u00d5ES PARA AGENDAMENTO NO MUSEU DE CI\u00caNCIA E TECNOLOGIA DA UEL (MCT) O MCT tem taxa de atendimento, conforme explicado abaixo: Escola P\u00fablica: R$ 40,00 para cada turma de at\u00e9 25 pessoas. Escola Particular: R$ 80,00 para cada turma de at\u00e9 25 pessoas. Obs.: 25 pessoas = Professores + alunos. Siga as instru\u00e7\u00f5es abaixo para [&hellip;]<\/p>\n","protected":false},"author":8,"featured_media":0,"parent":0,"menu_order":0,"comment_status":"closed","ping_status":"closed","template":"","meta":{"footnotes":""},"class_list":["post-51","page","type-page","status-publish","hentry"],"acf":[],"_links":{"self":[{"href":"https:\/\/sites.uel.br\/mct\/wp-json\/wp\/v2\/pages\/51","targetHints":{"allow":["GET"]}}],"collection":[{"href":"https:\/\/sites.uel.br\/mct\/wp-json\/wp\/v2\/pages"}],"about":[{"href":"https:\/\/sites.uel.br\/mct\/wp-json\/wp\/v2\/types\/page"}],"author":[{"embeddable":true,"href":"https:\/\/sites.uel.br\/mct\/wp-json\/wp\/v2\/users\/8"}],"replies":[{"embeddable":true,"href":"https:\/\/sites.uel.br\/mct\/wp-json\/wp\/v2\/comments?post=51"}],"version-history":[{"count":23,"href":"https:\/\/sites.uel.br\/mct\/wp-json\/wp\/v2\/pages\/51\/revisions"}],"predecessor-version":[{"id":89,"href":"https:\/\/sites.uel.br\/mct\/wp-json\/wp\/v2\/pages\/51\/revisions\/89"}],"wp:attachment":[{"href":"https:\/\/sites.uel.br\/mct\/wp-json\/wp\/v2\/media?parent=51"}],"curies":[{"name":"wp","href":"https:\/\/api.w.org\/{rel}","templated":true}]}}