{"id":25,"date":"2024-09-27T15:50:50","date_gmt":"2024-09-27T18:50:50","guid":{"rendered":"https:\/\/sites.uel.br\/ligapsicanalise\/?page_id=25"},"modified":"2024-09-27T16:06:25","modified_gmt":"2024-09-27T19:06:25","slug":"institucional","status":"publish","type":"page","link":"https:\/\/sites.uel.br\/ligapsicanalise\/","title":{"rendered":"Apresenta\u00e7\u00e3o"},"content":{"rendered":"\n<div class=\"wp-block-media-text is-stacked-on-mobile\" style=\"grid-template-columns:32% auto\"><figure class=\"wp-block-media-text__media\"><img loading=\"lazy\" decoding=\"async\" width=\"404\" height=\"409\" src=\"https:\/\/sites.uel.br\/ligapsicanalise\/wp-content\/uploads\/2024\/09\/LAP-UEL-INSTA-.png\" alt=\"\" class=\"wp-image-38 size-full\" srcset=\"https:\/\/sites.uel.br\/ligapsicanalise\/wp-content\/uploads\/2024\/09\/LAP-UEL-INSTA-.png 404w, https:\/\/sites.uel.br\/ligapsicanalise\/wp-content\/uploads\/2024\/09\/LAP-UEL-INSTA--296x300.png 296w\" sizes=\"auto, (max-width: 404px) 100vw, 404px\" \/><\/figure><div class=\"wp-block-media-text__content\">\n<p>A Liga Acad\u00eamica de Psican\u00e1lise da Universidade Estadual de Londrina foi idealizada a partir do desejo de alguns estudantes de psicologia da UEL de se aprofundarem mais sobre os conhecimentos e terem mais experi\u00eancia (te\u00f3rico, t\u00e9cnico-cient\u00edfico) na gradua\u00e7\u00e3o no campo da psican\u00e1lise. A partir de um dos pilares da universidade, o ensino, a LAP-UEL se faz presente e conta com a Prof\u00aa. Dra. Ma\u00edra Bonaf\u00e9 Sei com o encargo de professora diretora da liga.<\/p>\n<\/div><\/div>\n\n\n\n<p><\/p>\n","protected":false},"excerpt":{"rendered":"<p>A Liga Acad\u00eamica de Psican\u00e1lise da Universidade Estadual de Londrina foi idealizada a partir do desejo de alguns estudantes de psicologia da UEL de se aprofundarem mais sobre os conhecimentos e terem mais experi\u00eancia (te\u00f3rico, t\u00e9cnico-cient\u00edfico) na gradua\u00e7\u00e3o no campo da psican\u00e1lise. A partir de um dos pilares da universidade, o ensino, a LAP-UEL se [&hellip;]<\/p>\n","protected":false},"author":8,"featured_media":0,"parent":0,"menu_order":0,"comment_status":"closed","ping_status":"closed","template":"","meta":{"_acf_changed":false,"footnotes":""},"class_list":["post-25","page","type-page","status-publish","hentry"],"acf":[],"_links":{"self":[{"href":"https:\/\/sites.uel.br\/ligapsicanalise\/wp-json\/wp\/v2\/pages\/25","targetHints":{"allow":["GET"]}}],"collection":[{"href":"https:\/\/sites.uel.br\/ligapsicanalise\/wp-json\/wp\/v2\/pages"}],"about":[{"href":"https:\/\/sites.uel.br\/ligapsicanalise\/wp-json\/wp\/v2\/types\/page"}],"author":[{"embeddable":true,"href":"https:\/\/sites.uel.br\/ligapsicanalise\/wp-json\/wp\/v2\/users\/8"}],"replies":[{"embeddable":true,"href":"https:\/\/sites.uel.br\/ligapsicanalise\/wp-json\/wp\/v2\/comments?post=25"}],"version-history":[{"count":4,"href":"https:\/\/sites.uel.br\/ligapsicanalise\/wp-json\/wp\/v2\/pages\/25\/revisions"}],"predecessor-version":[{"id":39,"href":"https:\/\/sites.uel.br\/ligapsicanalise\/wp-json\/wp\/v2\/pages\/25\/revisions\/39"}],"wp:attachment":[{"href":"https:\/\/sites.uel.br\/ligapsicanalise\/wp-json\/wp\/v2\/media?parent=25"}],"curies":[{"name":"wp","href":"https:\/\/api.w.org\/{rel}","templated":true}]}}