{"id":170,"date":"2021-07-13T15:34:46","date_gmt":"2021-07-13T18:34:46","guid":{"rendered":"https:\/\/sites.uel.br\/lgpd\/?page_id=170"},"modified":"2021-07-13T15:35:30","modified_gmt":"2021-07-13T18:35:30","slug":"tc-v1","status":"publish","type":"page","link":"https:\/\/sites.uel.br\/lgpd\/tc-v1\/","title":{"rendered":"Termos de Consentimento  (Vers\u00e3o 1, 13 de Julho de 2021)"},"content":{"rendered":"\n<p><\/p>\n\n\n\n<p><strong>Termo de consentimento para o tratamento de dados pessoais<\/strong><\/p>\n\n\n\n<p>Eu concordo, de forma livre, informada e inequ\u00edvoca, com o tratamento de Dados Pessoais, pela Universidade Estadual de Londrina (UEL), assim como institui\u00e7\u00f5es, empresas e \u00f3rg\u00e3os que estejam sob administra\u00e7\u00e3o direta da UEL,&nbsp; de acordo com as finalidades e pr\u00e1ticas descritas na Pol\u00edtica de Privacidade de Dados da UEL, que pode ser localizada no seguinte endere\u00e7o www.uel.br\/lgpd.<\/p>\n\n\n\n<p>Estou ciente de que meus dados pessoais ser\u00e3o tratados, independente de consentimento, para o cumprimento de obriga\u00e7\u00e3o legal ou regulat\u00f3ria, para o tratamento e uso compartilhado de dados necess\u00e1rios \u00e0 execu\u00e7\u00e3o de pol\u00edticas p\u00fablicas previstas em leis e regulamentos ou respaldadas institucionalmente.<\/p>\n\n\n\n<p>Informa\u00e7\u00f5es complementares sobre a Pol\u00edtica de Privacidade de Dados Pessoais, da UEL, assim como orienta\u00e7\u00f5es sobre pr\u00e1ticas de prote\u00e7\u00e3o de seus dados, poder\u00e3o ser localizadas no portal <a href=\"http:\/\/www.uel.br\/lgpd\">www.uel.br\/lgpd<\/a>.<\/p>\n\n\n\n<p><strong>Termo de Consentimento &#8211; SEBEC<\/strong><\/p>\n\n\n\n<p>Concedo o acesso de meus dados pessoais, assim como das informa\u00e7\u00f5es e dados socioecon\u00f4micos, constantes em meu cadastro na UEL, pelo Servi\u00e7o de Bem Estar da Comunidade (SEBEC), para a promo\u00e7\u00e3o de pol\u00edticas de assist\u00eancia e acompanhamento social, autorizando o envio de comunica\u00e7\u00f5es, inclusive de forma ativa, pelos meios de contatos, por mim informados.<\/p>\n","protected":false},"excerpt":{"rendered":"<p>Termo de consentimento para o tratamento de dados pessoais Eu concordo, de forma livre, informada e inequ\u00edvoca, com o tratamento de Dados Pessoais, pela Universidade Estadual de Londrina (UEL), assim como institui\u00e7\u00f5es, empresas e \u00f3rg\u00e3os que estejam sob administra\u00e7\u00e3o direta da UEL,&nbsp; de acordo com as finalidades e pr\u00e1ticas descritas na Pol\u00edtica de Privacidade de [&hellip;]<\/p>\n","protected":false},"author":1,"featured_media":0,"parent":0,"menu_order":0,"comment_status":"closed","ping_status":"closed","template":"","meta":{"footnotes":""},"_links":{"self":[{"href":"https:\/\/sites.uel.br\/lgpd\/wp-json\/wp\/v2\/pages\/170"}],"collection":[{"href":"https:\/\/sites.uel.br\/lgpd\/wp-json\/wp\/v2\/pages"}],"about":[{"href":"https:\/\/sites.uel.br\/lgpd\/wp-json\/wp\/v2\/types\/page"}],"author":[{"embeddable":true,"href":"https:\/\/sites.uel.br\/lgpd\/wp-json\/wp\/v2\/users\/1"}],"replies":[{"embeddable":true,"href":"https:\/\/sites.uel.br\/lgpd\/wp-json\/wp\/v2\/comments?post=170"}],"version-history":[{"count":3,"href":"https:\/\/sites.uel.br\/lgpd\/wp-json\/wp\/v2\/pages\/170\/revisions"}],"predecessor-version":[{"id":176,"href":"https:\/\/sites.uel.br\/lgpd\/wp-json\/wp\/v2\/pages\/170\/revisions\/176"}],"wp:attachment":[{"href":"https:\/\/sites.uel.br\/lgpd\/wp-json\/wp\/v2\/media?parent=170"}],"curies":[{"name":"wp","href":"https:\/\/api.w.org\/{rel}","templated":true}]}}

Termos de Consentimento  (Versão 1, 13 de Julho de 2021)

<p></p>



<p><strong>Termo de consentimento para o tratamento de dados pessoais</strong></p>



<p>Eu concordo, de forma livre, informada e inequívoca, com o tratamento de Dados Pessoais, pela Universidade Estadual de Londrina (UEL), assim como instituições, empresas e órgãos que estejam sob administração direta da UEL,&nbsp; de acordo com as finalidades e práticas descritas na Política de Privacidade de Dados da UEL, que pode ser localizada no seguinte endereço www.uel.br/lgpd.</p>



<p>Estou ciente de que meus dados pessoais serão tratados, independente de consentimento, para o cumprimento de obrigação legal ou regulatória, para o tratamento e uso compartilhado de dados necessários à execução de políticas públicas previstas em leis e regulamentos ou respaldadas institucionalmente.</p>



<p>Informações complementares sobre a Política de Privacidade de Dados Pessoais, da UEL, assim como orientações sobre práticas de proteção de seus dados, poderão ser localizadas no portal <a href="http://www.uel.br/lgpd">www.uel.br/lgpd</a>.</p>



<p><strong>Termo de Consentimento &#8211; SEBEC</strong></p>



<p>Concedo o acesso de meus dados pessoais, assim como das informações e dados socioeconômicos, constantes em meu cadastro na UEL, pelo Serviço de Bem Estar da Comunidade (SEBEC), para a promoção de políticas de assistência e acompanhamento social, autorizando o envio de comunicações, inclusive de forma ativa, pelos meios de contatos, por mim informados.</p>

<p>Termo de consentimento para o tratamento de dados pessoais Eu concordo, de forma livre, informada e inequívoca, com o tratamento de Dados Pessoais, pela Universidade Estadual de Londrina (UEL), assim como instituições, empresas e órgãos que estejam sob administração direta da UEL,&nbsp; de acordo com as finalidades e práticas descritas na Política de Privacidade de [&hellip;]</p>
