{"id":15,"date":"2021-05-13T13:11:19","date_gmt":"2021-05-13T16:11:19","guid":{"rendered":"https:\/\/sites.uel.br\/lgpd\/?page_id=15"},"modified":"2023-05-09T15:57:17","modified_gmt":"2023-05-09T18:57:17","slug":"leis-e-regulamentos","status":"publish","type":"page","link":"https:\/\/sites.uel.br\/lgpd\/leis-e-regulamentos\/","title":{"rendered":"Leis e Regulamentos"},"content":{"rendered":"\n<p><\/p>\n\n\n\n<p><a rel=\"noreferrer noopener\" href=\"http:\/\/www.planalto.gov.br\/ccivil_03\/_Ato2015-2018\/2018\/Lei\/L13709compilado.htm\" target=\"_blank\">Lei n\u00ba 13.709, de 14 de agosto de&nbsp;2018<\/a> (Lei Geral de Prote\u00e7\u00e3o de Dados Pessoais &#8211; LGPD)<\/p>\n\n\n\n<p><a href=\"https:\/\/sites.uel.br\/lgpd\/wp-content\/uploads\/2023\/05\/Politica_de_Privacidade_UEL.pdf\" data-type=\"URL\" data-id=\"https:\/\/sites.uel.br\/lgpd\/wp-content\/uploads\/2023\/05\/Politica_de_Privacidade_UEL.pdf\" target=\"_blank\" rel=\"noreferrer noopener\">Pol\u00edtica de Prote\u00e7\u00e3o de Dados (PPD-UEL)<\/a><\/p>\n\n\n\n<p><a href=\"https:\/\/sites.uel.br\/lgpd\/wp-content\/uploads\/2023\/05\/Politica_de_Privacidade_UEL.pdf\" data-type=\"URL\" data-id=\"https:\/\/sites.uel.br\/lgpd\/wp-content\/uploads\/2023\/05\/Politica_de_Privacidade_UEL.pdf\" target=\"_blank\" rel=\"noreferrer noopener\">Resolu\u00e7\u00e3o que Institui a Pol\u00edtica de Privacidade de Dados Pessoais, na UEL (Resolu\u00e7\u00e3o C.U. n\u00ba 013\/2023)<\/a><\/p>\n\n\n\n<p><a rel=\"noreferrer noopener\" href=\"https:\/\/sites.uel.br\/lgpd\/wp-content\/uploads\/2023\/05\/Comite_de_TI.pdf\" data-type=\"URL\" data-id=\"https:\/\/sites.uel.br\/lgpd\/wp-content\/uploads\/2023\/05\/Comite_de_TI.pdf\" target=\"_blank\">Ato Executivo que institui o Comit\u00ea de Tecnologia da Informa\u00e7\u00e3o no \u00e2mbito da UEL (Ato Executivo n\u00ba 027\/2023)<\/a> &#8211; P\u00e1gina do Comit\u00ea de T.I. da UEL (<a href=\"https:\/\/sites.uel.br\/ati\/cti\" target=\"_blank\" rel=\"noreferrer noopener\">https:\/\/sites.uel.br\/ati\/cti<\/a>)<\/p>\n\n\n\n<p><a href=\"https:\/\/sites.uel.br\/lgpd\/wp-content\/uploads\/2023\/05\/Comite_de_Seguranca_de_Dados.pdf.pdf\" data-type=\"URL\" data-id=\"https:\/\/sites.uel.br\/lgpd\/wp-content\/uploads\/2023\/05\/Comite_de_Seguranca_de_Dados.pdf.pdf\" target=\"_blank\" rel=\"noreferrer noopener\">Ato Executivo que institui o Comit\u00ea de Seguran\u00e7a da Tecnologia da Informa\u00e7\u00e3o no \u00e2mbito da UEL<\/a><\/p>\n\n\n\n<p><a href=\"..\/tc-v1\/\">Modelo de Termo de Consentimento (TC-UEL)<\/a><\/p>\n\n\n\n<p><\/p>\n","protected":false},"excerpt":{"rendered":"<p>Lei n\u00ba 13.709, de 14 de agosto de&nbsp;2018 (Lei Geral de Prote\u00e7\u00e3o de Dados Pessoais &#8211; LGPD) Pol\u00edtica de Prote\u00e7\u00e3o de Dados (PPD-UEL) Resolu\u00e7\u00e3o que Institui a Pol\u00edtica de Privacidade de Dados Pessoais, na UEL (Resolu\u00e7\u00e3o C.U. n\u00ba 013\/2023) Ato Executivo que institui o Comit\u00ea de Tecnologia da Informa\u00e7\u00e3o no \u00e2mbito da UEL (Ato Executivo [&hellip;]<\/p>\n","protected":false},"author":7,"featured_media":0,"parent":0,"menu_order":0,"comment_status":"closed","ping_status":"closed","template":"","meta":{"footnotes":""},"_links":{"self":[{"href":"https:\/\/sites.uel.br\/lgpd\/wp-json\/wp\/v2\/pages\/15"}],"collection":[{"href":"https:\/\/sites.uel.br\/lgpd\/wp-json\/wp\/v2\/pages"}],"about":[{"href":"https:\/\/sites.uel.br\/lgpd\/wp-json\/wp\/v2\/types\/page"}],"author":[{"embeddable":true,"href":"https:\/\/sites.uel.br\/lgpd\/wp-json\/wp\/v2\/users\/7"}],"replies":[{"embeddable":true,"href":"https:\/\/sites.uel.br\/lgpd\/wp-json\/wp\/v2\/comments?post=15"}],"version-history":[{"count":11,"href":"https:\/\/sites.uel.br\/lgpd\/wp-json\/wp\/v2\/pages\/15\/revisions"}],"predecessor-version":[{"id":319,"href":"https:\/\/sites.uel.br\/lgpd\/wp-json\/wp\/v2\/pages\/15\/revisions\/319"}],"wp:attachment":[{"href":"https:\/\/sites.uel.br\/lgpd\/wp-json\/wp\/v2\/media?parent=15"}],"curies":[{"name":"wp","href":"https:\/\/api.w.org\/{rel}","templated":true}]}}

<p></p>



<p><a rel="noreferrer noopener" href="http://www.planalto.gov.br/ccivil_03/_Ato2015-2018/2018/Lei/L13709compilado.htm" target="_blank">Lei nº 13.709, de 14 de agosto de&nbsp;2018</a> (Lei Geral de Proteção de Dados Pessoais &#8211; LGPD)</p>



<p><a href="https://sites.uel.br/lgpd/wp-content/uploads/2023/05/Politica_de_Privacidade_UEL.pdf" data-type="URL" data-id="https://sites.uel.br/lgpd/wp-content/uploads/2023/05/Politica_de_Privacidade_UEL.pdf" target="_blank" rel="noreferrer noopener">Política de Proteção de Dados (PPD-UEL)</a></p>



<p><a href="https://sites.uel.br/lgpd/wp-content/uploads/2023/05/Politica_de_Privacidade_UEL.pdf" data-type="URL" data-id="https://sites.uel.br/lgpd/wp-content/uploads/2023/05/Politica_de_Privacidade_UEL.pdf" target="_blank" rel="noreferrer noopener">Resolução que Institui a Política de Privacidade de Dados Pessoais, na UEL (Resolução C.U. nº 013/2023)</a></p>



<p><a rel="noreferrer noopener" href="https://sites.uel.br/lgpd/wp-content/uploads/2023/05/Comite_de_TI.pdf" data-type="URL" data-id="https://sites.uel.br/lgpd/wp-content/uploads/2023/05/Comite_de_TI.pdf" target="_blank">Ato Executivo que institui o Comitê de Tecnologia da Informação no âmbito da UEL (Ato Executivo nº 027/2023)</a> &#8211; Página do Comitê de T.I. da UEL (<a href="https://sites.uel.br/ati/cti" target="_blank" rel="noreferrer noopener">https://sites.uel.br/ati/cti</a>)</p>



<p><a href="https://sites.uel.br/lgpd/wp-content/uploads/2023/05/Comite_de_Seguranca_de_Dados.pdf.pdf" data-type="URL" data-id="https://sites.uel.br/lgpd/wp-content/uploads/2023/05/Comite_de_Seguranca_de_Dados.pdf.pdf" target="_blank" rel="noreferrer noopener">Ato Executivo que institui o Comitê de Segurança da Tecnologia da Informação no âmbito da UEL</a></p>



<p><a href="../tc-v1/">Modelo de Termo de Consentimento (TC-UEL)</a></p>



<p></p>

<p>Lei nº 13.709, de 14 de agosto de&nbsp;2018 (Lei Geral de Proteção de Dados Pessoais &#8211; LGPD) Política de Proteção de Dados (PPD-UEL) Resolução que Institui a Política de Privacidade de Dados Pessoais, na UEL (Resolução C.U. nº 013/2023) Ato Executivo que institui o Comitê de Tecnologia da Informação no âmbito da UEL (Ato Executivo [&hellip;]</p>
