{"id":4347,"date":"2025-01-08T11:26:55","date_gmt":"2025-01-08T14:26:55","guid":{"rendered":"https:\/\/sites.uel.br\/lesfem\/?page_id=4347"},"modified":"2025-12-05T19:55:15","modified_gmt":"2025-12-05T22:55:15","slug":"contatos-2","status":"publish","type":"page","link":"https:\/\/sites.uel.br\/lesfem\/contatos-2\/","title":{"rendered":"Contatos"},"content":{"rendered":"\n<p><strong>Localiza\u00e7\u00e3o<\/strong><\/p>\n\n\n\n<p>Rodovia Celso Garcia Cid | Pr 445 Km 380 | Campus Universit\u00e1rio \u2013 Cx. Postal 10.011 | CEP 86.057-970 | Londrina \u2013 PR<\/p>\n\n\n\n<p><strong>Meios de Comunica\u00e7\u00e3o<\/strong><\/p>\n\n\n\n<p>Email:&nbsp;lesfem@uel.br<\/p>\n\n\n\n<p>Instagram:&nbsp;<a href=\"https:\/\/instagram.com\/lesfem.br?igshid=MzRlODBiNWFlZA==\" target=\"_blank\" rel=\"noreferrer noopener\">@lesfem.br<\/a><\/p>\n\n\n\n<p>Whatsapp: (43) 3371-4943<\/p>\n","protected":false},"excerpt":{"rendered":"<p>Localiza\u00e7\u00e3o Rodovia Celso Garcia Cid | Pr 445 Km 380 | Campus Universit\u00e1rio \u2013 Cx. Postal 10.011 | CEP 86.057-970 | Londrina \u2013 PR Meios de Comunica\u00e7\u00e3o Email:&nbsp;lesfem@uel.br Instagram:&nbsp;@lesfem.br Whatsapp: (43) 3371-4943<\/p>\n","protected":false},"author":8,"featured_media":0,"parent":0,"menu_order":0,"comment_status":"closed","ping_status":"closed","template":"","meta":{"_acf_changed":false,"_gspb_post_css":"","footnotes":""},"class_list":["post-4347","page","type-page","status-publish","hentry"],"acf":[],"_links":{"self":[{"href":"https:\/\/sites.uel.br\/lesfem\/wp-json\/wp\/v2\/pages\/4347","targetHints":{"allow":["GET"]}}],"collection":[{"href":"https:\/\/sites.uel.br\/lesfem\/wp-json\/wp\/v2\/pages"}],"about":[{"href":"https:\/\/sites.uel.br\/lesfem\/wp-json\/wp\/v2\/types\/page"}],"author":[{"embeddable":true,"href":"https:\/\/sites.uel.br\/lesfem\/wp-json\/wp\/v2\/users\/8"}],"replies":[{"embeddable":true,"href":"https:\/\/sites.uel.br\/lesfem\/wp-json\/wp\/v2\/comments?post=4347"}],"version-history":[{"count":5,"href":"https:\/\/sites.uel.br\/lesfem\/wp-json\/wp\/v2\/pages\/4347\/revisions"}],"predecessor-version":[{"id":4920,"href":"https:\/\/sites.uel.br\/lesfem\/wp-json\/wp\/v2\/pages\/4347\/revisions\/4920"}],"wp:attachment":[{"href":"https:\/\/sites.uel.br\/lesfem\/wp-json\/wp\/v2\/media?parent=4347"}],"curies":[{"name":"wp","href":"https:\/\/api.w.org\/{rel}","templated":true}]}}