{"id":28,"date":"2024-10-30T16:08:53","date_gmt":"2024-10-30T19:08:53","guid":{"rendered":"https:\/\/sites.uel.br\/lerr\/?page_id=28"},"modified":"2024-11-05T14:24:21","modified_gmt":"2024-11-05T17:24:21","slug":"fontes-para-estudo","status":"publish","type":"page","link":"https:\/\/sites.uel.br\/lerr\/fontes-para-estudo\/","title":{"rendered":"Fontes para estudo"},"content":{"rendered":"\n<ul class=\"wp-block-list\">\n<li><a href=\"https:\/\/sites.uel.br\/lerr\/wp-content\/uploads\/2024\/11\/dessecularizacaoLERR.pdf\">A desseculariza\u00e7\u00e3o do mundo &#8211; uma vis\u00e3o global<\/a><\/li>\n\n\n\n<li><a href=\"https:\/\/sites.uel.br\/lerr\/wp-content\/uploads\/2024\/11\/avoltadeDEUSLERR.pdf\">A volta de Deus, S. P. Rouanet<\/a><\/li>\n\n\n\n<li><a href=\"https:\/\/sites.uel.br\/lerr\/wp-content\/uploads\/2024\/11\/secularizacaodessecularizacaoLERR.pdf\">Seculariza\u00e7\u00e3o e desseculariza\u00e7\u00e3o &#8211; coment\u00e1rios a um texto<\/a><\/li>\n\n\n\n<li><a href=\"https:\/\/sites.uel.br\/lerr\/wp-content\/uploads\/2024\/11\/textosNaqHammadiLERR.pdf\">A Biblioteca Copta de Nag Hammadi: uma hist\u00f3ria de pesquisa<\/a><a href=\"http:\/\/www.uel.br\/laboratorios\/religiosidade\/pages\/arquivos\/avoltadeDEUSLERR.pdf\"><br><\/a><\/li>\n<\/ul>\n\n\n\n<p><\/p>\n","protected":false},"excerpt":{"rendered":"","protected":false},"author":8,"featured_media":0,"parent":0,"menu_order":0,"comment_status":"closed","ping_status":"closed","template":"","meta":{"_acf_changed":false,"footnotes":""},"class_list":["post-28","page","type-page","status-publish","hentry"],"acf":[],"_links":{"self":[{"href":"https:\/\/sites.uel.br\/lerr\/wp-json\/wp\/v2\/pages\/28","targetHints":{"allow":["GET"]}}],"collection":[{"href":"https:\/\/sites.uel.br\/lerr\/wp-json\/wp\/v2\/pages"}],"about":[{"href":"https:\/\/sites.uel.br\/lerr\/wp-json\/wp\/v2\/types\/page"}],"author":[{"embeddable":true,"href":"https:\/\/sites.uel.br\/lerr\/wp-json\/wp\/v2\/users\/8"}],"replies":[{"embeddable":true,"href":"https:\/\/sites.uel.br\/lerr\/wp-json\/wp\/v2\/comments?post=28"}],"version-history":[{"count":6,"href":"https:\/\/sites.uel.br\/lerr\/wp-json\/wp\/v2\/pages\/28\/revisions"}],"predecessor-version":[{"id":127,"href":"https:\/\/sites.uel.br\/lerr\/wp-json\/wp\/v2\/pages\/28\/revisions\/127"}],"wp:attachment":[{"href":"https:\/\/sites.uel.br\/lerr\/wp-json\/wp\/v2\/media?parent=28"}],"curies":[{"name":"wp","href":"https:\/\/api.w.org\/{rel}","templated":true}]}}