{"id":188,"date":"2024-11-06T16:30:00","date_gmt":"2024-11-06T19:30:00","guid":{"rendered":"https:\/\/sites.uel.br\/lerr\/?page_id=188"},"modified":"2025-09-17T14:02:21","modified_gmt":"2025-09-17T17:02:21","slug":"seminarios","status":"publish","type":"page","link":"https:\/\/sites.uel.br\/lerr\/seminarios\/","title":{"rendered":"Semin\u00e1rios e Anais"},"content":{"rendered":"\n<div class=\"wp-block-group\"><div class=\"wp-block-group__inner-container is-layout-constrained wp-block-group-is-layout-constrained\">\n<div class=\"wp-block-group\"><div class=\"wp-block-group__inner-container is-layout-constrained wp-block-group-is-layout-constrained\">\n<h2 class=\"wp-block-heading\">XI Semin\u00e1rio de Pesquisa 2025<\/h2>\n\n\n\n<ul class=\"wp-block-list\">\n<li><a href=\"https:\/\/sites.uel.br\/lerr\/wp-content\/uploads\/2025\/09\/minicursos.pdf\">Hor\u00e1rio e local do minicurso<\/a><\/li>\n\n\n\n<li><a href=\"https:\/\/sites.uel.br\/lerr\/wp-content\/uploads\/2025\/09\/Lista-de-trabalhos-2025-atualizada.pdf\" data-type=\"link\" data-id=\"https:\/\/sites.uel.br\/lerr\/wp-content\/uploads\/2025\/09\/Lista-de-trabalhos-aprovados-2025.pdf\">Lista de trabalhos aprovados<\/a><\/li>\n\n\n\n<li><a href=\"https:\/\/sites.uel.br\/lerr\/wp-content\/uploads\/2025\/09\/mesas-redondas-atualizada-17-09.pdf\">Links e hor\u00e1rios das mesas redondas<\/a><\/li>\n\n\n\n<li><a href=\"https:\/\/sites.uel.br\/lerr\/wp-content\/uploads\/2025\/09\/cartaz-atualizado-2025.pdf\">Programa\u00e7\u00e3o 2025<\/a><\/li>\n\n\n\n<li><a href=\"https:\/\/sites.uel.br\/lerr\/wp-content\/uploads\/2025\/07\/Grupos-de-trabalho-2025-1.pdf\">Grupos de Trabalho<\/a><\/li>\n\n\n\n<li><a href=\"https:\/\/sites.uel.br\/lerr\/wp-content\/uploads\/2025\/07\/Template-2025-1.docx\">Modelo Trabalho Completo 2025<\/a> <\/li>\n\n\n\n<li><a href=\"https:\/\/www.sistemasweb.uel.br\/index.php?contents=system\/insc\/index.php&amp;pagina=view\/inscricoes\/seleciona_evento.php&amp;cod_evento=10461\">Inscri\u00e7\u00f5es<\/a> (encerradas)<\/li>\n\n\n\n<li><a href=\"https:\/\/anais.uel.br\/portal\/index.php\/lerr\/index\">Anais do XI Semin\u00e1rio de Pesquisa do LERR (2025)<\/a><\/li>\n\n\n\n<li>D\u00favidas: seminariointernacionallerr@gmail.com<\/li>\n<\/ul>\n<\/div><\/div>\n\n\n\n<h2 class=\"wp-block-heading\">X Semin\u00e1rio de Pesquisa 2023<\/h2>\n<\/div><\/div>\n\n\n\n<ul class=\"wp-block-list\">\n<li><a href=\"https:\/\/sites.uel.br\/lerr\/wp-content\/uploads\/2025\/07\/apresentacao-2023.pdf\">Apresenta\u00e7\u00e3o<\/a><\/li>\n\n\n\n<li><a href=\"https:\/\/sites.uel.br\/lerr\/wp-content\/uploads\/2025\/07\/Expediante-2023-atual.pdf\">Expediente<\/a><\/li>\n\n\n\n<li><a href=\"https:\/\/sites.uel.br\/lerr\/wp-content\/uploads\/2025\/07\/programacao-2023.pdf\">Programa\u00e7\u00e3o 2023<\/a><\/li>\n\n\n\n<li><a href=\"https:\/\/sites.uel.br\/lerr\/wp-content\/uploads\/2025\/07\/Resumos-Aprovados.pdf\">Resumos Aprovados<\/a><\/li>\n\n\n\n<li><a href=\"https:\/\/sites.uel.br\/lerr\/wp-content\/uploads\/2025\/07\/Template-2023.docx\">Modelo Trabalho Completo 2023<\/a><\/li>\n\n\n\n<li><a href=\"https:\/\/anais.uel.br\/portal\/index.php\/lerr\/issue\/archive\">Anais do X Semin\u00e1rio de Pesquisa do LERR (2023)<\/a><\/li>\n<\/ul>\n\n\n\n<h2 class=\"wp-block-heading\">IX Semin\u00e1rio de Pesquisa 2021<\/h2>\n\n\n\n<ul class=\"wp-block-list\">\n<li><a href=\"https:\/\/sites.uel.br\/lerr\/wp-content\/uploads\/2025\/07\/Apresentacao-2021.pdf\">Apresenta\u00e7\u00e3o<\/a><\/li>\n\n\n\n<li><a href=\"https:\/\/sites.uel.br\/lerr\/wp-content\/uploads\/2025\/07\/Expediante-2021.pdf\">Expediente<\/a><\/li>\n\n\n\n<li><a href=\"https:\/\/sites.uel.br\/lerr\/wp-content\/uploads\/2025\/07\/Programacao-2021.pdf\">Programa\u00e7\u00e3o 2021<\/a><\/li>\n\n\n\n<li><a href=\"https:\/\/sites.uel.br\/lerr\/wp-content\/uploads\/2025\/07\/Ensalamento-2021.pdf\">Ensalamento<\/a><\/li>\n\n\n\n<li><a href=\"https:\/\/sites.uel.br\/lerr\/wp-content\/uploads\/2025\/07\/Lancamento-dos-livros-2021.pdf\">Lan\u00e7amento de livros<\/a><\/li>\n\n\n\n<li><a href=\"https:\/\/sites.uel.br\/lerr\/wp-content\/uploads\/2025\/07\/Normas-para-submissao-2021.pdf\">Normas para Submiss\u00e3o de Trabalhos<\/a><\/li>\n\n\n\n<li><a href=\"http:\/\/Modelo Resumo Expandido\">Modelo Resumo Expandido<\/a><\/li>\n\n\n\n<li><a href=\"https:\/\/sites.uel.br\/lerr\/wp-content\/uploads\/2025\/07\/Template-2021.docx\">Modelo Trabalho Completo<\/a><\/li>\n\n\n\n<li><a href=\"https:\/\/sites.uel.br\/lerr\/wp-content\/uploads\/2025\/07\/Anais-2021.pdf\">Anais do IX Semin\u00e1rio de Pesquisa do LERR (2021)<\/a><\/li>\n<\/ul>\n\n\n\n<h2 class=\"wp-block-heading\">Semin\u00e1rio Tem\u00e1tico Pr\u00e1xis Itinerante 2020 &#8211; POP RUA<\/h2>\n\n\n\n<ul class=\"wp-block-list\">\n<li><a href=\"https:\/\/www.youtube.com\/watch?v=PxQNRCcfj6Q\">Live dispon\u00edvel<\/a><\/li>\n\n\n\n<li><a href=\"https:\/\/www.youtube.com\/watch?v=ksWXE8AcULU\">Live dispon\u00edvel<\/a><\/li>\n<\/ul>\n\n\n\n<h2 class=\"wp-block-heading\">Semin\u00e1rio Tem\u00e1tico Pr\u00e1xis Itinerante 2019 &#8211; POP RUA<\/h2>\n\n\n\n<ul class=\"wp-block-list\">\n<li><a href=\"https:\/\/sites.uel.br\/lerr\/wp-content\/uploads\/2025\/07\/Relatorio-Final-2019.pdf\">Relat\u00f3rio Final<\/a><\/li>\n<\/ul>\n\n\n\n<h2 class=\"wp-block-heading\">VIII Semin\u00e1rio de pesquisa 2019<\/h2>\n\n\n\n<ul class=\"wp-block-list\">\n<li><a href=\"https:\/\/sites.uel.br\/lerr\/wp-content\/uploads\/2025\/07\/Instrucoes-2019.pdf\">Instru\u00e7\u00f5es para submiss\u00e3o<\/a><\/li>\n\n\n\n<li><a href=\"https:\/\/sites.uel.br\/lerr\/wp-content\/uploads\/2025\/07\/Normas-submissao-2019.pdf\">Normas para submiss\u00e3o de trabalho<\/a><\/li>\n\n\n\n<li><a href=\"https:\/\/sites.uel.br\/lerr\/wp-content\/uploads\/2025\/07\/programacao-2019.pdf\">Programa\u00e7\u00e3o 2019<\/a><\/li>\n\n\n\n<li><a href=\"https:\/\/sites.uel.br\/lerr\/wp-content\/uploads\/2025\/07\/Anais-2019.pdf\">Anais do VIII Semin\u00e1rio de Pesquisa do LERR (2019)<\/a><\/li>\n<\/ul>\n\n\n\n<h2 class=\"wp-block-heading\">Workshop LSA 2019<\/h2>\n\n\n\n<ul class=\"wp-block-list\">\n<li><a href=\"https:\/\/sites.uel.br\/lerr\/wp-content\/uploads\/2025\/07\/galeria-de-fotos-workshop.pdf\">Galeria de Fotos<\/a><\/li>\n\n\n\n<li><a href=\"https:\/\/sites.uel.br\/lerr\/wp-content\/uploads\/2025\/07\/programacao.jpg\">Programa\u00e7\u00e3o<\/a><\/li>\n\n\n\n<li><a href=\"https:\/\/www.ubi.pt\/Evento\/9271\">Mat\u00e9ria do Evento<\/a><\/li>\n<\/ul>\n\n\n\n<h2 class=\"wp-block-heading\">VI Semin\u00e1rio de Pesquisa 2017<\/h2>\n\n\n\n<ul class=\"wp-block-list\">\n<li><a href=\"https:\/\/sites.uel.br\/lerr\/wp-content\/uploads\/2025\/07\/programacao-2017.pdf\">Programa\u00e7\u00e3o 2017<\/a><\/li>\n\n\n\n<li><a href=\"https:\/\/sites.uel.br\/lerr\/wp-content\/uploads\/2025\/07\/Expediente-2017.pdf\">Expediente<\/a><\/li>\n\n\n\n<li><a href=\"https:\/\/sites.uel.br\/lerr\/wp-content\/uploads\/2025\/07\/Anais-2017.pdf\">Anais do VI Semin\u00e1rio de Pesquisa do LERR (2017)<\/a><\/li>\n<\/ul>\n\n\n\n<h2 class=\"wp-block-heading\">IV Semin\u00e1rio de Pesquisa 2016<\/h2>\n\n\n\n<ul class=\"wp-block-list\">\n<li><a href=\"https:\/\/sites.uel.br\/lerr\/wp-content\/uploads\/2025\/07\/Expediente-2016.pdf\">Expediente<\/a><\/li>\n\n\n\n<li><a href=\"https:\/\/sites.uel.br\/lerr\/wp-content\/uploads\/2025\/07\/programacao-2016.pdf\">Programa\u00e7\u00e3o 2016<\/a><\/li>\n\n\n\n<li><a href=\"https:\/\/sites.uel.br\/lerr\/wp-content\/uploads\/2025\/07\/Anais-2016.pdf\">Anais do IV Semin\u00e1rio de Pesquisa do LERR (2016)<\/a><\/li>\n<\/ul>\n\n\n\n<h2 class=\"wp-block-heading\">III Semin\u00e1rio de Pesquisa 2015<\/h2>\n\n\n\n<ul class=\"wp-block-list\">\n<li><a href=\"https:\/\/sites.uel.br\/lerr\/wp-content\/uploads\/2025\/07\/programacao-2015.pdf\">Programa\u00e7\u00e3o 2015<\/a><\/li>\n\n\n\n<li><a href=\"https:\/\/sites.uel.br\/lerr\/wp-content\/uploads\/2025\/07\/Anais-2015.pdf\">Anais do III Semin\u00e1rio de Pesquisa do LERR (2015)<\/a><\/li>\n<\/ul>\n\n\n\n<h2 class=\"wp-block-heading\">II Semin\u00e1rio de Pesquisa 2014<\/h2>\n\n\n\n<ul class=\"wp-block-list\">\n<li><a href=\"https:\/\/sites.uel.br\/lerr\/wp-content\/uploads\/2025\/07\/Anais-2014.pdf\">Anais do II Semin\u00e1rio de Pesquisa do LERR (2014)<\/a><\/li>\n<\/ul>\n\n\n\n<h2 class=\"wp-block-heading\">I Encontro GT Hist\u00f3ria das Religi\u00f5es e das Religiosidades (PR e SC)<\/h2>\n\n\n\n<ul class=\"wp-block-list\">\n<li><a href=\"https:\/\/sites.uel.br\/lerr\/wp-content\/uploads\/2025\/07\/imagem-de-capa_2_3_merged.pdf\">Programa\u00e7\u00e3o<\/a><\/li>\n<\/ul>\n","protected":false},"excerpt":{"rendered":"<p>XI Semin\u00e1rio de Pesquisa 2025 X Semin\u00e1rio de Pesquisa 2023 IX Semin\u00e1rio de Pesquisa 2021 Semin\u00e1rio Tem\u00e1tico Pr\u00e1xis Itinerante 2020 &#8211; POP RUA Semin\u00e1rio Tem\u00e1tico Pr\u00e1xis Itinerante 2019 &#8211; POP RUA VIII Semin\u00e1rio de pesquisa 2019 Workshop LSA 2019 VI Semin\u00e1rio de Pesquisa 2017 IV Semin\u00e1rio de Pesquisa 2016 III Semin\u00e1rio de Pesquisa 2015 II [&hellip;]<\/p>\n","protected":false},"author":8,"featured_media":0,"parent":0,"menu_order":0,"comment_status":"closed","ping_status":"closed","template":"","meta":{"_acf_changed":false,"footnotes":""},"class_list":["post-188","page","type-page","status-publish","hentry"],"acf":[],"_links":{"self":[{"href":"https:\/\/sites.uel.br\/lerr\/wp-json\/wp\/v2\/pages\/188","targetHints":{"allow":["GET"]}}],"collection":[{"href":"https:\/\/sites.uel.br\/lerr\/wp-json\/wp\/v2\/pages"}],"about":[{"href":"https:\/\/sites.uel.br\/lerr\/wp-json\/wp\/v2\/types\/page"}],"author":[{"embeddable":true,"href":"https:\/\/sites.uel.br\/lerr\/wp-json\/wp\/v2\/users\/8"}],"replies":[{"embeddable":true,"href":"https:\/\/sites.uel.br\/lerr\/wp-json\/wp\/v2\/comments?post=188"}],"version-history":[{"count":48,"href":"https:\/\/sites.uel.br\/lerr\/wp-json\/wp\/v2\/pages\/188\/revisions"}],"predecessor-version":[{"id":345,"href":"https:\/\/sites.uel.br\/lerr\/wp-json\/wp\/v2\/pages\/188\/revisions\/345"}],"wp:attachment":[{"href":"https:\/\/sites.uel.br\/lerr\/wp-json\/wp\/v2\/media?parent=188"}],"curies":[{"name":"wp","href":"https:\/\/api.w.org\/{rel}","templated":true}]}}