{"id":164,"date":"2024-11-06T15:27:53","date_gmt":"2024-11-06T18:27:53","guid":{"rendered":"https:\/\/sites.uel.br\/lerr\/?page_id=164"},"modified":"2024-11-06T15:27:53","modified_gmt":"2024-11-06T18:27:53","slug":"contribuicoes-dos-parceiros","status":"publish","type":"page","link":"https:\/\/sites.uel.br\/lerr\/contribuicoes-dos-parceiros\/","title":{"rendered":"Contribui\u00e7\u00f5es dos parceiros"},"content":{"rendered":"\n<p><a href=\"https:\/\/drive.google.com\/drive\/folders\/1tWE-zK1ZCTyMat3rPjg7m2SNPJ6XRsug?usp=sharing\">&lt; Clique aqui para acessar a pasta Google Drive &#8220;Contribui\u00e7\u00f5es dos Parceiros &#8221; &gt;<\/a><\/p>\n\n\n\n<p><a href=\"http:\/\/200.229.32.43\/index.php\/horizonte\/issue\/view\/128\">&#8211; Dossi\u00ea &#8220;Laicidade, Estado e Religi\u00e3o&#8221; V.8 N.19 &#8211; Revista Horizonte<\/a><\/p>\n\n\n\n<p><\/p>\n","protected":false},"excerpt":{"rendered":"<p>&lt; Clique aqui para acessar a pasta Google Drive &#8220;Contribui\u00e7\u00f5es dos Parceiros &#8221; &gt; &#8211; Dossi\u00ea &#8220;Laicidade, Estado e Religi\u00e3o&#8221; V.8 N.19 &#8211; Revista Horizonte<\/p>\n","protected":false},"author":8,"featured_media":0,"parent":0,"menu_order":0,"comment_status":"closed","ping_status":"closed","template":"","meta":{"_acf_changed":false,"footnotes":""},"class_list":["post-164","page","type-page","status-publish","hentry"],"acf":[],"_links":{"self":[{"href":"https:\/\/sites.uel.br\/lerr\/wp-json\/wp\/v2\/pages\/164","targetHints":{"allow":["GET"]}}],"collection":[{"href":"https:\/\/sites.uel.br\/lerr\/wp-json\/wp\/v2\/pages"}],"about":[{"href":"https:\/\/sites.uel.br\/lerr\/wp-json\/wp\/v2\/types\/page"}],"author":[{"embeddable":true,"href":"https:\/\/sites.uel.br\/lerr\/wp-json\/wp\/v2\/users\/8"}],"replies":[{"embeddable":true,"href":"https:\/\/sites.uel.br\/lerr\/wp-json\/wp\/v2\/comments?post=164"}],"version-history":[{"count":1,"href":"https:\/\/sites.uel.br\/lerr\/wp-json\/wp\/v2\/pages\/164\/revisions"}],"predecessor-version":[{"id":165,"href":"https:\/\/sites.uel.br\/lerr\/wp-json\/wp\/v2\/pages\/164\/revisions\/165"}],"wp:attachment":[{"href":"https:\/\/sites.uel.br\/lerr\/wp-json\/wp\/v2\/media?parent=164"}],"curies":[{"name":"wp","href":"https:\/\/api.w.org\/{rel}","templated":true}]}}