{"id":70,"date":"2024-02-06T15:36:57","date_gmt":"2024-02-06T18:36:57","guid":{"rendered":"https:\/\/sites.uel.br\/lephe\/?page_id=70"},"modified":"2025-11-07T17:01:34","modified_gmt":"2025-11-07T20:01:34","slug":"profa-dra-simone-burioli","status":"publish","type":"page","link":"https:\/\/sites.uel.br\/lephe\/profa-dra-simone-burioli\/","title":{"rendered":"Profa. Dra. Simone Burioli"},"content":{"rendered":"\n<figure class=\"wp-block-image size-large is-resized\"><img loading=\"lazy\" decoding=\"async\" width=\"1024\" height=\"1024\" src=\"https:\/\/sites.uel.br\/lephe\/wp-content\/uploads\/2024\/08\/SIMONE-1-edited-1024x1024.jpg\" alt=\"\" class=\"wp-image-238\" style=\"width:261px;height:auto\" srcset=\"https:\/\/sites.uel.br\/lephe\/wp-content\/uploads\/2024\/08\/SIMONE-1-edited-1024x1024.jpg 1024w, https:\/\/sites.uel.br\/lephe\/wp-content\/uploads\/2024\/08\/SIMONE-1-edited-300x300.jpg 300w, https:\/\/sites.uel.br\/lephe\/wp-content\/uploads\/2024\/08\/SIMONE-1-edited-150x150.jpg 150w, https:\/\/sites.uel.br\/lephe\/wp-content\/uploads\/2024\/08\/SIMONE-1-edited-768x768.jpg 768w, https:\/\/sites.uel.br\/lephe\/wp-content\/uploads\/2024\/08\/SIMONE-1-edited.jpg 1200w\" sizes=\"auto, (max-width: 1024px) 100vw, 1024px\" \/><\/figure>\n\n\n\n<div class=\"wp-block-columns are-vertically-aligned-top is-layout-flex wp-container-core-columns-is-layout-9d6595d7 wp-block-columns-is-layout-flex\">\n<div class=\"wp-block-column is-vertically-aligned-top is-layout-flow wp-block-column-is-layout-flow\" style=\"flex-basis:66.66%\"><\/div>\n<\/div>\n\n\n\n\n\n\n\n<h2 class=\"wp-block-heading has-text-align-left\">Artigos<\/h2>\n\n\n\n<p><a href=\"https:\/\/periodicos.ufcat.edu.br\/index.php\/poiesis\/article\/view\/35975\/18636\">PRESERVA\u00c7\u00c3O E CONSERVA\u00c7\u00c3O DOS ARQUIVOS ESCOLARES <\/a><\/p>\n\n\n\n<h2 class=\"wp-block-heading\">Resumos expandido <\/h2>\n\n\n\n<p class=\"has-text-align-left\"><a href=\"https:\/\/www.uel.br\/eventos\/semanadaeducacao\/pages\/arquivos\/Anais\/2019\/EIXO%207\/11.%20O%20LEPHE%20E%20A%20PESQUISA%20COM%20ARQUIVOS%20NA%20FORMACO%20DE%20PROFESSORES%20art.pdf\">O LEPHE E A PESQUISA COM ARQUIVOS NA FORMA\u00c7\u00c3O DE PROFESSORES<\/a><\/p>\n\n\n\n<p><a href=\"https:\/\/proceedings.science\/sedu\/sedu-2024\/trabalhos\/contribuicoes-do-laboratorio-de-ensino-e-pesquisa-em-historia-da-educacao-lephe?lang=pt-br\">CONTRIBUI\u00c7\u00d5ES DO LABORAT\u00d3RIO DE ENSINO E PESQUISA EM HIST\u00d3RIA DA EDUCA\u00c7\u00c3O (LEPHE-UEL) PARA A FORMA\u00c7\u00c3O DE PROFESSORES<\/a><\/p>\n","protected":false},"excerpt":{"rendered":"<p>Artigos PRESERVA\u00c7\u00c3O E CONSERVA\u00c7\u00c3O DOS ARQUIVOS ESCOLARES Resumos expandido O LEPHE E A PESQUISA COM ARQUIVOS NA FORMA\u00c7\u00c3O DE PROFESSORES CONTRIBUI\u00c7\u00d5ES DO LABORAT\u00d3RIO DE ENSINO E PESQUISA EM HIST\u00d3RIA DA EDUCA\u00c7\u00c3O (LEPHE-UEL) PARA A FORMA\u00c7\u00c3O DE PROFESSORES<\/p>\n","protected":false},"author":7,"featured_media":0,"parent":0,"menu_order":0,"comment_status":"closed","ping_status":"closed","template":"","meta":{"footnotes":""},"class_list":["post-70","page","type-page","status-publish","hentry"],"acf":[],"_links":{"self":[{"href":"https:\/\/sites.uel.br\/lephe\/wp-json\/wp\/v2\/pages\/70","targetHints":{"allow":["GET"]}}],"collection":[{"href":"https:\/\/sites.uel.br\/lephe\/wp-json\/wp\/v2\/pages"}],"about":[{"href":"https:\/\/sites.uel.br\/lephe\/wp-json\/wp\/v2\/types\/page"}],"author":[{"embeddable":true,"href":"https:\/\/sites.uel.br\/lephe\/wp-json\/wp\/v2\/users\/7"}],"replies":[{"embeddable":true,"href":"https:\/\/sites.uel.br\/lephe\/wp-json\/wp\/v2\/comments?post=70"}],"version-history":[{"count":17,"href":"https:\/\/sites.uel.br\/lephe\/wp-json\/wp\/v2\/pages\/70\/revisions"}],"predecessor-version":[{"id":523,"href":"https:\/\/sites.uel.br\/lephe\/wp-json\/wp\/v2\/pages\/70\/revisions\/523"}],"wp:attachment":[{"href":"https:\/\/sites.uel.br\/lephe\/wp-json\/wp\/v2\/media?parent=70"}],"curies":[{"name":"wp","href":"https:\/\/api.w.org\/{rel}","templated":true}]}}