{"id":326,"date":"2025-04-23T15:28:36","date_gmt":"2025-04-23T18:28:36","guid":{"rendered":"https:\/\/sites.uel.br\/lephe\/?page_id=326"},"modified":"2025-11-27T18:55:09","modified_gmt":"2025-11-27T21:55:09","slug":"fotografias-ephe","status":"publish","type":"page","link":"https:\/\/sites.uel.br\/lephe\/fotografias-ephe\/","title":{"rendered":"Fotografias EPHE"},"content":{"rendered":"\n<h2 class=\"wp-block-heading\">I Encontro Paranaense de Hist\u00f3ria da Educa\u00e7\u00e3o &#8211; EPHE <\/h2>\n\n\n\n<div class=\"wp-block-group is-layout-grid wp-container-core-group-is-layout-9649a0d9 wp-block-group-is-layout-grid\">\n<figure class=\"wp-block-image size-full\"><img loading=\"lazy\" decoding=\"async\" width=\"828\" height=\"621\" src=\"https:\/\/sites.uel.br\/lephe\/wp-content\/uploads\/2025\/11\/1000457887-edited.jpg\" alt=\"\" class=\"wp-image-626\" srcset=\"https:\/\/sites.uel.br\/lephe\/wp-content\/uploads\/2025\/11\/1000457887-edited.jpg 828w, https:\/\/sites.uel.br\/lephe\/wp-content\/uploads\/2025\/11\/1000457887-edited-300x225.jpg 300w, https:\/\/sites.uel.br\/lephe\/wp-content\/uploads\/2025\/11\/1000457887-edited-768x576.jpg 768w\" sizes=\"auto, (max-width: 828px) 100vw, 828px\" \/><\/figure>\n\n\n\n<figure class=\"wp-block-image size-large\"><img loading=\"lazy\" decoding=\"async\" width=\"1070\" height=\"802\" src=\"https:\/\/sites.uel.br\/lephe\/wp-content\/uploads\/2025\/11\/1000457888-edited.jpg\" alt=\"\" class=\"wp-image-627\" srcset=\"https:\/\/sites.uel.br\/lephe\/wp-content\/uploads\/2025\/11\/1000457888-edited.jpg 1070w, https:\/\/sites.uel.br\/lephe\/wp-content\/uploads\/2025\/11\/1000457888-edited-300x225.jpg 300w, https:\/\/sites.uel.br\/lephe\/wp-content\/uploads\/2025\/11\/1000457888-edited-1024x768.jpg 1024w, https:\/\/sites.uel.br\/lephe\/wp-content\/uploads\/2025\/11\/1000457888-edited-768x576.jpg 768w\" sizes=\"auto, (max-width: 1070px) 100vw, 1070px\" \/><\/figure>\n\n\n\n<figure class=\"wp-block-image size-large\"><img loading=\"lazy\" decoding=\"async\" width=\"960\" height=\"721\" src=\"https:\/\/sites.uel.br\/lephe\/wp-content\/uploads\/2025\/11\/1000457890-edited.jpg\" alt=\"\" class=\"wp-image-628\" srcset=\"https:\/\/sites.uel.br\/lephe\/wp-content\/uploads\/2025\/11\/1000457890-edited.jpg 960w, https:\/\/sites.uel.br\/lephe\/wp-content\/uploads\/2025\/11\/1000457890-edited-300x225.jpg 300w, https:\/\/sites.uel.br\/lephe\/wp-content\/uploads\/2025\/11\/1000457890-edited-768x577.jpg 768w\" sizes=\"auto, (max-width: 960px) 100vw, 960px\" \/><\/figure>\n\n\n\n<figure class=\"wp-block-image size-large\"><img loading=\"lazy\" decoding=\"async\" width=\"1594\" height=\"1196\" src=\"https:\/\/sites.uel.br\/lephe\/wp-content\/uploads\/2025\/11\/1000457891-edited.jpg\" alt=\"\" class=\"wp-image-629\" srcset=\"https:\/\/sites.uel.br\/lephe\/wp-content\/uploads\/2025\/11\/1000457891-edited.jpg 1594w, https:\/\/sites.uel.br\/lephe\/wp-content\/uploads\/2025\/11\/1000457891-edited-300x225.jpg 300w, https:\/\/sites.uel.br\/lephe\/wp-content\/uploads\/2025\/11\/1000457891-edited-1024x768.jpg 1024w, https:\/\/sites.uel.br\/lephe\/wp-content\/uploads\/2025\/11\/1000457891-edited-768x576.jpg 768w, https:\/\/sites.uel.br\/lephe\/wp-content\/uploads\/2025\/11\/1000457891-edited-1536x1152.jpg 1536w\" sizes=\"auto, (max-width: 1594px) 100vw, 1594px\" \/><\/figure>\n<\/div>\n\n\n\n<div class=\"wp-block-columns is-layout-flex wp-container-core-columns-is-layout-9d6595d7 wp-block-columns-is-layout-flex\">\n<div class=\"wp-block-column is-layout-flow wp-block-column-is-layout-flow\"><\/div>\n<\/div>\n\n\n\n<div class=\"wp-block-group is-layout-grid wp-container-core-group-is-layout-9649a0d9 wp-block-group-is-layout-grid\">\n<div class=\"wp-block-group is-layout-grid wp-container-core-group-is-layout-9649a0d9 wp-block-group-is-layout-grid\">\n<figure class=\"wp-block-image size-large\"><img loading=\"lazy\" decoding=\"async\" width=\"1277\" height=\"957\" src=\"https:\/\/sites.uel.br\/lephe\/wp-content\/uploads\/2025\/11\/1000457889-edited.jpg\" alt=\"\" class=\"wp-image-630\" srcset=\"https:\/\/sites.uel.br\/lephe\/wp-content\/uploads\/2025\/11\/1000457889-edited.jpg 1277w, https:\/\/sites.uel.br\/lephe\/wp-content\/uploads\/2025\/11\/1000457889-edited-300x225.jpg 300w, https:\/\/sites.uel.br\/lephe\/wp-content\/uploads\/2025\/11\/1000457889-edited-1024x767.jpg 1024w, https:\/\/sites.uel.br\/lephe\/wp-content\/uploads\/2025\/11\/1000457889-edited-768x576.jpg 768w\" sizes=\"auto, (max-width: 1277px) 100vw, 1277px\" \/><\/figure>\n<\/div>\n\n\n\n<figure class=\"wp-block-image size-full\"><img loading=\"lazy\" decoding=\"async\" width=\"960\" height=\"718\" src=\"https:\/\/sites.uel.br\/lephe\/wp-content\/uploads\/2025\/11\/1000457895.jpg\" alt=\"\" class=\"wp-image-623\" srcset=\"https:\/\/sites.uel.br\/lephe\/wp-content\/uploads\/2025\/11\/1000457895.jpg 960w, https:\/\/sites.uel.br\/lephe\/wp-content\/uploads\/2025\/11\/1000457895-300x224.jpg 300w, https:\/\/sites.uel.br\/lephe\/wp-content\/uploads\/2025\/11\/1000457895-768x574.jpg 768w\" sizes=\"auto, (max-width: 960px) 100vw, 960px\" \/><\/figure>\n\n\n\n<figure class=\"wp-block-image size-full\"><img loading=\"lazy\" decoding=\"async\" width=\"960\" height=\"718\" src=\"https:\/\/sites.uel.br\/lephe\/wp-content\/uploads\/2025\/11\/1000457896.jpg\" alt=\"\" class=\"wp-image-624\" srcset=\"https:\/\/sites.uel.br\/lephe\/wp-content\/uploads\/2025\/11\/1000457896.jpg 960w, https:\/\/sites.uel.br\/lephe\/wp-content\/uploads\/2025\/11\/1000457896-300x224.jpg 300w, https:\/\/sites.uel.br\/lephe\/wp-content\/uploads\/2025\/11\/1000457896-768x574.jpg 768w\" sizes=\"auto, (max-width: 960px) 100vw, 960px\" \/><\/figure>\n\n\n\n<figure class=\"wp-block-image size-large\"><img loading=\"lazy\" decoding=\"async\" width=\"1024\" height=\"765\" src=\"https:\/\/sites.uel.br\/lephe\/wp-content\/uploads\/2025\/11\/1000457897-1024x765.jpg\" alt=\"\" class=\"wp-image-625\" srcset=\"https:\/\/sites.uel.br\/lephe\/wp-content\/uploads\/2025\/11\/1000457897-1024x765.jpg 1024w, https:\/\/sites.uel.br\/lephe\/wp-content\/uploads\/2025\/11\/1000457897-300x224.jpg 300w, https:\/\/sites.uel.br\/lephe\/wp-content\/uploads\/2025\/11\/1000457897-768x574.jpg 768w, https:\/\/sites.uel.br\/lephe\/wp-content\/uploads\/2025\/11\/1000457897-1536x1148.jpg 1536w, https:\/\/sites.uel.br\/lephe\/wp-content\/uploads\/2025\/11\/1000457897.jpg 1600w\" sizes=\"auto, (max-width: 1024px) 100vw, 1024px\" \/><\/figure>\n<\/div>\n\n\n\n<h2 class=\"wp-block-heading\">II Encontro Paranaense de Hist\u00f3ria da Educa\u00e7\u00e3o &#8211; Preserva\u00e7\u00e3o de acervos, pesquisa e forma\u00e7\u00e3o de pesquisadores (UFPR)<\/h2>\n\n\n\n<div class=\"wp-block-group is-layout-grid wp-container-core-group-is-layout-9649a0d9 wp-block-group-is-layout-grid\">\n<figure class=\"wp-block-image size-full\"><img loading=\"lazy\" decoding=\"async\" width=\"640\" height=\"480\" src=\"https:\/\/sites.uel.br\/lephe\/wp-content\/uploads\/2025\/11\/1000457901-edited.jpg\" alt=\"\" class=\"wp-image-639\" srcset=\"https:\/\/sites.uel.br\/lephe\/wp-content\/uploads\/2025\/11\/1000457901-edited.jpg 640w, https:\/\/sites.uel.br\/lephe\/wp-content\/uploads\/2025\/11\/1000457901-edited-300x225.jpg 300w\" sizes=\"auto, (max-width: 640px) 100vw, 640px\" \/><\/figure>\n\n\n\n<figure class=\"wp-block-image size-large\"><img loading=\"lazy\" decoding=\"async\" width=\"1164\" height=\"873\" src=\"https:\/\/sites.uel.br\/lephe\/wp-content\/uploads\/2025\/11\/1000457899-edited.jpg\" alt=\"\" class=\"wp-image-640\" srcset=\"https:\/\/sites.uel.br\/lephe\/wp-content\/uploads\/2025\/11\/1000457899-edited.jpg 1164w, https:\/\/sites.uel.br\/lephe\/wp-content\/uploads\/2025\/11\/1000457899-edited-300x225.jpg 300w, https:\/\/sites.uel.br\/lephe\/wp-content\/uploads\/2025\/11\/1000457899-edited-1024x768.jpg 1024w, https:\/\/sites.uel.br\/lephe\/wp-content\/uploads\/2025\/11\/1000457899-edited-768x576.jpg 768w\" sizes=\"auto, (max-width: 1164px) 100vw, 1164px\" \/><\/figure>\n\n\n\n<figure class=\"wp-block-image size-large\"><img loading=\"lazy\" decoding=\"async\" width=\"1080\" height=\"810\" src=\"https:\/\/sites.uel.br\/lephe\/wp-content\/uploads\/2025\/11\/1000457898-edited.jpg\" alt=\"\" class=\"wp-image-641\" srcset=\"https:\/\/sites.uel.br\/lephe\/wp-content\/uploads\/2025\/11\/1000457898-edited.jpg 1080w, https:\/\/sites.uel.br\/lephe\/wp-content\/uploads\/2025\/11\/1000457898-edited-300x225.jpg 300w, https:\/\/sites.uel.br\/lephe\/wp-content\/uploads\/2025\/11\/1000457898-edited-1024x768.jpg 1024w, https:\/\/sites.uel.br\/lephe\/wp-content\/uploads\/2025\/11\/1000457898-edited-768x576.jpg 768w\" sizes=\"auto, (max-width: 1080px) 100vw, 1080px\" \/><\/figure>\n\n\n\n<figure class=\"wp-block-image size-large\"><img loading=\"lazy\" decoding=\"async\" width=\"1220\" height=\"915\" src=\"https:\/\/sites.uel.br\/lephe\/wp-content\/uploads\/2025\/11\/1000457900-edited.jpg\" alt=\"\" class=\"wp-image-642\" srcset=\"https:\/\/sites.uel.br\/lephe\/wp-content\/uploads\/2025\/11\/1000457900-edited.jpg 1220w, https:\/\/sites.uel.br\/lephe\/wp-content\/uploads\/2025\/11\/1000457900-edited-300x225.jpg 300w, https:\/\/sites.uel.br\/lephe\/wp-content\/uploads\/2025\/11\/1000457900-edited-1024x768.jpg 1024w, https:\/\/sites.uel.br\/lephe\/wp-content\/uploads\/2025\/11\/1000457900-edited-768x576.jpg 768w\" sizes=\"auto, (max-width: 1220px) 100vw, 1220px\" \/><\/figure>\n<\/div>\n","protected":false},"excerpt":{"rendered":"<p>I Encontro Paranaense de Hist\u00f3ria da Educa\u00e7\u00e3o &#8211; EPHE II Encontro Paranaense de Hist\u00f3ria da Educa\u00e7\u00e3o &#8211; Preserva\u00e7\u00e3o de acervos, pesquisa e forma\u00e7\u00e3o de pesquisadores (UFPR)<\/p>\n","protected":false},"author":7,"featured_media":0,"parent":0,"menu_order":0,"comment_status":"closed","ping_status":"closed","template":"","meta":{"footnotes":""},"class_list":["post-326","page","type-page","status-publish","hentry"],"acf":[],"_links":{"self":[{"href":"https:\/\/sites.uel.br\/lephe\/wp-json\/wp\/v2\/pages\/326","targetHints":{"allow":["GET"]}}],"collection":[{"href":"https:\/\/sites.uel.br\/lephe\/wp-json\/wp\/v2\/pages"}],"about":[{"href":"https:\/\/sites.uel.br\/lephe\/wp-json\/wp\/v2\/types\/page"}],"author":[{"embeddable":true,"href":"https:\/\/sites.uel.br\/lephe\/wp-json\/wp\/v2\/users\/7"}],"replies":[{"embeddable":true,"href":"https:\/\/sites.uel.br\/lephe\/wp-json\/wp\/v2\/comments?post=326"}],"version-history":[{"count":7,"href":"https:\/\/sites.uel.br\/lephe\/wp-json\/wp\/v2\/pages\/326\/revisions"}],"predecessor-version":[{"id":621,"href":"https:\/\/sites.uel.br\/lephe\/wp-json\/wp\/v2\/pages\/326\/revisions\/621"}],"wp:attachment":[{"href":"https:\/\/sites.uel.br\/lephe\/wp-json\/wp\/v2\/media?parent=326"}],"curies":[{"name":"wp","href":"https:\/\/api.w.org\/{rel}","templated":true}]}}