{"id":87,"date":"2025-04-25T18:04:18","date_gmt":"2025-04-25T21:04:18","guid":{"rendered":"https:\/\/sites.uel.br\/ledi\/?page_id=87"},"modified":"2025-08-04T17:30:13","modified_gmt":"2025-08-04T20:30:13","slug":"localizacao","status":"publish","type":"page","link":"https:\/\/sites.uel.br\/ledi\/localizacao\/","title":{"rendered":"Localiza\u00e7\u00e3o"},"content":{"rendered":"\n<h3 class=\"wp-block-heading has-text-align-center\"><a href=\"https:\/\/sites.uel.br\/ouvidoria\/mapa-do-campus\/\">Mapa do <em>campus<\/em><\/a><\/h3>\n\n\n\n<div class=\"wp-block-columns is-layout-flex wp-container-core-columns-is-layout-9d6595d7 wp-block-columns-is-layout-flex\">\n<div class=\"wp-block-column is-layout-flow wp-block-column-is-layout-flow\"><\/div>\n<\/div>\n\n\n\n<div class=\"wp-block-columns is-layout-flex wp-container-core-columns-is-layout-9d6595d7 wp-block-columns-is-layout-flex\">\n<div class=\"wp-block-column is-vertically-aligned-center is-layout-flow wp-block-column-is-layout-flow\">\n<iframe src=\"https:\/\/www.google.com\/maps\/embed?pb=!1m18!1m12!1m3!1d3663.744437767473!2d-51.20706512483391!3d-23.325029452952077!2m3!1f0!2f0!3f0!3m2!1i1024!2i768!4f13.1!3m3!1m2!1s0x94eb5c9e18376295%3A0x4f4dc7c57a1024df!2sCLCH%20-%20Centro%20de%20Letras%20e%20Ci%C3%AAncias%20Humanas!5e0!3m2!1spt-BR!2sbr!4v1754331713815!5m2!1spt-BR!2sbr\" width=\"400\" height=\"300\" style=\"border:0;\" allowfullscreen=\"\" loading=\"lazy\" referrerpolicy=\"no-referrer-when-downgrade\"><\/iframe>\n<\/div>\n\n\n\n<div class=\"wp-block-column is-layout-flow wp-block-column-is-layout-flow\">\n<p><a href=\"http:\/\/www.uel.br\/\">SOBRE A UNIVERSIDADE ESTADUAL DE LONDRINA<\/a><\/p>\n\n\n\n<p><strong>LOCOMO\u00c7\u00c3O<\/strong><br>A Universidade Estadual de Londrina est\u00e1 afastada do centro da cidade. Para acesso de \u00f4nibus, pode-se tomar os circulares de n\u00fameros 305, 307 ou 315, todos eles saem do Terminal Central e param no ponto do CLCH.<\/p>\n\n\n\n<p><strong>ALIMENTA\u00c7\u00c3O<\/strong><br>O <a href=\"https:\/\/sites.uel.br\/sebec\/equipe-responsavel-e-contato\/\">Restaurante Universit\u00e1rio<\/a> est\u00e1 aberto a visitantes. H\u00e1, tamb\u00e9m, lanchonetes e restaurantes dentro do <em>campus<\/em> e outros pr\u00f3ximos \u00e0 Universidade, h\u00e1 menos de 3 minutos de carro ou 15 de caminhada.<\/p>\n<\/div>\n<\/div>\n\n\n\n<h4 class=\"wp-block-heading\"><a href=\"http:\/\/www.londrina.pr.gov.br\/\">SOBRE LONDRINA<\/a><\/h4>\n\n\n\n<div style=\"height:19px\" aria-hidden=\"true\" class=\"wp-block-spacer\"><\/div>\n\n\n\n<p><strong>AEROPORTO<\/strong><br>O Aeroporto \u201cGovernador Jos\u00e9 Richa\u201d est\u00e1 a apenas 5 minutos do centro da cidade. Quem chega atrav\u00e9s dele pode se dirigir ao Terminal Central de \u00d4nibus atrav\u00e9s do circular de n\u00famero 108, de t\u00e1xi ou por aplicativos de transporte.<\/p>\n\n\n\n<p><strong>RODOVI\u00c1RIA<\/strong><br>Para aqueles que chegarem pelo \u201cTerminal Rodovi\u00e1rio de Londrina\u201d, que tamb\u00e9m est\u00e1 bem pr\u00f3ximo do centro da cidade, poder\u00e3o se locomover de t\u00e1xi ou atrav\u00e9s do circular de n\u00famero 109.<\/p>\n\n\n\n<p><strong>HOSPEDAGEM<\/strong><br>A cidade de Londrina possui diversos hot\u00e9is e hospedagens com grande variedade de pre\u00e7os e qualidade. O Hotel Londri Star \u00e9 o que est\u00e1 mais pr\u00f3ximo da universidade.<\/p>\n","protected":false},"excerpt":{"rendered":"<p>Mapa do campus SOBRE A UNIVERSIDADE ESTADUAL DE LONDRINA LOCOMO\u00c7\u00c3OA Universidade Estadual de Londrina est\u00e1 afastada do centro da cidade. Para acesso de \u00f4nibus, pode-se tomar os circulares de n\u00fameros 305, 307 ou 315, todos eles saem do Terminal Central e param no ponto do CLCH. ALIMENTA\u00c7\u00c3OO Restaurante Universit\u00e1rio est\u00e1 aberto a visitantes. H\u00e1, tamb\u00e9m, [&hellip;]<\/p>\n","protected":false},"author":9,"featured_media":0,"parent":0,"menu_order":0,"comment_status":"closed","ping_status":"closed","template":"","meta":{"_acf_changed":false,"_themeisle_gutenberg_block_has_review":false,"footnotes":""},"class_list":["post-87","page","type-page","status-publish","hentry"],"acf":[],"_links":{"self":[{"href":"https:\/\/sites.uel.br\/ledi\/wp-json\/wp\/v2\/pages\/87","targetHints":{"allow":["GET"]}}],"collection":[{"href":"https:\/\/sites.uel.br\/ledi\/wp-json\/wp\/v2\/pages"}],"about":[{"href":"https:\/\/sites.uel.br\/ledi\/wp-json\/wp\/v2\/types\/page"}],"author":[{"embeddable":true,"href":"https:\/\/sites.uel.br\/ledi\/wp-json\/wp\/v2\/users\/9"}],"replies":[{"embeddable":true,"href":"https:\/\/sites.uel.br\/ledi\/wp-json\/wp\/v2\/comments?post=87"}],"version-history":[{"count":22,"href":"https:\/\/sites.uel.br\/ledi\/wp-json\/wp\/v2\/pages\/87\/revisions"}],"predecessor-version":[{"id":659,"href":"https:\/\/sites.uel.br\/ledi\/wp-json\/wp\/v2\/pages\/87\/revisions\/659"}],"wp:attachment":[{"href":"https:\/\/sites.uel.br\/ledi\/wp-json\/wp\/v2\/media?parent=87"}],"curies":[{"name":"wp","href":"https:\/\/api.w.org\/{rel}","templated":true}]}}