{"id":449,"date":"2025-05-16T14:00:55","date_gmt":"2025-05-16T17:00:55","guid":{"rendered":"https:\/\/sites.uel.br\/ledi\/?page_id=449"},"modified":"2025-05-16T14:14:00","modified_gmt":"2025-05-16T17:14:00","slug":"449-2","status":"publish","type":"page","link":"https:\/\/sites.uel.br\/ledi\/449-2\/","title":{"rendered":"Minicurso 3"},"content":{"rendered":"\n<div style=\"height:40px\" aria-hidden=\"true\" class=\"wp-block-spacer\"><\/div>\n\n\n\n<p class=\"has-text-align-center\"><strong>IMAGENS DO IMPERIALISMO E ORIENTALISMO NOS S\u00c9CULOS XIX E XX<\/strong><br><br><\/p>\n\n\n\n<p class=\"has-text-align-right\"><a href=\"http:\/\/lattes.cnpq.br\/5522886687937141\">Jos\u00e9 Rodolfo Vieira<\/a><br><\/p>\n\n\n\n<p>A partir da segunda metade do s\u00e9culo XIX, o mundo observou a concorr\u00eancia entre as pot\u00eancias econ\u00f4micas europeias, influenciadas pelo avan\u00e7o das novas tecnologias, convertidas em m\u00e1quinas que aumentavam significativamente a produ\u00e7\u00e3o industrial, e do capitalismo, que impulsionava a busca por mat\u00e9rias-primas e de um vasto mercado consumidor para escoar os bens materiais da \u201csuperprodu\u00e7\u00e3o\u201d industrial. Nesse processo, conhecido como Imperialismo, as pot\u00eancias capitalistas europeias dividiram n\u00e3o somente o continente africano em v\u00e1rias fatias, mas tamb\u00e9m exploraram o Oriente M\u00e9dio atr\u00e1s de recursos dos quais precisavam para a sua empreitada. Ao longo do processo de coloniza\u00e7\u00e3o, v\u00e1rias produ\u00e7\u00f5es culturais e cient\u00edficas serviram de arcabou\u00e7o cultural para legitimar a domina\u00e7\u00e3o. A imagem do \u00e1rabe e\/ou mu\u00e7ulmano atrasado, incivilizado e b\u00e1rbaro, por exemplo, foi explorada por escritores, poetas, pintores e artistas com o objetivo de legitimar o poderio ocidental sobre o Oriente. Nesse minicurso, tentaremos abordar e problematizar a constru\u00e7\u00e3o da imagem do Oriente produzida pelo Ocidente a partir da observa\u00e7\u00e3o de documentos imag\u00e9ticos da imprensa e das artes pl\u00e1sticas do per\u00edodo, buscando identificar como tais produ\u00e7\u00f5es midi\u00e1ticas e culturais foram produzidas a partir da perspectiva dos europeus e voltadas para europeus.<br><\/p>\n\n\n\n<p><strong>Palavras-chave<\/strong>: Orientalismo; Ocidente; Oriente; Imagem.<br><\/p>\n\n\n\n<p><strong>Bibliografia:<\/strong><br>CHARTIER, Roger. <strong>A Hist\u00f3ria Cultural<\/strong>: Entre pr\u00e1ticas e representa\u00e7\u00f5es. Rio de Janeiro: Editora Bertrand Brasil, 1990<br>DEMANT, Peter. <strong>O mundo mu\u00e7ulmano<\/strong>. S\u00e3o Paulo: Editora Contexto, 2003.<br>HOURANI, Albert. <strong>A hist\u00f3ria dos povos \u00e1rabes<\/strong>. S\u00e3o Paulo; Companhia das Letras, 2006.<br>BERQUE, Jacques. <strong>Les Arabes<\/strong>. Paris, \u00c9ditions Sindbad, 1979.<br>SAID, Edward. <strong>Orientalismo<\/strong>: O Oriente como inven\u00e7\u00e3o do Ocidente. S\u00e3o Paulo: Companhia das Letras, 1990<\/p>\n","protected":false},"excerpt":{"rendered":"<p>IMAGENS DO IMPERIALISMO E ORIENTALISMO NOS S\u00c9CULOS XIX E XX Jos\u00e9 Rodolfo Vieira A partir da segunda metade do s\u00e9culo XIX, o mundo observou a concorr\u00eancia entre as pot\u00eancias econ\u00f4micas europeias, influenciadas pelo avan\u00e7o das novas tecnologias, convertidas em m\u00e1quinas que aumentavam significativamente a produ\u00e7\u00e3o industrial, e do capitalismo, que impulsionava a busca por mat\u00e9rias-primas [&hellip;]<\/p>\n","protected":false},"author":9,"featured_media":0,"parent":0,"menu_order":0,"comment_status":"closed","ping_status":"closed","template":"","meta":{"_acf_changed":false,"_themeisle_gutenberg_block_has_review":false,"footnotes":""},"class_list":["post-449","page","type-page","status-publish","hentry"],"acf":[],"_links":{"self":[{"href":"https:\/\/sites.uel.br\/ledi\/wp-json\/wp\/v2\/pages\/449","targetHints":{"allow":["GET"]}}],"collection":[{"href":"https:\/\/sites.uel.br\/ledi\/wp-json\/wp\/v2\/pages"}],"about":[{"href":"https:\/\/sites.uel.br\/ledi\/wp-json\/wp\/v2\/types\/page"}],"author":[{"embeddable":true,"href":"https:\/\/sites.uel.br\/ledi\/wp-json\/wp\/v2\/users\/9"}],"replies":[{"embeddable":true,"href":"https:\/\/sites.uel.br\/ledi\/wp-json\/wp\/v2\/comments?post=449"}],"version-history":[{"count":4,"href":"https:\/\/sites.uel.br\/ledi\/wp-json\/wp\/v2\/pages\/449\/revisions"}],"predecessor-version":[{"id":505,"href":"https:\/\/sites.uel.br\/ledi\/wp-json\/wp\/v2\/pages\/449\/revisions\/505"}],"wp:attachment":[{"href":"https:\/\/sites.uel.br\/ledi\/wp-json\/wp\/v2\/media?parent=449"}],"curies":[{"name":"wp","href":"https:\/\/api.w.org\/{rel}","templated":true}]}}