{"id":270,"date":"2025-05-05T11:31:44","date_gmt":"2025-05-05T14:31:44","guid":{"rendered":"https:\/\/sites.uel.br\/ledi\/?page_id=270"},"modified":"2025-09-02T12:59:52","modified_gmt":"2025-09-02T15:59:52","slug":"inscricoes","status":"publish","type":"page","link":"https:\/\/sites.uel.br\/ledi\/inscricoes\/","title":{"rendered":"INSCRI\u00c7\u00d5ES"},"content":{"rendered":"\n<div style=\"height:70px\" aria-hidden=\"true\" class=\"wp-block-spacer\"><\/div>\n\n\n\n<h3 class=\"wp-block-heading\">Cronograma<\/h3>\n\n\n\n<p><strong>\u25ba <\/strong>Inscri\u00e7\u00f5es: <\/p>\n\n\n\n<p>Comunica\u00e7\u00f5es e minicursos : <strong>5\/maio\/2025 &#8211; 1\/setembro\/2025.<\/strong> PRORROGADAS AT\u00c9 16\/SETEMBRO.<\/p>\n\n\n\n<p>Ouvintes: <strong>5\/maio\/2025 &#8211; 13\/outubro\/2025<\/strong>.<\/p>\n\n\n\n<p><strong>\u25ba <\/strong>Envio de Resumos: no ato da inscri\u00e7\u00e3o.<\/p>\n\n\n\n<p><strong>\u25ba <\/strong>Envio de textos completos: <strong>31\/outubro\/2025<\/strong>.<\/p>\n\n\n\n<div style=\"height:30px\" aria-hidden=\"true\" class=\"wp-block-spacer\"><\/div>\n\n\n\n<h3 class=\"wp-block-heading\">Valores<\/h3>\n\n\n\n<p><strong>\u25ba Grupo 1 <\/strong>(Alunos de Gradua\u00e7\u00e3o)<\/p>\n\n\n\n<p>Ouvinte: R$ 30,00<\/p>\n\n\n\n<p>Ouvinte + minicurso: R$ 50,00<\/p>\n\n\n\n<p>Comunica\u00e7\u00e3o: R$ 50,00<\/p>\n\n\n\n<p>Comunica\u00e7\u00e3o + minicurso: R$ 80,00<\/p>\n\n\n\n<p>Comunica\u00e7\u00e3o + ouvinte: R$ 80,00<\/p>\n\n\n\n<p>Comunica\u00e7\u00e3o + ouvinte + minicurso: R$ 100,00<\/p>\n\n\n\n<p><strong>\u25ba Grupo 2 <\/strong>(Professores da rede p\u00fablica, graduados e p\u00f3s-graduandos)<\/p>\n\n\n\n<p>Ouvinte: R$ 30,00<\/p>\n\n\n\n<p>Ouvinte + minicurso: R$ 50,00<\/p>\n\n\n\n<p>Comunica\u00e7\u00e3o: R$ 80,00<\/p>\n\n\n\n<p>Comunica\u00e7\u00e3o + minicurso: R $ 100,00<\/p>\n\n\n\n<p>Comunica\u00e7\u00e3o + ouvinte: R$ 100,00<\/p>\n\n\n\n<p>Comunica\u00e7\u00e3o + ouvinte + minicurso: R $ 120,00<\/p>\n\n\n\n<p><strong>\u25ba Grupo 3 <\/strong>(Professores universit\u00e1rios)<\/p>\n\n\n\n<p>Ouvinte: R$ 30,00<\/p>\n\n\n\n<p>Ouvinte + minicurso: R$ 50,00<\/p>\n\n\n\n<p>Comunica\u00e7\u00e3o: R$ 160,00<\/p>\n\n\n\n<p>Comunica\u00e7\u00e3o + minicurso: R$ 180,00<\/p>\n\n\n\n<p>Comunica\u00e7\u00e3o + ouvinte: R$ 180,00<\/p>\n\n\n\n<p>Comunica\u00e7\u00e3o + ouvinte + minicurso: R$ 200,00<\/p>\n\n\n\n<div style=\"height:30px\" aria-hidden=\"true\" class=\"wp-block-spacer\"><\/div>\n\n\n\n<h3 class=\"wp-block-heading\">Informa\u00e7\u00f5es Gerais<\/h3>\n\n\n\n<p>\u25ba A inscri\u00e7\u00e3o \u00e9 por meio eletr\u00f4nico, tanto para o envio de dados e do resumo, como para uma gera\u00e7\u00e3o de boletos banc\u00e1rios e deve ser feita no link abaixo.<\/p>\n\n\n\n<p>\u25ba Na modalidade de inscri\u00e7\u00e3o que inclui &#8220;comunica\u00e7\u00e3o&#8221;, somente ser\u00e1 permitida a&nbsp;<strong>submiss\u00e3o de 1 (um) trabalho por participante<\/strong>.<\/p>\n\n\n\n<p>\u25ba Na modalidade de inscri\u00e7\u00e3o que inclui &#8220;comunica\u00e7\u00e3o&#8221;, dever\u00e1 ser informado o <a href=\"https:\/\/sites.uel.br\/ledi\/eixos-tematicos\/\" data-type=\"page\" data-id=\"124\">Eixo Tem\u00e1tico<\/a> de prefer\u00eancia e feito o envio do resumo conforme modelo abaixo.<\/p>\n\n\n\n<p>\u25ba Para os trabalhos em coautoria, deve-se fazer uma inscri\u00e7\u00e3o individual para cada autor, que ir\u00e1 apresentar a comunica\u00e7\u00e3o.&nbsp;O recebimento do certificado \u00e9 dependente da inscri\u00e7\u00e3o individual e participa\u00e7\u00e3o na apresenta\u00e7\u00e3o.&nbsp;N\u00e3o h\u00e1 limite de inscri\u00e7\u00e3o em coautoria.<\/p>\n\n\n\n<p>\u25ba&nbsp;N\u00e3o \u00e9 necess\u00e1rio enviar comprovante.<\/p>\n\n\n\n<p>\u25ba N\u00e3o ser\u00e3o devolvidos valores referentes \u00e0s inscri\u00e7\u00f5es, assim como tamb\u00e9m&nbsp;n\u00e3o ser\u00e3o aceitas trocas de participantes.<\/p>\n\n\n\n<p><\/p>\n\n\n\n<hr class=\"wp-block-separator has-alpha-channel-opacity\" \/>\n\n\n\n<div style=\"height:30px\" aria-hidden=\"true\" class=\"wp-block-spacer\"><\/div>\n\n\n\n<div class=\"wp-block-file\"><a id=\"wp-block-file--media-7b3ebcf1-ab1d-46e6-bdc6-e49cf2fe2e33\" href=\"https:\/\/sites.uel.br\/ledi\/wp-content\/uploads\/2025\/05\/SOBRENOME_Nome_Resumo.docx\">SOBRENOME_Nome_Resumo<\/a><a href=\"https:\/\/sites.uel.br\/ledi\/wp-content\/uploads\/2025\/05\/SOBRENOME_Nome_Resumo.docx\" class=\"wp-block-file__button wp-element-button\" download aria-describedby=\"wp-block-file--media-7b3ebcf1-ab1d-46e6-bdc6-e49cf2fe2e33\">Baixar<\/a><\/div>\n\n\n\n<h3 class=\"wp-block-heading\">Normas para Resumo (Modelo)<\/h3>\n\n\n\n<div class=\"wp-block-file\"><a id=\"wp-block-file--media-c5b96b09-7334-4779-9cbe-1d1842990a2b\" href=\"https:\/\/sites.uel.br\/ledi\/wp-content\/uploads\/2025\/05\/SOBRENOME_Nome_Completo.docx\">SOBRENOME_Nome_Completo<\/a><a href=\"https:\/\/sites.uel.br\/ledi\/wp-content\/uploads\/2025\/05\/SOBRENOME_Nome_Completo.docx\" class=\"wp-block-file__button wp-element-button\" download aria-describedby=\"wp-block-file--media-c5b96b09-7334-4779-9cbe-1d1842990a2b\">Baixar<\/a><\/div>\n\n\n\n<h3 class=\"wp-block-heading\">Normas para Texto Completo (Modelo &#8211; em breve)<\/h3>\n\n\n\n<div style=\"height:30px\" aria-hidden=\"true\" class=\"wp-block-spacer\"><\/div>\n\n\n\n<div class=\"wp-block-buttons is-content-justification-center is-layout-flex wp-container-core-buttons-is-layout-16018d1d wp-block-buttons-is-layout-flex\">\n<div class=\"wp-block-button\"><a class=\"wp-block-button__link wp-element-button\" href=\"https:\/\/www.sistemasweb.uel.br\/index.php?contents=system\/insc\/index.php&amp;pagina=view\/inscricoes\/seleciona_evento.php&amp;cod_evento=10211\">Se inscreva aqui!<\/a><\/div>\n<\/div>\n","protected":false},"excerpt":{"rendered":"<p>Cronograma \u25ba Inscri\u00e7\u00f5es: Comunica\u00e7\u00f5es e minicursos : 5\/maio\/2025 &#8211; 1\/setembro\/2025. PRORROGADAS AT\u00c9 16\/SETEMBRO. Ouvintes: 5\/maio\/2025 &#8211; 13\/outubro\/2025. \u25ba Envio de Resumos: no ato da inscri\u00e7\u00e3o. \u25ba Envio de textos completos: 31\/outubro\/2025. Valores \u25ba Grupo 1 (Alunos de Gradua\u00e7\u00e3o) Ouvinte: R$ 30,00 Ouvinte + minicurso: R$ 50,00 Comunica\u00e7\u00e3o: R$ 50,00 Comunica\u00e7\u00e3o + minicurso: R$ 80,00 Comunica\u00e7\u00e3o [&hellip;]<\/p>\n","protected":false},"author":9,"featured_media":0,"parent":0,"menu_order":0,"comment_status":"closed","ping_status":"closed","template":"","meta":{"_acf_changed":false,"_themeisle_gutenberg_block_has_review":false,"footnotes":""},"class_list":["post-270","page","type-page","status-publish","hentry"],"acf":[],"_links":{"self":[{"href":"https:\/\/sites.uel.br\/ledi\/wp-json\/wp\/v2\/pages\/270","targetHints":{"allow":["GET"]}}],"collection":[{"href":"https:\/\/sites.uel.br\/ledi\/wp-json\/wp\/v2\/pages"}],"about":[{"href":"https:\/\/sites.uel.br\/ledi\/wp-json\/wp\/v2\/types\/page"}],"author":[{"embeddable":true,"href":"https:\/\/sites.uel.br\/ledi\/wp-json\/wp\/v2\/users\/9"}],"replies":[{"embeddable":true,"href":"https:\/\/sites.uel.br\/ledi\/wp-json\/wp\/v2\/comments?post=270"}],"version-history":[{"count":15,"href":"https:\/\/sites.uel.br\/ledi\/wp-json\/wp\/v2\/pages\/270\/revisions"}],"predecessor-version":[{"id":667,"href":"https:\/\/sites.uel.br\/ledi\/wp-json\/wp\/v2\/pages\/270\/revisions\/667"}],"wp:attachment":[{"href":"https:\/\/sites.uel.br\/ledi\/wp-json\/wp\/v2\/media?parent=270"}],"curies":[{"name":"wp","href":"https:\/\/api.w.org\/{rel}","templated":true}]}}