{"id":243,"date":"2025-05-02T17:01:04","date_gmt":"2025-05-02T20:01:04","guid":{"rendered":"https:\/\/sites.uel.br\/ledi\/?page_id=243"},"modified":"2026-03-23T13:42:48","modified_gmt":"2026-03-23T16:42:48","slug":"agenda","status":"publish","type":"page","link":"https:\/\/sites.uel.br\/ledi\/agenda\/","title":{"rendered":"Agenda"},"content":{"rendered":"\n<div style=\"height:100px\" aria-hidden=\"true\" class=\"wp-block-spacer\"><\/div>\n\n\n\n<div class=\"wp-block-columns is-layout-flex wp-container-core-columns-is-layout-9d6595d7 wp-block-columns-is-layout-flex\">\n<div class=\"wp-block-column is-layout-flow wp-block-column-is-layout-flow\" style=\"flex-basis:100%\">\n<div class=\"wp-block-group\"><div class=\"wp-block-group__inner-container is-layout-constrained wp-block-group-is-layout-constrained\"><\/div><\/div>\n<\/div>\n<\/div>\n\n\n\n<h2 class=\"wp-block-heading has-text-align-center\">2026<\/h2>\n\n\n\n<p class=\"has-text-align-center\"><a href=\"https:\/\/docs.google.com\/forms\/d\/e\/1FAIpQLSdcgj6gfDn3n8pfDtUlG-O-7-_Q8-fKrYo9aFrMs8KJL2v6Aw\/alreadyresponded\">Inscri\u00e7\u00f5es AQUI &#8211;  16 a 30 de mar\u00e7o!<\/a><\/p>\n\n\n\n<div style=\"height:56px\" aria-hidden=\"true\" class=\"wp-block-spacer\"><\/div>\n\n\n\n<div class=\"wp-block-columns is-layout-flex wp-container-core-columns-is-layout-9d6595d7 wp-block-columns-is-layout-flex\">\n<div class=\"wp-block-column is-layout-flow wp-block-column-is-layout-flow\"><div class=\"wp-block-image\">\n<figure class=\"aligncenter size-large\"><img loading=\"lazy\" decoding=\"async\" width=\"838\" height=\"1024\" src=\"https:\/\/sites.uel.br\/ledi\/wp-content\/uploads\/2026\/03\/WhatsApp-Image-2026-03-23-at-10.54.03-838x1024.jpeg\" alt=\"\" class=\"wp-image-758\" srcset=\"https:\/\/sites.uel.br\/ledi\/wp-content\/uploads\/2026\/03\/WhatsApp-Image-2026-03-23-at-10.54.03-838x1024.jpeg 838w, https:\/\/sites.uel.br\/ledi\/wp-content\/uploads\/2026\/03\/WhatsApp-Image-2026-03-23-at-10.54.03-246x300.jpeg 246w, https:\/\/sites.uel.br\/ledi\/wp-content\/uploads\/2026\/03\/WhatsApp-Image-2026-03-23-at-10.54.03-768x938.jpeg 768w, https:\/\/sites.uel.br\/ledi\/wp-content\/uploads\/2026\/03\/WhatsApp-Image-2026-03-23-at-10.54.03.jpeg 1080w\" sizes=\"auto, (max-width: 838px) 100vw, 838px\" \/><\/figure>\n<\/div><\/div>\n\n\n\n<div class=\"wp-block-column is-layout-flow wp-block-column-is-layout-flow\"><div class=\"wp-block-image\">\n<figure class=\"aligncenter size-large is-resized\"><img loading=\"lazy\" decoding=\"async\" width=\"781\" height=\"1024\" src=\"https:\/\/sites.uel.br\/ledi\/wp-content\/uploads\/2026\/03\/WhatsApp-Image-2026-03-16-at-18.30.30-781x1024.jpeg\" alt=\"\" class=\"wp-image-759\" style=\"aspect-ratio:0.7627100192328627;width:309px;height:auto\" srcset=\"https:\/\/sites.uel.br\/ledi\/wp-content\/uploads\/2026\/03\/WhatsApp-Image-2026-03-16-at-18.30.30-781x1024.jpeg 781w, https:\/\/sites.uel.br\/ledi\/wp-content\/uploads\/2026\/03\/WhatsApp-Image-2026-03-16-at-18.30.30-229x300.jpeg 229w, https:\/\/sites.uel.br\/ledi\/wp-content\/uploads\/2026\/03\/WhatsApp-Image-2026-03-16-at-18.30.30-768x1007.jpeg 768w, https:\/\/sites.uel.br\/ledi\/wp-content\/uploads\/2026\/03\/WhatsApp-Image-2026-03-16-at-18.30.30.jpeg 1080w\" sizes=\"auto, (max-width: 781px) 100vw, 781px\" \/><\/figure>\n<\/div><\/div>\n\n\n\n<div class=\"wp-block-column is-layout-flow wp-block-column-is-layout-flow\"><div class=\"wp-block-image\">\n<figure class=\"aligncenter size-large is-resized\"><img loading=\"lazy\" decoding=\"async\" width=\"755\" height=\"1024\" src=\"https:\/\/sites.uel.br\/ledi\/wp-content\/uploads\/2026\/03\/WhatsApp-Image-2026-03-19-at-16.58.23-755x1024.jpeg\" alt=\"\" class=\"wp-image-760\" style=\"aspect-ratio:0.737309243992282;width:297px;height:auto\" srcset=\"https:\/\/sites.uel.br\/ledi\/wp-content\/uploads\/2026\/03\/WhatsApp-Image-2026-03-19-at-16.58.23-755x1024.jpeg 755w, https:\/\/sites.uel.br\/ledi\/wp-content\/uploads\/2026\/03\/WhatsApp-Image-2026-03-19-at-16.58.23-221x300.jpeg 221w, https:\/\/sites.uel.br\/ledi\/wp-content\/uploads\/2026\/03\/WhatsApp-Image-2026-03-19-at-16.58.23-768x1041.jpeg 768w, https:\/\/sites.uel.br\/ledi\/wp-content\/uploads\/2026\/03\/WhatsApp-Image-2026-03-19-at-16.58.23.jpeg 1080w\" sizes=\"auto, (max-width: 755px) 100vw, 755px\" \/><\/figure>\n<\/div><\/div>\n<\/div>\n\n\n\n<div class=\"wp-block-columns is-layout-flex wp-container-core-columns-is-layout-9d6595d7 wp-block-columns-is-layout-flex\">\n<div class=\"wp-block-column is-layout-flow wp-block-column-is-layout-flow\"><div class=\"wp-block-image\">\n<figure class=\"aligncenter size-large is-resized\"><img loading=\"lazy\" decoding=\"async\" width=\"667\" height=\"1024\" src=\"https:\/\/sites.uel.br\/ledi\/wp-content\/uploads\/2026\/03\/WhatsApp-Image-2026-03-20-at-12.10.20-667x1024.jpeg\" alt=\"\" class=\"wp-image-761\" style=\"aspect-ratio:0.651366763776111;width:271px;height:auto\" srcset=\"https:\/\/sites.uel.br\/ledi\/wp-content\/uploads\/2026\/03\/WhatsApp-Image-2026-03-20-at-12.10.20-667x1024.jpeg 667w, https:\/\/sites.uel.br\/ledi\/wp-content\/uploads\/2026\/03\/WhatsApp-Image-2026-03-20-at-12.10.20-195x300.jpeg 195w, https:\/\/sites.uel.br\/ledi\/wp-content\/uploads\/2026\/03\/WhatsApp-Image-2026-03-20-at-12.10.20-768x1179.jpeg 768w, https:\/\/sites.uel.br\/ledi\/wp-content\/uploads\/2026\/03\/WhatsApp-Image-2026-03-20-at-12.10.20-1000x1536.jpeg 1000w, https:\/\/sites.uel.br\/ledi\/wp-content\/uploads\/2026\/03\/WhatsApp-Image-2026-03-20-at-12.10.20.jpeg 1042w\" sizes=\"auto, (max-width: 667px) 100vw, 667px\" \/><\/figure>\n<\/div><\/div>\n\n\n\n<div class=\"wp-block-column is-layout-flow wp-block-column-is-layout-flow\"><div class=\"wp-block-image\">\n<figure class=\"aligncenter size-large\"><img loading=\"lazy\" decoding=\"async\" width=\"819\" height=\"1024\" src=\"https:\/\/sites.uel.br\/ledi\/wp-content\/uploads\/2026\/03\/WhatsApp-Image-2026-03-13-at-20.54.58-1-819x1024.jpeg\" alt=\"\" class=\"wp-image-762\" srcset=\"https:\/\/sites.uel.br\/ledi\/wp-content\/uploads\/2026\/03\/WhatsApp-Image-2026-03-13-at-20.54.58-1-819x1024.jpeg 819w, https:\/\/sites.uel.br\/ledi\/wp-content\/uploads\/2026\/03\/WhatsApp-Image-2026-03-13-at-20.54.58-1-240x300.jpeg 240w, https:\/\/sites.uel.br\/ledi\/wp-content\/uploads\/2026\/03\/WhatsApp-Image-2026-03-13-at-20.54.58-1-768x960.jpeg 768w, https:\/\/sites.uel.br\/ledi\/wp-content\/uploads\/2026\/03\/WhatsApp-Image-2026-03-13-at-20.54.58-1.jpeg 1080w\" sizes=\"auto, (max-width: 819px) 100vw, 819px\" \/><\/figure>\n<\/div><\/div>\n\n\n\n<div class=\"wp-block-column is-layout-flow wp-block-column-is-layout-flow\"><div class=\"wp-block-image\">\n<figure class=\"aligncenter size-large is-resized\"><img loading=\"lazy\" decoding=\"async\" width=\"728\" height=\"1024\" src=\"https:\/\/sites.uel.br\/ledi\/wp-content\/uploads\/2026\/03\/Captura-de-Tela-2026-03-23-as-13.41.47-728x1024.png\" alt=\"\" class=\"wp-image-769\" style=\"aspect-ratio:0.710922436829821;width:290px;height:auto\" srcset=\"https:\/\/sites.uel.br\/ledi\/wp-content\/uploads\/2026\/03\/Captura-de-Tela-2026-03-23-as-13.41.47-728x1024.png 728w, https:\/\/sites.uel.br\/ledi\/wp-content\/uploads\/2026\/03\/Captura-de-Tela-2026-03-23-as-13.41.47-213x300.png 213w, https:\/\/sites.uel.br\/ledi\/wp-content\/uploads\/2026\/03\/Captura-de-Tela-2026-03-23-as-13.41.47-768x1081.png 768w, https:\/\/sites.uel.br\/ledi\/wp-content\/uploads\/2026\/03\/Captura-de-Tela-2026-03-23-as-13.41.47.png 786w\" sizes=\"auto, (max-width: 728px) 100vw, 728px\" \/><\/figure>\n<\/div><\/div>\n<\/div>\n\n\n\n<hr class=\"wp-block-separator has-alpha-channel-opacity\" \/>\n\n\n\n<h2 class=\"wp-block-heading has-text-align-center\">2025<\/h2>\n\n\n\n<div class=\"wp-block-columns is-layout-flex wp-container-core-columns-is-layout-9d6595d7 wp-block-columns-is-layout-flex\">\n<div class=\"wp-block-column is-layout-flow wp-block-column-is-layout-flow\"><div class=\"wp-block-image\">\n<figure class=\"aligncenter size-large is-resized\"><img loading=\"lazy\" decoding=\"async\" width=\"819\" height=\"1024\" src=\"https:\/\/sites.uel.br\/ledi\/wp-content\/uploads\/2025\/05\/palestras-1-819x1024.png\" alt=\"\" class=\"wp-image-538\" style=\"width:350px;height:auto\" srcset=\"https:\/\/sites.uel.br\/ledi\/wp-content\/uploads\/2025\/05\/palestras-1-819x1024.png 819w, https:\/\/sites.uel.br\/ledi\/wp-content\/uploads\/2025\/05\/palestras-1-240x300.png 240w, https:\/\/sites.uel.br\/ledi\/wp-content\/uploads\/2025\/05\/palestras-1-768x960.png 768w, https:\/\/sites.uel.br\/ledi\/wp-content\/uploads\/2025\/05\/palestras-1.png 1080w\" sizes=\"auto, (max-width: 819px) 100vw, 819px\" \/><\/figure>\n<\/div><\/div>\n\n\n\n<div class=\"wp-block-column is-layout-flow wp-block-column-is-layout-flow\"><div class=\"wp-block-image\">\n<figure class=\"aligncenter size-large\"><img loading=\"lazy\" decoding=\"async\" width=\"1024\" height=\"576\" src=\"https:\/\/sites.uel.br\/ledi\/wp-content\/uploads\/2025\/05\/PADRAO_16x9_25-banners-site-1024x576.jpg\" alt=\"\" class=\"wp-image-351\" srcset=\"https:\/\/sites.uel.br\/ledi\/wp-content\/uploads\/2025\/05\/PADRAO_16x9_25-banners-site-1024x576.jpg 1024w, https:\/\/sites.uel.br\/ledi\/wp-content\/uploads\/2025\/05\/PADRAO_16x9_25-banners-site-300x169.jpg 300w, https:\/\/sites.uel.br\/ledi\/wp-content\/uploads\/2025\/05\/PADRAO_16x9_25-banners-site-768x432.jpg 768w, https:\/\/sites.uel.br\/ledi\/wp-content\/uploads\/2025\/05\/PADRAO_16x9_25-banners-site-1536x864.jpg 1536w, https:\/\/sites.uel.br\/ledi\/wp-content\/uploads\/2025\/05\/PADRAO_16x9_25-banners-site.jpg 1920w\" sizes=\"auto, (max-width: 1024px) 100vw, 1024px\" \/><\/figure>\n<\/div><\/div>\n<\/div>\n\n\n\n<div class=\"wp-block-columns is-layout-flex wp-container-core-columns-is-layout-9d6595d7 wp-block-columns-is-layout-flex\">\n<div class=\"wp-block-column is-layout-flow wp-block-column-is-layout-flow\" style=\"flex-basis:100%\">\n<div class=\"wp-block-columns is-layout-flex wp-container-core-columns-is-layout-9d6595d7 wp-block-columns-is-layout-flex\">\n<div class=\"wp-block-column is-layout-flow wp-block-column-is-layout-flow\"><div class=\"wp-block-image\">\n<figure class=\"aligncenter size-large is-resized\"><img loading=\"lazy\" decoding=\"async\" width=\"819\" height=\"1024\" src=\"https:\/\/sites.uel.br\/ledi\/wp-content\/uploads\/2025\/11\/Exposicao-819x1024.png\" alt=\"\" class=\"wp-image-726\" style=\"width:328px;height:auto\" srcset=\"https:\/\/sites.uel.br\/ledi\/wp-content\/uploads\/2025\/11\/Exposicao-819x1024.png 819w, https:\/\/sites.uel.br\/ledi\/wp-content\/uploads\/2025\/11\/Exposicao-240x300.png 240w, https:\/\/sites.uel.br\/ledi\/wp-content\/uploads\/2025\/11\/Exposicao-768x960.png 768w, https:\/\/sites.uel.br\/ledi\/wp-content\/uploads\/2025\/11\/Exposicao.png 1080w\" sizes=\"auto, (max-width: 819px) 100vw, 819px\" \/><\/figure>\n<\/div><\/div>\n\n\n\n<div class=\"wp-block-column is-layout-flow wp-block-column-is-layout-flow\">\n<figure class=\"wp-block-gallery has-nested-images columns-default is-cropped wp-block-gallery-1 is-layout-flex wp-block-gallery-is-layout-flex\">\n<figure class=\"wp-block-image size-large\"><img loading=\"lazy\" decoding=\"async\" width=\"827\" height=\"1024\" data-id=\"735\" src=\"https:\/\/sites.uel.br\/ledi\/wp-content\/uploads\/2025\/11\/Captura-de-Tela-2025-11-14-as-09.31.04-827x1024.png\" alt=\"\" class=\"wp-image-735\" srcset=\"https:\/\/sites.uel.br\/ledi\/wp-content\/uploads\/2025\/11\/Captura-de-Tela-2025-11-14-as-09.31.04-827x1024.png 827w, https:\/\/sites.uel.br\/ledi\/wp-content\/uploads\/2025\/11\/Captura-de-Tela-2025-11-14-as-09.31.04-242x300.png 242w, https:\/\/sites.uel.br\/ledi\/wp-content\/uploads\/2025\/11\/Captura-de-Tela-2025-11-14-as-09.31.04-768x951.png 768w, https:\/\/sites.uel.br\/ledi\/wp-content\/uploads\/2025\/11\/Captura-de-Tela-2025-11-14-as-09.31.04.png 1158w\" sizes=\"auto, (max-width: 827px) 100vw, 827px\" \/><\/figure>\n\n\n\n<figure class=\"wp-block-image size-large\"><img loading=\"lazy\" decoding=\"async\" width=\"827\" height=\"1024\" data-id=\"738\" src=\"https:\/\/sites.uel.br\/ledi\/wp-content\/uploads\/2025\/11\/Captura-de-Tela-2025-11-14-as-09.31.20-827x1024.png\" alt=\"\" class=\"wp-image-738\" srcset=\"https:\/\/sites.uel.br\/ledi\/wp-content\/uploads\/2025\/11\/Captura-de-Tela-2025-11-14-as-09.31.20-827x1024.png 827w, https:\/\/sites.uel.br\/ledi\/wp-content\/uploads\/2025\/11\/Captura-de-Tela-2025-11-14-as-09.31.20-242x300.png 242w, https:\/\/sites.uel.br\/ledi\/wp-content\/uploads\/2025\/11\/Captura-de-Tela-2025-11-14-as-09.31.20-768x950.png 768w, https:\/\/sites.uel.br\/ledi\/wp-content\/uploads\/2025\/11\/Captura-de-Tela-2025-11-14-as-09.31.20.png 1162w\" sizes=\"auto, (max-width: 827px) 100vw, 827px\" \/><\/figure>\n\n\n\n<figure class=\"wp-block-image size-large\"><img loading=\"lazy\" decoding=\"async\" width=\"831\" height=\"1024\" data-id=\"737\" src=\"https:\/\/sites.uel.br\/ledi\/wp-content\/uploads\/2025\/11\/Captura-de-Tela-2025-11-14-as-09.31.32-831x1024.png\" alt=\"\" class=\"wp-image-737\" srcset=\"https:\/\/sites.uel.br\/ledi\/wp-content\/uploads\/2025\/11\/Captura-de-Tela-2025-11-14-as-09.31.32-831x1024.png 831w, https:\/\/sites.uel.br\/ledi\/wp-content\/uploads\/2025\/11\/Captura-de-Tela-2025-11-14-as-09.31.32-243x300.png 243w, https:\/\/sites.uel.br\/ledi\/wp-content\/uploads\/2025\/11\/Captura-de-Tela-2025-11-14-as-09.31.32-768x946.png 768w, https:\/\/sites.uel.br\/ledi\/wp-content\/uploads\/2025\/11\/Captura-de-Tela-2025-11-14-as-09.31.32.png 1162w\" sizes=\"auto, (max-width: 831px) 100vw, 831px\" \/><\/figure>\n\n\n\n<figure class=\"wp-block-image size-large\"><img loading=\"lazy\" decoding=\"async\" width=\"825\" height=\"1024\" data-id=\"740\" src=\"https:\/\/sites.uel.br\/ledi\/wp-content\/uploads\/2025\/11\/Captura-de-Tela-2025-11-14-as-09.31.42-825x1024.png\" alt=\"\" class=\"wp-image-740\" srcset=\"https:\/\/sites.uel.br\/ledi\/wp-content\/uploads\/2025\/11\/Captura-de-Tela-2025-11-14-as-09.31.42-825x1024.png 825w, https:\/\/sites.uel.br\/ledi\/wp-content\/uploads\/2025\/11\/Captura-de-Tela-2025-11-14-as-09.31.42-242x300.png 242w, https:\/\/sites.uel.br\/ledi\/wp-content\/uploads\/2025\/11\/Captura-de-Tela-2025-11-14-as-09.31.42-768x953.png 768w, https:\/\/sites.uel.br\/ledi\/wp-content\/uploads\/2025\/11\/Captura-de-Tela-2025-11-14-as-09.31.42.png 1160w\" sizes=\"auto, (max-width: 825px) 100vw, 825px\" \/><\/figure>\n\n\n\n<figure class=\"wp-block-image size-large\"><img loading=\"lazy\" decoding=\"async\" width=\"823\" height=\"1024\" data-id=\"739\" src=\"https:\/\/sites.uel.br\/ledi\/wp-content\/uploads\/2025\/11\/Captura-de-Tela-2025-11-14-as-09.31.50-823x1024.png\" alt=\"\" class=\"wp-image-739\" srcset=\"https:\/\/sites.uel.br\/ledi\/wp-content\/uploads\/2025\/11\/Captura-de-Tela-2025-11-14-as-09.31.50-823x1024.png 823w, https:\/\/sites.uel.br\/ledi\/wp-content\/uploads\/2025\/11\/Captura-de-Tela-2025-11-14-as-09.31.50-241x300.png 241w, https:\/\/sites.uel.br\/ledi\/wp-content\/uploads\/2025\/11\/Captura-de-Tela-2025-11-14-as-09.31.50-768x956.png 768w, https:\/\/sites.uel.br\/ledi\/wp-content\/uploads\/2025\/11\/Captura-de-Tela-2025-11-14-as-09.31.50.png 1154w\" sizes=\"auto, (max-width: 823px) 100vw, 823px\" \/><\/figure>\n\n\n\n<figure class=\"wp-block-image size-large\"><img loading=\"lazy\" decoding=\"async\" width=\"834\" height=\"1024\" data-id=\"736\" src=\"https:\/\/sites.uel.br\/ledi\/wp-content\/uploads\/2025\/11\/Captura-de-Tela-2025-11-14-as-09.31.59-834x1024.png\" alt=\"\" class=\"wp-image-736\" srcset=\"https:\/\/sites.uel.br\/ledi\/wp-content\/uploads\/2025\/11\/Captura-de-Tela-2025-11-14-as-09.31.59-834x1024.png 834w, https:\/\/sites.uel.br\/ledi\/wp-content\/uploads\/2025\/11\/Captura-de-Tela-2025-11-14-as-09.31.59-244x300.png 244w, https:\/\/sites.uel.br\/ledi\/wp-content\/uploads\/2025\/11\/Captura-de-Tela-2025-11-14-as-09.31.59-768x943.png 768w, https:\/\/sites.uel.br\/ledi\/wp-content\/uploads\/2025\/11\/Captura-de-Tela-2025-11-14-as-09.31.59.png 1166w\" sizes=\"auto, (max-width: 834px) 100vw, 834px\" \/><\/figure>\n<\/figure>\n<\/div>\n<\/div>\n<\/div>\n<\/div>\n\n\n\n<div class=\"wp-block-columns is-layout-flex wp-container-core-columns-is-layout-9d6595d7 wp-block-columns-is-layout-flex\">\n<div class=\"wp-block-column is-layout-flow wp-block-column-is-layout-flow\"><div class=\"wp-block-image\">\n<figure class=\"aligncenter size-large is-resized\"><img loading=\"lazy\" decoding=\"async\" width=\"726\" height=\"1024\" src=\"https:\/\/sites.uel.br\/ledi\/wp-content\/uploads\/2026\/03\/image-1-726x1024.png\" alt=\"\" class=\"wp-image-767\" style=\"aspect-ratio:0.7089980302603952;width:323px;height:auto\" srcset=\"https:\/\/sites.uel.br\/ledi\/wp-content\/uploads\/2026\/03\/image-1-726x1024.png 726w, https:\/\/sites.uel.br\/ledi\/wp-content\/uploads\/2026\/03\/image-1-213x300.png 213w, https:\/\/sites.uel.br\/ledi\/wp-content\/uploads\/2026\/03\/image-1-768x1084.png 768w, https:\/\/sites.uel.br\/ledi\/wp-content\/uploads\/2026\/03\/image-1.png 788w\" sizes=\"auto, (max-width: 726px) 100vw, 726px\" \/><\/figure>\n<\/div><\/div>\n\n\n\n<div class=\"wp-block-column is-layout-flow wp-block-column-is-layout-flow\"><div class=\"wp-block-image\">\n<figure class=\"aligncenter size-large is-resized\"><img loading=\"lazy\" decoding=\"async\" width=\"731\" height=\"1024\" src=\"https:\/\/sites.uel.br\/ledi\/wp-content\/uploads\/2026\/03\/image-731x1024.png\" alt=\"\" class=\"wp-image-765\" style=\"aspect-ratio:0.7138653997036004;width:314px;height:auto\" srcset=\"https:\/\/sites.uel.br\/ledi\/wp-content\/uploads\/2026\/03\/image-731x1024.png 731w, https:\/\/sites.uel.br\/ledi\/wp-content\/uploads\/2026\/03\/image-214x300.png 214w, https:\/\/sites.uel.br\/ledi\/wp-content\/uploads\/2026\/03\/image-768x1076.png 768w, https:\/\/sites.uel.br\/ledi\/wp-content\/uploads\/2026\/03\/image.png 782w\" sizes=\"auto, (max-width: 731px) 100vw, 731px\" \/><\/figure>\n<\/div><\/div>\n<\/div>\n","protected":false},"excerpt":{"rendered":"<p>2026 Inscri\u00e7\u00f5es AQUI &#8211; 16 a 30 de mar\u00e7o! 2025<\/p>\n","protected":false},"author":9,"featured_media":0,"parent":0,"menu_order":0,"comment_status":"closed","ping_status":"closed","template":"","meta":{"_acf_changed":false,"_themeisle_gutenberg_block_has_review":false,"footnotes":""},"class_list":["post-243","page","type-page","status-publish","hentry"],"acf":[],"_links":{"self":[{"href":"https:\/\/sites.uel.br\/ledi\/wp-json\/wp\/v2\/pages\/243","targetHints":{"allow":["GET"]}}],"collection":[{"href":"https:\/\/sites.uel.br\/ledi\/wp-json\/wp\/v2\/pages"}],"about":[{"href":"https:\/\/sites.uel.br\/ledi\/wp-json\/wp\/v2\/types\/page"}],"author":[{"embeddable":true,"href":"https:\/\/sites.uel.br\/ledi\/wp-json\/wp\/v2\/users\/9"}],"replies":[{"embeddable":true,"href":"https:\/\/sites.uel.br\/ledi\/wp-json\/wp\/v2\/comments?post=243"}],"version-history":[{"count":15,"href":"https:\/\/sites.uel.br\/ledi\/wp-json\/wp\/v2\/pages\/243\/revisions"}],"predecessor-version":[{"id":771,"href":"https:\/\/sites.uel.br\/ledi\/wp-json\/wp\/v2\/pages\/243\/revisions\/771"}],"wp:attachment":[{"href":"https:\/\/sites.uel.br\/ledi\/wp-json\/wp\/v2\/media?parent=243"}],"curies":[{"name":"wp","href":"https:\/\/api.w.org\/{rel}","templated":true}]}}