{"id":182,"date":"2025-05-13T14:12:28","date_gmt":"2025-05-13T17:12:28","guid":{"rendered":"https:\/\/sites.uel.br\/ledi\/?page_id=182"},"modified":"2025-05-15T13:07:33","modified_gmt":"2025-05-15T16:07:33","slug":"humor-e-imagem","status":"publish","type":"page","link":"https:\/\/sites.uel.br\/ledi\/humor-e-imagem\/","title":{"rendered":"HUMOR E IMAGEM"},"content":{"rendered":"\n<div style=\"height:100px\" aria-hidden=\"true\" class=\"wp-block-spacer\"><\/div>\n\n\n\n<p>O Eixo Tem\u00e1tico \u201cHumor e imagem\u201d tem como objetivo proporcionar um espa\u00e7o produtivo para a apresenta\u00e7\u00e3o e o debate de estudos e reflex\u00f5es relacionados \u00e0s diversas express\u00f5es do humor no \u00e2mbito das produ\u00e7\u00f5es imag\u00e9ticas de modo geral em suas manifesta\u00e7\u00f5es hist\u00f3rica, social, pol\u00edtica e cultural, bem como estimular o compartilhamento de pesquisas referentes \u00e0s m\u00faltiplas aplica\u00e7\u00f5es e aprofundamentos te\u00f3rico-metodol\u00f3gicos do humor como uma estrat\u00e9gia pol\u00edtico-ideol\u00f3gica no contexto dos m\u00faltiplos objetos visuais.<br><\/p>\n\n\n\n<p><strong>Coordena\u00e7\u00e3o<\/strong>: <a href=\"http:\/\/lattes.cnpq.br\/0644731048795921\">Prof. Dr. Rozinaldo Antonio Miani<\/a><\/p>\n\n\n\n<p><\/p>\n","protected":false},"excerpt":{"rendered":"<p>O Eixo Tem\u00e1tico \u201cHumor e imagem\u201d tem como objetivo proporcionar um espa\u00e7o produtivo para a apresenta\u00e7\u00e3o e o debate de estudos e reflex\u00f5es relacionados \u00e0s diversas express\u00f5es do humor no \u00e2mbito das produ\u00e7\u00f5es imag\u00e9ticas de modo geral em suas manifesta\u00e7\u00f5es hist\u00f3rica, social, pol\u00edtica e cultural, bem como estimular o compartilhamento de pesquisas referentes \u00e0s m\u00faltiplas [&hellip;]<\/p>\n","protected":false},"author":9,"featured_media":0,"parent":0,"menu_order":0,"comment_status":"closed","ping_status":"closed","template":"","meta":{"_acf_changed":false,"_themeisle_gutenberg_block_has_review":false,"footnotes":""},"class_list":["post-182","page","type-page","status-publish","hentry"],"acf":[],"_links":{"self":[{"href":"https:\/\/sites.uel.br\/ledi\/wp-json\/wp\/v2\/pages\/182","targetHints":{"allow":["GET"]}}],"collection":[{"href":"https:\/\/sites.uel.br\/ledi\/wp-json\/wp\/v2\/pages"}],"about":[{"href":"https:\/\/sites.uel.br\/ledi\/wp-json\/wp\/v2\/types\/page"}],"author":[{"embeddable":true,"href":"https:\/\/sites.uel.br\/ledi\/wp-json\/wp\/v2\/users\/9"}],"replies":[{"embeddable":true,"href":"https:\/\/sites.uel.br\/ledi\/wp-json\/wp\/v2\/comments?post=182"}],"version-history":[{"count":5,"href":"https:\/\/sites.uel.br\/ledi\/wp-json\/wp\/v2\/pages\/182\/revisions"}],"predecessor-version":[{"id":434,"href":"https:\/\/sites.uel.br\/ledi\/wp-json\/wp\/v2\/pages\/182\/revisions\/434"}],"wp:attachment":[{"href":"https:\/\/sites.uel.br\/ledi\/wp-json\/wp\/v2\/media?parent=182"}],"curies":[{"name":"wp","href":"https:\/\/api.w.org\/{rel}","templated":true}]}}