{"id":175,"date":"2025-05-13T14:14:17","date_gmt":"2025-05-13T17:14:17","guid":{"rendered":"https:\/\/sites.uel.br\/ledi\/?page_id=175"},"modified":"2025-05-15T13:11:12","modified_gmt":"2025-05-15T16:11:12","slug":"patrimonio-cultural","status":"publish","type":"page","link":"https:\/\/sites.uel.br\/ledi\/patrimonio-cultural\/","title":{"rendered":"PATRIM\u00d4NIO CULTURAL"},"content":{"rendered":"\n<div style=\"height:100px\" aria-hidden=\"true\" class=\"wp-block-spacer\"><\/div>\n\n\n\n<p>Este eixo tem\u00e1tico inclui comunica\u00e7\u00f5es que, partindo de uma abordagem hist\u00f3rica e\/ou patrimonial, abordam tem\u00e1ticas relacionadas ao espa\u00e7o, tempo, artefato, imagem, valores e perman\u00eancias. Patrim\u00f4nio Material e Imaterial, M\u00f3vel e Im\u00f3vel. Inclui ainda trabalhos que discutam os conceitos de patrim\u00f4nio e a preserva\u00e7\u00e3o do patrim\u00f4nio hist\u00f3rico no Brasil e no mundo. Mem\u00f3ria e lugares de mem\u00f3ria. Patrim\u00f4nio cultural e cidadania, educa\u00e7\u00e3o patrimonial e a import\u00e2ncia atribu\u00edda \u00e0s a\u00e7\u00f5es para sua difus\u00e3o.<br><\/p>\n\n\n\n<p><strong>Coordena\u00e7\u00e3o<\/strong>: <a href=\"http:\/\/lattes.cnpq.br\/5858095833470193\">Profa. Dra. Cl\u00e1udia E. P. M. Martin\u00eaz<\/a> e <a href=\"http:\/\/lattes.cnpq.br\/3846193163064998\">Profa. Dra. Taiane Vanessa da Silva<\/a><\/p>\n\n\n\n<p><\/p>\n","protected":false},"excerpt":{"rendered":"<p>Este eixo tem\u00e1tico inclui comunica\u00e7\u00f5es que, partindo de uma abordagem hist\u00f3rica e\/ou patrimonial, abordam tem\u00e1ticas relacionadas ao espa\u00e7o, tempo, artefato, imagem, valores e perman\u00eancias. Patrim\u00f4nio Material e Imaterial, M\u00f3vel e Im\u00f3vel. Inclui ainda trabalhos que discutam os conceitos de patrim\u00f4nio e a preserva\u00e7\u00e3o do patrim\u00f4nio hist\u00f3rico no Brasil e no mundo. Mem\u00f3ria e lugares de [&hellip;]<\/p>\n","protected":false},"author":9,"featured_media":0,"parent":0,"menu_order":0,"comment_status":"closed","ping_status":"closed","template":"","meta":{"_acf_changed":false,"_themeisle_gutenberg_block_has_review":false,"footnotes":""},"class_list":["post-175","page","type-page","status-publish","hentry"],"acf":[],"_links":{"self":[{"href":"https:\/\/sites.uel.br\/ledi\/wp-json\/wp\/v2\/pages\/175","targetHints":{"allow":["GET"]}}],"collection":[{"href":"https:\/\/sites.uel.br\/ledi\/wp-json\/wp\/v2\/pages"}],"about":[{"href":"https:\/\/sites.uel.br\/ledi\/wp-json\/wp\/v2\/types\/page"}],"author":[{"embeddable":true,"href":"https:\/\/sites.uel.br\/ledi\/wp-json\/wp\/v2\/users\/9"}],"replies":[{"embeddable":true,"href":"https:\/\/sites.uel.br\/ledi\/wp-json\/wp\/v2\/comments?post=175"}],"version-history":[{"count":5,"href":"https:\/\/sites.uel.br\/ledi\/wp-json\/wp\/v2\/pages\/175\/revisions"}],"predecessor-version":[{"id":440,"href":"https:\/\/sites.uel.br\/ledi\/wp-json\/wp\/v2\/pages\/175\/revisions\/440"}],"wp:attachment":[{"href":"https:\/\/sites.uel.br\/ledi\/wp-json\/wp\/v2\/media?parent=175"}],"curies":[{"name":"wp","href":"https:\/\/api.w.org\/{rel}","templated":true}]}}