{"id":111,"date":"2025-04-28T14:46:19","date_gmt":"2025-04-28T17:46:19","guid":{"rendered":"https:\/\/sites.uel.br\/ledi\/?page_id=111"},"modified":"2025-10-10T10:14:01","modified_gmt":"2025-10-10T13:14:01","slug":"programacao-eneimagem2025","status":"publish","type":"page","link":"https:\/\/sites.uel.br\/ledi\/programacao-eneimagem2025\/","title":{"rendered":"Programa\u00e7\u00e3o Geral"},"content":{"rendered":"\n<div style=\"height:100px\" aria-hidden=\"true\" class=\"wp-block-spacer\"><\/div>\n\n\n\n<p class=\"has-text-align-center\">Exposi\u00e7\u00e3o <strong>&#8220;As casas de madeira de Londrina: nossa arquitetura vernacular&#8221;<\/strong><\/p>\n\n\n\n<p class=\"has-text-align-center\">Produ\u00e7\u00e3o: Gabriela Oliveira Wedekin. Acervo do MHL.<\/p>\n\n\n\n<p class=\"has-text-align-center\">Local: Sagu\u00e3o do audit\u00f3rio de CESA &#8211; Durante todo o evento.<\/p>\n\n\n\n<hr class=\"wp-block-separator has-alpha-channel-opacity\" \/>\n\n\n\n<p class=\"has-text-align-center\"><strong>TER\u00c7A 14\/10\/2025<\/strong><\/p>\n\n\n\n<p>A partir das <strong>8h: Credenciamento<\/strong><\/p>\n\n\n\n<p>Local: Audit\u00f3rio do CESA<\/p>\n\n\n\n<p><strong>08h00 \u2013 12h00: <a href=\"https:\/\/sites.uel.br\/ledi\/minicursos\/\">Minicursos<\/a><\/strong><\/p>\n\n\n\n<p>Local: CLCH (Centro de Letras e Ci\u00eancias Humanas)<\/p>\n\n\n\n<p><strong>14h00 \u2013 16h00: <a href=\"https:\/\/sites.uel.br\/ledi\/eixos-tematicos\/\">Comunica\u00e7\u00f5es<\/a><\/strong><\/p>\n\n\n\n<p>Local: CLCH (Centro de Letras e Ci\u00eancias Humanas)<\/p>\n\n\n\n<p><strong>17h00 \u2013 18h30: Apresenta\u00e7\u00e3o do Document\u00e1rio: <\/strong>&#8220;Vozes e Mem\u00f3rias: Quilombo Curral de Fora&#8221;. Dire\u00e7\u00e3o: Vitor Castro, Rafaelle Lima e Carlos Augusto Lima Ferreira, 2024.<\/p>\n\n\n\n<p><strong>18h30: Caf\u00e9<\/strong><\/p>\n\n\n\n<p><strong>19h00: Cerimonial de Abertura<\/strong><\/p>\n\n\n\n<p><strong>19h30: Atividade cultural<\/strong>: &#8220;Cantoria, Nossa Escolha&#8221;<\/p>\n\n\n\n<p><strong>20h00: Confer\u00eancia&nbsp;<\/strong>&#8220;Por uma hist\u00f3ria fotogr\u00e1fica de passados poss\u00edveis: atitude historiadora e pr\u00e1tica art\u00edstica&#8221;<\/p>\n\n\n\n<p><a href=\"http:\/\/lattes.cnpq.br\/5456423540789233\">Ana Maria Mauad <\/a>(UFF)<\/p>\n\n\n\n<p>Local: Audit\u00f3rio do CESA<\/p>\n\n\n\n<hr class=\"wp-block-separator has-alpha-channel-opacity\" \/>\n\n\n\n<p class=\"has-text-align-center\"><strong>QUARTA 15\/10\/2025<\/strong><\/p>\n\n\n\n<p><strong>08h00 \u2013 12h00:&nbsp;<a href=\"https:\/\/sites.uel.br\/ledi\/minicursos\/\">Minicursos<\/a><\/strong><\/p>\n\n\n\n<p>Local: CLCH (Centro de Letras e Ci\u00eancias Humanas)<\/p>\n\n\n\n<p><strong>14h00 \u2013 18h00: <a href=\"https:\/\/sites.uel.br\/ledi\/eixos-tematicos\/\">Comunica\u00e7\u00f5es<\/a><\/strong><\/p>\n\n\n\n<p>Local: CLCH (Centro de Letras e Ci\u00eancias Humanas)<\/p>\n\n\n\n<p><strong>16h00: Caf\u00e9<\/strong><\/p>\n\n\n\n<p><strong>18h30: Atividade Cultural<\/strong>: &#8220;Maracatu&#8221;<\/p>\n\n\n\n<p><strong>19h30: Mesa Redonda <\/strong>\u201cFragmentos e percep\u00e7\u00f5es de Festas populares e ancestralidades\u201d<\/p>\n\n\n\n<p><a href=\"http:\/\/lattes.cnpq.br\/4734268200393775\">Luis Vitor Castro J\u00fanior <\/a>(UEFS)<\/p>\n\n\n\n<p><a href=\"http:\/\/lattes.cnpq.br\/1705520417583996\">Andre Camargo Lopes<\/a> (SEEP\/PR)<\/p>\n\n\n\n<p><a href=\"http:\/\/lattes.cnpq.br\/7300495322351408\">F\u00e1bio Martins Bueno<\/a> (Centro de Estudos da Cultura Popular)<\/p>\n\n\n\n<p>Local: Audit\u00f3rio do CESA<\/p>\n\n\n\n<hr class=\"wp-block-separator has-alpha-channel-opacity\" \/>\n\n\n\n<p class=\"has-text-align-center\"><strong>QUINTA 16\/10\/2025<\/strong><\/p>\n\n\n\n<p><strong>08h00 \u2013 12h00:&nbsp;<a href=\"https:\/\/sites.uel.br\/ledi\/minicursos\/\">Minicursos<\/a><\/strong><\/p>\n\n\n\n<p>Local: CLCH (Centro de Letras e Ci\u00eancias Humanas)<\/p>\n\n\n\n<p><strong>14h00 \u2013 18h00: <a href=\"https:\/\/sites.uel.br\/ledi\/eixos-tematicos\/\">Comunica\u00e7\u00f5es<\/a><\/strong><\/p>\n\n\n\n<p>Local: CLCH (Centro de Letras e Ci\u00eancias Humanas)<\/p>\n\n\n\n<p><strong>16h00: Caf\u00e9<\/strong><\/p>\n\n\n\n<p><strong>18h00: <strong>Apresenta\u00e7\u00e3o do Document\u00e1rio: <\/strong><\/strong>&#8220;O Bispo e o Artista&#8221;<strong><strong> <\/strong><\/strong>&#8211; Roteiro, dire\u00e7\u00e3o e montagem de Luciano Schmeiske Pascoal, 2024.<\/p>\n\n\n\n<p><strong>19h30: Mesa Redonda&nbsp;<\/strong>\u201cO (i)material dos Imagin\u00e1rios urbanos\u201d<\/p>\n\n\n\n<p><a href=\"http:\/\/lattes.cnpq.br\/1986753446241169\">Alessandra Mello Sim\u00f5es Paiva<\/a> (UFSB)<\/p>\n\n\n\n<p><a href=\"http:\/\/lattes.cnpq.br\/7314978347718720\">Charles Monteiro<\/a> (PUC\/RS)<\/p>\n\n\n\n<p><a href=\"https:\/\/estudiosurbanos.uc.cl\/academicos\/macarena-ibarra-alonso\/\">Macarena Ibarra Alonso<\/a> (PUC\/Chile)<\/p>\n\n\n\n<p>Local: Audit\u00f3rio do CESA<\/p>\n\n\n\n<hr class=\"wp-block-separator has-alpha-channel-opacity\" \/>\n\n\n\n<p class=\"has-text-align-center\"><strong>SEXTA 17\/10\/2025<\/strong><\/p>\n\n\n\n<p><strong>09h00 \u2013 12h00: <strong>Confer\u00eancia<\/strong> <\/strong>\u201cUm mundo a ser transformado: novas est\u00e9ticas e as IAS\u201d<\/p>\n\n\n\n<p><a href=\"http:\/\/lattes.cnpq.br\/2897459119711239\">Alberto Semeler<\/a> (UFRGS)<\/p>\n\n\n\n<p>Local: Audit\u00f3rio do CESA<\/p>\n\n\n\n<p><strong>14h00 \u2013 18h00: <a href=\"https:\/\/sites.uel.br\/ledi\/eixos-tematicos\/\">Comunica\u00e7\u00f5es<\/a><\/strong><\/p>\n\n\n\n<p>Local: CLCH (Centro de Letras e Ci\u00eancias Humanas)<\/p>\n\n\n\n<p><strong>16h00: Caf\u00e9<\/strong><\/p>\n\n\n\n<p><strong>18h00: Confer\u00eancia<\/strong><\/p>\n\n\n\n<p><a href=\"http:\/\/lattes.cnpq.br\/9236533842481264\">Paulo Knauss<\/a> (UFF)<\/p>\n\n\n\n<p>Local: Audit\u00f3rio do CESA<\/p>\n\n\n\n<hr class=\"wp-block-separator aligncenter has-alpha-channel-opacity\" \/>\n\n\n\n<div class=\"wp-block-buttons is-content-justification-center is-layout-flex wp-container-core-buttons-is-layout-16018d1d wp-block-buttons-is-layout-flex\">\n<div class=\"wp-block-button\"><a class=\"wp-block-button__link wp-element-button\" href=\"https:\/\/sites.uel.br\/ouvidoria\/mapa-do-campus\/\">Mapa do <em>campus<\/em><\/a><\/div>\n<\/div>\n\n\n\n<p><\/p>\n","protected":false},"excerpt":{"rendered":"<p>Exposi\u00e7\u00e3o &#8220;As casas de madeira de Londrina: nossa arquitetura vernacular&#8221; Produ\u00e7\u00e3o: Gabriela Oliveira Wedekin. Acervo do MHL. Local: Sagu\u00e3o do audit\u00f3rio de CESA &#8211; Durante todo o evento. TER\u00c7A 14\/10\/2025 A partir das 8h: Credenciamento Local: Audit\u00f3rio do CESA 08h00 \u2013 12h00: Minicursos Local: CLCH (Centro de Letras e Ci\u00eancias Humanas) 14h00 \u2013 16h00: Comunica\u00e7\u00f5es [&hellip;]<\/p>\n","protected":false},"author":9,"featured_media":0,"parent":0,"menu_order":0,"comment_status":"closed","ping_status":"closed","template":"","meta":{"_acf_changed":false,"_themeisle_gutenberg_block_has_review":false,"footnotes":""},"class_list":["post-111","page","type-page","status-publish","hentry"],"acf":[],"_links":{"self":[{"href":"https:\/\/sites.uel.br\/ledi\/wp-json\/wp\/v2\/pages\/111","targetHints":{"allow":["GET"]}}],"collection":[{"href":"https:\/\/sites.uel.br\/ledi\/wp-json\/wp\/v2\/pages"}],"about":[{"href":"https:\/\/sites.uel.br\/ledi\/wp-json\/wp\/v2\/types\/page"}],"author":[{"embeddable":true,"href":"https:\/\/sites.uel.br\/ledi\/wp-json\/wp\/v2\/users\/9"}],"replies":[{"embeddable":true,"href":"https:\/\/sites.uel.br\/ledi\/wp-json\/wp\/v2\/comments?post=111"}],"version-history":[{"count":33,"href":"https:\/\/sites.uel.br\/ledi\/wp-json\/wp\/v2\/pages\/111\/revisions"}],"predecessor-version":[{"id":714,"href":"https:\/\/sites.uel.br\/ledi\/wp-json\/wp\/v2\/pages\/111\/revisions\/714"}],"wp:attachment":[{"href":"https:\/\/sites.uel.br\/ledi\/wp-json\/wp\/v2\/media?parent=111"}],"curies":[{"name":"wp","href":"https:\/\/api.w.org\/{rel}","templated":true}]}}