{"id":30,"date":"2023-04-20T09:05:24","date_gmt":"2023-04-20T12:05:24","guid":{"rendered":"https:\/\/sites.uel.br\/leafro\/?page_id=30"},"modified":"2026-02-25T11:28:13","modified_gmt":"2026-02-25T14:28:13","slug":"dissertacoes-teses-e-artigos","status":"publish","type":"page","link":"https:\/\/sites.uel.br\/leafro\/dissertacoes-teses-e-artigos\/","title":{"rendered":"Teses, disserta\u00e7\u00f5es e artigos"},"content":{"rendered":"\n<p>Teses, disserta\u00e7\u00f5es e artigos desenvolvidas por pesquisadores do LEAFRO:<\/p>\n\n\n\n<p><strong>TESES<\/strong><\/p>\n\n\n\n<ul class=\"wp-block-list\">\n<li><a href=\"https:\/\/repositorio.unesp.br\/handle\/11449\/157155\" data-type=\"URL\" data-id=\"https:\/\/repositorio.unesp.br\/handle\/11449\/157155\">PANTA, Mariana Aparecida dos Santos. Rela\u00e7\u00f5es rac<\/a><a rel=\"noreferrer noopener\" href=\"https:\/\/repositorio.unesp.br\/handle\/11449\/157155\" data-type=\"URL\" data-id=\"https:\/\/repositorio.unesp.br\/handle\/11449\/157155\" target=\"_blank\">iais e segrega\u00e7\u00e3o urbana: trajet\u00f3rias negras na cidade. UNESP com per\u00edodo sandu\u00edche em Universidade de Coimbra. 2018.<\/a><\/li>\n<\/ul>\n\n\n\n<p><\/p>\n\n\n\n<ul class=\"wp-block-list\">\n<li><a href=\"http:\/\/www.bibliotecadigital.uel.br\/document\/?code=vtls000218042\">SOUZA, Alexsandro Eleot\u00e9rio Pereira. O engendramento de uma nova sociabilidade : as pol\u00edticas de a\u00e7\u00e3o afirmativa e suas influ\u00eancias no conte<\/a><a rel=\"noreferrer noopener\" href=\"http:\/\/www.bibliotecadigital.uel.br\/document\/?code=vtls000218042\" target=\"_blank\">xto acad\u00eamico. UEL. 2018.<\/a><\/li>\n<\/ul>\n\n\n\n<hr class=\"wp-block-separator has-alpha-channel-opacity is-style-dots\" \/>\n\n\n\n<p><strong>DISSERTA\u00c7\u00d5ES<\/strong><\/p>\n\n\n\n<ul class=\"wp-block-list\">\n<li><a href=\"https:\/\/repositorio.uel.br\/items\/94552f0c-570d-4310-8133-2a1061657fcb\" data-type=\"link\" data-id=\"https:\/\/repositorio.uel.br\/items\/94552f0c-570d-4310-8133-2a1061657fcb\">SANTOS, Gabriel Gustavo dos. Cotas, sociabilidade e racismo : um estudo sobre as rela\u00e7\u00f5es raciais na UENP. 2023. Disserta\u00e7\u00e3o (Mestrado em Sociologia) \u2013 Universidade Estadual de Londrina, Londrina.&nbsp;<\/a><\/li>\n<\/ul>\n\n\n\n<ul class=\"wp-block-list\">\n<li><a rel=\"noreferrer noopener\" href=\"http:\/\/www.bibliotecadigital.uel.br\/document\/?code=vtls000219863\" target=\"_blank\">BORGHI, Eduardo Baroni. Os sentidos atribu\u00eddos ao corpo e ao cabelo de mulheres negras: rela\u00e7\u00f5es entre est\u00e9tica e politiza\u00e7\u00e3o. 2018. Disserta\u00e7\u00e3o (Mestrado em Ci\u00eancias Sociais) \u2013 Universidade Estadual de Londrina, Londrina.&nbsp;<\/a><\/li>\n<\/ul>\n\n\n\n<ul class=\"wp-block-list\">\n<li><a rel=\"noreferrer noopener\" href=\"http:\/\/www.bibliotecadigital.uel.br\/document\/?code=vtls000216044\" target=\"_blank\">GALDINO, Claudio Francisco. A popula\u00e7\u00e3o negra em Londrina: as interfaces entre viol\u00eancia e educa\u00e7\u00e3o. 2017. Disserta\u00e7\u00e3o (Mestrado em Ci\u00eancias Sociais) \u2013 Universidade Estadual de Londrina, Londrina.<\/a><\/li>\n<\/ul>\n\n\n\n<ul class=\"wp-block-list\">\n<li><a rel=\"noreferrer noopener\" href=\"https:\/\/repositorio.ufscar.br\/handle\/ufscar\/11544\" target=\"_blank\">SILVA, Nikolas Gustavo Palliser. As A\u00e7\u00f5es Afirmativas como Tens\u00e3o \u00e0 Estrutura Universit\u00e1ria: O caso da UEL (2004-2018). 2019. Disserta\u00e7\u00e3o (Mestrado em Sociologia) \u2013 Universidade Federal de S\u00e3o Carlos, S\u00e3o Carlos.&nbsp;<\/a><\/li>\n<\/ul>\n\n\n\n<p><\/p>\n\n\n\n<ul class=\"wp-block-list\">\n<li><a href=\"http:\/\/www.bibliotecadigital.uel.br\/document\/?code=vtls000203896\" data-type=\"link\" data-id=\"http:\/\/www.bibliotecadigital.uel.br\/document\/?code=vtls000203896\">COSTA, Guilherme Souza. Uma leitura sociocr\u00edtica do jornal Quilombo : vida, problemas e aspira\u00e7\u00f5es do negro (1948-1950). Disserta\u00e7\u00e3o (Mestrado em Ci\u00eancias Sociais) &#8211; Universidade de Londrina, 2016.<\/a><\/li>\n<\/ul>\n\n\n\n<p><\/p>\n\n\n\n<ul class=\"wp-block-list\">\n<li><a rel=\"noreferrer noopener\" href=\"http:\/\/www.bibliotecadigital.uel.br\/document\/?code=vtls000188610\" target=\"_blank\">PANTA, Mariana Aparecida dos Santos. Popula\u00e7\u00e3o Negra em Londrina: Processos Migrat\u00f3rios, Deslocamentos Espaciais Intra-Urbanos e Segrega\u00e7\u00e3o. 2013. Disserta\u00e7\u00e3o (Mestrado em Ci\u00eancias Sociais) \u2013 Universidade Estadual de Londrina, Londrina.<\/a>&nbsp;<\/li>\n<\/ul>\n\n\n\n<ul class=\"wp-block-list\">\n<li><a rel=\"noreferrer noopener\" href=\"http:\/\/www.bibliotecadigital.uel.br\/document\/?code=vtls000187229\" target=\"_blank\">SOUZA, Alexsandro Eleot\u00e9rio Pereira. Sociabilidade e racismo: os limites socialmente impostos ao bem-estar dos negros em Londrina. 2013. Disserta\u00e7\u00e3o (Mestrado em Ci\u00eancias Sociais) \u2013 Universidade Estadual de Londrina, Londrina.<\/a><\/li>\n<\/ul>\n\n\n\n<hr class=\"wp-block-separator has-alpha-channel-opacity is-style-dots\" \/>\n\n\n\n<p><strong>ARTIGOS<\/strong> <strong>PUBLICADOS EM PERI\u00d3DICOS<\/strong><\/p>\n\n\n\n<p><\/p>\n\n\n\n<ul class=\"wp-block-list\">\n<li><a href=\"https:\/\/periodicos.ufrn.br\/educacaoemquestao\/article\/view\/18289\" data-type=\"link\" data-id=\"https:\/\/periodicos.ufrn.br\/educacaoemquestao\/article\/view\/18289\">SANTOS, Gabriel Gustavo dos; VALE, Rosiney Lopes do. Racismo na educa\u00e7\u00e3o escolar: discursos que ferem. Revista Educa\u00e7\u00e3o em Quest\u00e3o, Natal, v. 54, n. 51, p. 1-23, 2019.<\/a><\/li>\n<\/ul>\n\n\n\n<p><\/p>\n\n\n\n<ul class=\"wp-block-list\">\n<li><a rel=\"noreferrer noopener\" href=\"http:\/\/www.seer.ufu.br\/index.php\/criticasociedade\/article\/view\/57901\" target=\"_blank\">MUNANGA, Kabengele. AS RELIGI\u00d5ES DE MATRIZ AFRICANA E INTOLER\u00c2NCIA RELIGIOSA. Cr\u00edtica e Sociedade: revista de cultura pol\u00edtica (ISSN: 2237-0579), Uberl\u00e2ndia, v. 10, n. 1, 2020.<\/a><\/li>\n<\/ul>\n\n\n\n<p><\/p>\n\n\n\n<ul class=\"wp-block-list\">\n<li><a rel=\"noreferrer noopener\" href=\"http:\/\/www.seer.ufu.br\/index.php\/criticasociedade\/article\/view\/57754\" target=\"_blank\">PANTA, Mariana e&nbsp;SILVA, Maria Nilza.&nbsp;CIDADE, BRANQUEAMENTO E COLONIALIDADE: A constru\u00e7\u00e3o dos matizes da identidade de Londrina e os impactos sobre a popula\u00e7\u00e3o negra.&nbsp;Cr\u00edtica e Sociedade: revista de cultura pol\u00edtica (ISSN: 2237-0579), Uberl\u00e2ndia, v. 10, n. 1, 2020.<\/a><\/li>\n<\/ul>\n\n\n\n<p><\/p>\n\n\n\n<ul class=\"wp-block-list\">\n<li><a href=\"https:\/\/www.e-publicacoes.uerj.br\/index.php\/revistateias\/article\/view\/24345\" target=\"_blank\" rel=\"noreferrer noopener\">SILVA, Maria Nilza. Abdias do Nascimento e a Lei 10639\/03. In:&nbsp; Os 10 anos da Lei 10.639\/2003 e a Educa\u00e7\u00e3o. Revista Teias. V. 14. N. 34. (p. 21-32). 2013.<\/a><\/li>\n<\/ul>\n\n\n\n<hr class=\"wp-block-separator has-alpha-channel-opacity is-style-dots\" \/>\n\n\n\n<p><\/p>\n\n\n\n<p><strong>CAP\u00cdTULOS DE LIVROS<\/strong><\/p>\n\n\n\n<p><\/p>\n\n\n\n<figure class=\"wp-block-image size-full is-resized\"><img loading=\"lazy\" decoding=\"async\" width=\"528\" height=\"746\" src=\"https:\/\/sites.uel.br\/leafro\/wp-content\/uploads\/2023\/09\/adeva.png\" alt=\"\" class=\"wp-image-311\" style=\"width:444px;height:628px\" srcset=\"https:\/\/sites.uel.br\/leafro\/wp-content\/uploads\/2023\/09\/adeva.png 528w, https:\/\/sites.uel.br\/leafro\/wp-content\/uploads\/2023\/09\/adeva-212x300.png 212w\" sizes=\"auto, (max-width: 528px) 100vw, 528px\" \/><\/figure>\n\n\n\n<div class=\"wp-block-file\"><a id=\"wp-block-file--media-27aa0d5d-1909-4167-a259-e0b2d01bb101\" href=\"https:\/\/sites.uel.br\/leafro\/wp-content\/uploads\/2023\/09\/604-Mulheres-Genero-e-Raca-1-40-59.pdf\" target=\"_blank\" rel=\"noreferrer noopener\"><a href=\"https:\/\/drive.google.com\/file\/d\/18DyLuf0bD7kZIEl_lqRyRgVTkQzobnFz\/view\">PINHEIRO, Adevanir Aparecida; ROSA, Ana Luiza dos Santos; SILVA, Sueli Angelita da. As mulheres negras: os desafios da pandemia e os dilemas de sobreviv\u00eancia nos espa\u00e7os institucionais<\/a><\/a><a href=\"https:\/\/sites.uel.br\/leafro\/wp-content\/uploads\/2023\/09\/604-Mulheres-Genero-e-Raca-1-40-59.pdf\" class=\"wp-block-file__button wp-element-button\" download aria-describedby=\"wp-block-file--media-27aa0d5d-1909-4167-a259-e0b2d01bb101\">Baixar<\/a><\/div>\n\n\n\n<p><\/p>\n\n\n\n<figure class=\"wp-block-image size-full is-resized\"><img loading=\"lazy\" decoding=\"async\" width=\"524\" height=\"794\" src=\"https:\/\/sites.uel.br\/leafro\/wp-content\/uploads\/2023\/09\/jocelio.png\" alt=\"\" class=\"wp-image-314\" style=\"width:484px;height:734px\" srcset=\"https:\/\/sites.uel.br\/leafro\/wp-content\/uploads\/2023\/09\/jocelio.png 524w, https:\/\/sites.uel.br\/leafro\/wp-content\/uploads\/2023\/09\/jocelio-198x300.png 198w\" sizes=\"auto, (max-width: 524px) 100vw, 524px\" \/><\/figure>\n\n\n\n<div class=\"wp-block-file\"><a id=\"wp-block-file--media-b346aa79-5d24-411c-8bc3-3d465abd828b\" href=\"https:\/\/sites.uel.br\/leafro\/wp-content\/uploads\/2023\/09\/ceao_livro_2013_JTSantos-1-61-97.pdf\" target=\"_blank\" rel=\"noreferrer noopener\"><a rel=\"noreferrer noopener\" href=\"http:\/\/www.uel.br\/neab\/pages\/arquivos\/Livros%20(atualizacao%20do%20site)\/MNS%20PL%20Problema%20da%20-Raca-%20as%20Politicas%20de%20Acao%20Afirmativa.pdf\" target=\"_blank\">SILVA, Maria Nilza e PACHECO, Jairo Queiroz.  As cotas na universidade Estadual de Londrina: balan\u00e7o e perspectivas.<\/a><\/a><a href=\"https:\/\/sites.uel.br\/leafro\/wp-content\/uploads\/2023\/09\/ceao_livro_2013_JTSantos-1-61-97.pdf\" class=\"wp-block-file__button wp-element-button\" download aria-describedby=\"wp-block-file--media-b346aa79-5d24-411c-8bc3-3d465abd828b\">Baixar<\/a><\/div>\n\n\n\n<p><\/p>\n\n\n\n<figure class=\"wp-block-image size-full is-resized\"><img loading=\"lazy\" decoding=\"async\" width=\"382\" height=\"593\" src=\"https:\/\/sites.uel.br\/leafro\/wp-content\/uploads\/2023\/09\/chaiara.png\" alt=\"\" class=\"wp-image-317\" style=\"width:499px;height:775px\" srcset=\"https:\/\/sites.uel.br\/leafro\/wp-content\/uploads\/2023\/09\/chaiara.png 382w, https:\/\/sites.uel.br\/leafro\/wp-content\/uploads\/2023\/09\/chaiara-193x300.png 193w\" sizes=\"auto, (max-width: 382px) 100vw, 382px\" \/><\/figure>\n\n\n\n<div class=\"wp-block-file\"><a id=\"wp-block-file--media-e2110264-18d6-486a-b8b7-b68dc94d7a8b\" href=\"https:\/\/sites.uel.br\/leafro\/wp-content\/uploads\/2023\/09\/1899.pdf\" target=\"_blank\" rel=\"noreferrer noopener\"><a rel=\"noreferrer noopener\" href=\"http:\/\/www.uel.br\/neab\/pages\/arquivos\/Livros%20(atualizacao%20do%20site)\/MNS.%20Cotas%20Universitarias%20Para%20Negros%20No%20Brasil%20e%20o%20Caso%20de%20Londrina.pdf\" target=\"_blank\">SILVA, Maria Nilza. Cotas universit\u00e1rias para negros no Brasil e o caso de Londrina<\/a>.<\/a><a href=\"https:\/\/sites.uel.br\/leafro\/wp-content\/uploads\/2023\/09\/1899.pdf\" class=\"wp-block-file__button wp-element-button\" download aria-describedby=\"wp-block-file--media-e2110264-18d6-486a-b8b7-b68dc94d7a8b\">Baixar<\/a><\/div>\n\n\n\n<p><\/p>\n\n\n\n<figure class=\"wp-block-image size-full is-resized\"><img loading=\"lazy\" decoding=\"async\" width=\"655\" height=\"948\" src=\"https:\/\/sites.uel.br\/leafro\/wp-content\/uploads\/2023\/04\/Capa-O-negro-na-universidade-2.png\" alt=\"\" class=\"wp-image-139\" style=\"width:505px;height:731px\" srcset=\"https:\/\/sites.uel.br\/leafro\/wp-content\/uploads\/2023\/04\/Capa-O-negro-na-universidade-2.png 655w, https:\/\/sites.uel.br\/leafro\/wp-content\/uploads\/2023\/04\/Capa-O-negro-na-universidade-2-207x300.png 207w\" sizes=\"auto, (max-width: 655px) 100vw, 655px\" \/><\/figure>\n\n\n\n<div class=\"wp-block-file\"><a id=\"wp-block-file--media-3fd950af-efad-4314-ad75-f8eee89e88f3\" href=\"https:\/\/sites.uel.br\/leafro\/wp-content\/uploads\/2023\/09\/O-negro-na-universidade-o-direito-a-inclusao-134-146.pdf\" target=\"_blank\" rel=\"noreferrer noopener\"><a rel=\"noreferrer noopener\" href=\"http:\/\/www.uel.br\/neab\/pages\/arquivos\/Livros%20(atualizacao%20do%20site)\/MNS%20PL%20Problema%20da%20-Raca-%20as%20Politicas%20de%20Acao%20Afirmativa.pdf\" target=\"_blank\">SILVA, Maria Nilza e LARANJEIRA, Pires. Do problema da \u201cra\u00e7a\u201d \u00e0s pol\u00edticas de a\u00e7\u00e3o afirmativa.<\/a><\/a><a href=\"https:\/\/sites.uel.br\/leafro\/wp-content\/uploads\/2023\/09\/O-negro-na-universidade-o-direito-a-inclusao-134-146.pdf\" class=\"wp-block-file__button wp-element-button\" download aria-describedby=\"wp-block-file--media-3fd950af-efad-4314-ad75-f8eee89e88f3\">Baixar<\/a><\/div>\n\n\n\n<p><\/p>\n\n\n\n<figure class=\"wp-block-image size-full is-resized\"><img loading=\"lazy\" decoding=\"async\" width=\"768\" height=\"766\" src=\"https:\/\/sites.uel.br\/leafro\/wp-content\/uploads\/2023\/09\/universidades.png\" alt=\"\" class=\"wp-image-337\" style=\"width:510px;height:509px\" srcset=\"https:\/\/sites.uel.br\/leafro\/wp-content\/uploads\/2023\/09\/universidades.png 768w, https:\/\/sites.uel.br\/leafro\/wp-content\/uploads\/2023\/09\/universidades-300x300.png 300w, https:\/\/sites.uel.br\/leafro\/wp-content\/uploads\/2023\/09\/universidades-150x150.png 150w\" sizes=\"auto, (max-width: 768px) 100vw, 768px\" \/><\/figure>\n\n\n\n<div class=\"wp-block-file\"><a id=\"wp-block-file--media-f4688a15-65a5-4860-8739-c52a543b5c94\" href=\"https:\/\/sites.uel.br\/leafro\/wp-content\/uploads\/2023\/09\/Universidades-87-1-91-111-1.pdf\" target=\"_blank\" rel=\"noreferrer noopener\">SILVA, Maria Nilza. A Popula\u00e7\u00e3o Negra e o Ensino Superior no Brasil: algumas considera\u00e7\u00f5es.<\/a><a href=\"https:\/\/sites.uel.br\/leafro\/wp-content\/uploads\/2023\/09\/Universidades-87-1-91-111-1.pdf\" class=\"wp-block-file__button wp-element-button\" download aria-describedby=\"wp-block-file--media-f4688a15-65a5-4860-8739-c52a543b5c94\">Baixar<\/a><\/div>\n\n\n\n<hr class=\"wp-block-separator has-alpha-channel-opacity is-style-dots\" \/>\n\n\n\n<p><strong>ANAIS DE EVENTOS ACAD\u00caMICOS<\/strong><\/p>\n\n\n\n<p><\/p>\n\n\n\n<ul class=\"wp-block-list\">\n<li><a rel=\"noreferrer noopener\" href=\"http:\/\/www.uel.br\/projetos\/leafro\/pages\/arquivos\/O%20LUGAR%20DA%20POPULA%C3%87%C3%83O%20NEGRA%20NUMA%20CIDADE%20BRASILEIRA_%20Londrina%20espa%C3%A7o%20de%20segrega%C3%A7%C3%A3o%20e%20resist%C3%AAncia.pdf\" target=\"_blank\">SILVA, Maria Nilza e LARANJEIRA, Pires. O lugar da popula\u00e7\u00e3o negra numa cidade brasileira: Londrina espa\u00e7o de segrega\u00e7\u00e3o e resist\u00eancia.<\/a> In: VI Congresso Portugu\u00eas de Sociologia &#8211; Mundos Sociais, saberes e pr\u00e1ticas, 2008, Universidade Nova de Lisboa, p. 1-8.<\/li>\n<\/ul>\n\n\n\n<hr class=\"wp-block-separator has-alpha-channel-opacity is-style-dots\" \/>\n\n\n\n<p><strong>MAT\u00c9RIAS EM JORNAIS<\/strong>\/<strong>REVISTAS<\/strong><\/p>\n\n\n\n<ul class=\"wp-block-list\">\n<li><a rel=\"noreferrer noopener\" href=\"https:\/\/espacoacademico.wordpress.com\/2010\/03\/21\/a-mulher-negra\/\" target=\"_blank\">SILVA, Maria Nilza. A mulher negra.<\/a> In: Revista Espa\u00e7o acad\u00eamico, 2010.<\/li>\n<\/ul>\n\n\n\n<p><\/p>\n\n\n\n<ul class=\"wp-block-list\">\n<li><a href=\"https:\/\/www1.folha.uol.com.br\/blogs\/sou-ciencia\/2023\/03\/presenca-negra-no-ingresso-nas-universidades.shtml\" data-type=\"link\" data-id=\"https:\/\/www1.folha.uol.com.br\/blogs\/sou-ciencia\/2023\/03\/presenca-negra-no-ingresso-nas-universidades.shtml\">SILVA, Maria Nilza; MINHOTO, Maria Ang\u00e9lica; SMAILLI, Soraya; ARANTES, Pedro. Presen\u00e7a negra no ingresso nas universidades. In: FOLHA DE S\u00c3O PAULO, 2022.<\/a><\/li>\n<\/ul>\n\n\n\n<ul class=\"wp-block-list\">\n<li><a href=\"https:\/\/www.folhadelondrina.com.br\/opiniao\/espaco-aberto---a-humanidade-questionada-violencia-e-perversao-do-racismo-cotidiano-3065328e.html?d=1\" data-type=\"link\" data-id=\"https:\/\/www.folhadelondrina.com.br\/opiniao\/espaco-aberto---a-humanidade-questionada-violencia-e-perversao-do-racismo-cotidiano-3065328e.html?d=1\">SILVA, Maria Nilza. A humanidade questionada. In: Folha de Londrina, 2021.<\/a><\/li>\n<\/ul>\n\n\n\n<hr class=\"wp-block-separator has-alpha-channel-opacity is-style-dots\" \/>\n\n\n\n<p><strong>DOSSI\u00caS<\/strong><\/p>\n\n\n\n<ul class=\"wp-block-list\">\n<li><a rel=\"noreferrer noopener\" href=\"https:\/\/seer.ufu.br\/index.php\/criticasociedade\/issue\/view\/2063\/386\" target=\"_blank\">Revista Cr\u00edtica e Sociedade \u2013&nbsp;&nbsp;Revista de cultura pol\u00edtica, Uberl\u00e2ndia, v. 10, n. 1, 2020<\/a><\/li>\n<\/ul>\n\n\n\n<p><\/p>\n\n\n\n<p><\/p>\n\n\n\n<div class=\"wp-block-file\"><\/div>\n\n\n\n<p><\/p>\n","protected":false},"excerpt":{"rendered":"<p>Teses, disserta\u00e7\u00f5es e artigos desenvolvidas por pesquisadores do LEAFRO: TESES DISSERTA\u00c7\u00d5ES ARTIGOS PUBLICADOS EM PERI\u00d3DICOS CAP\u00cdTULOS DE LIVROS ANAIS DE EVENTOS ACAD\u00caMICOS MAT\u00c9RIAS EM JORNAIS\/REVISTAS DOSSI\u00caS<\/p>\n","protected":false},"author":7,"featured_media":0,"parent":0,"menu_order":0,"comment_status":"closed","ping_status":"closed","template":"","meta":{"footnotes":""},"class_list":["post-30","page","type-page","status-publish","hentry"],"acf":[],"_links":{"self":[{"href":"https:\/\/sites.uel.br\/leafro\/wp-json\/wp\/v2\/pages\/30","targetHints":{"allow":["GET"]}}],"collection":[{"href":"https:\/\/sites.uel.br\/leafro\/wp-json\/wp\/v2\/pages"}],"about":[{"href":"https:\/\/sites.uel.br\/leafro\/wp-json\/wp\/v2\/types\/page"}],"author":[{"embeddable":true,"href":"https:\/\/sites.uel.br\/leafro\/wp-json\/wp\/v2\/users\/7"}],"replies":[{"embeddable":true,"href":"https:\/\/sites.uel.br\/leafro\/wp-json\/wp\/v2\/comments?post=30"}],"version-history":[{"count":44,"href":"https:\/\/sites.uel.br\/leafro\/wp-json\/wp\/v2\/pages\/30\/revisions"}],"predecessor-version":[{"id":1464,"href":"https:\/\/sites.uel.br\/leafro\/wp-json\/wp\/v2\/pages\/30\/revisions\/1464"}],"wp:attachment":[{"href":"https:\/\/sites.uel.br\/leafro\/wp-json\/wp\/v2\/media?parent=30"}],"curies":[{"name":"wp","href":"https:\/\/api.w.org\/{rel}","templated":true}]}}