{"id":193,"date":"2023-08-16T19:43:20","date_gmt":"2023-08-16T22:43:20","guid":{"rendered":"https:\/\/sites.uel.br\/lavir\/?page_id=193"},"modified":"2024-07-22T12:02:16","modified_gmt":"2024-07-22T15:02:16","slug":"projetos","status":"publish","type":"page","link":"https:\/\/sites.uel.br\/lavir\/projetos\/","title":{"rendered":"Processo Seletivo &#8211; Inicia\u00e7\u00e3o Cient\u00edfica (IC) e Inicia\u00e7\u00e3o Tecnol\u00f3gica (IT)"},"content":{"rendered":"<div class=\"wp-block-image\">\n<figure class=\"aligncenter size-large is-resized\"><img loading=\"lazy\" decoding=\"async\" width=\"837\" height=\"1024\" src=\"https:\/\/sites.uel.br\/lavir\/wp-content\/uploads\/2024\/07\/selecao-1-e1721660304386-837x1024.png\" alt=\"\" class=\"wp-image-538\" style=\"width:726px;height:auto\" srcset=\"https:\/\/sites.uel.br\/lavir\/wp-content\/uploads\/2024\/07\/selecao-1-e1721660304386-837x1024.png 837w, https:\/\/sites.uel.br\/lavir\/wp-content\/uploads\/2024\/07\/selecao-1-e1721660304386-245x300.png 245w, https:\/\/sites.uel.br\/lavir\/wp-content\/uploads\/2024\/07\/selecao-1-e1721660304386-768x940.png 768w, https:\/\/sites.uel.br\/lavir\/wp-content\/uploads\/2024\/07\/selecao-1-e1721660304386-1255x1536.png 1255w, https:\/\/sites.uel.br\/lavir\/wp-content\/uploads\/2024\/07\/selecao-1-e1721660304386-1674x2048.png 1674w\" sizes=\"auto, (max-width: 837px) 100vw, 837px\" \/><\/figure>\n<\/div>\n\n<div class=\"wp-block-image\">\n<figure class=\"aligncenter size-large is-resized\"><a href=\"https:\/\/forms.gle\/buNUygvtc18EPkjz5\" target=\"_blank\" rel=\"noreferrer noopener\"><img loading=\"lazy\" decoding=\"async\" width=\"1024\" height=\"341\" src=\"https:\/\/sites.uel.br\/lavir\/wp-content\/uploads\/2024\/07\/inscreva-se-1024x341.png\" alt=\"\" class=\"wp-image-535\" style=\"width:357px;height:auto\" srcset=\"https:\/\/sites.uel.br\/lavir\/wp-content\/uploads\/2024\/07\/inscreva-se-1024x341.png 1024w, https:\/\/sites.uel.br\/lavir\/wp-content\/uploads\/2024\/07\/inscreva-se-300x100.png 300w, https:\/\/sites.uel.br\/lavir\/wp-content\/uploads\/2024\/07\/inscreva-se-768x256.png 768w, https:\/\/sites.uel.br\/lavir\/wp-content\/uploads\/2024\/07\/inscreva-se-1536x512.png 1536w, https:\/\/sites.uel.br\/lavir\/wp-content\/uploads\/2024\/07\/inscreva-se-2048x683.png 2048w\" sizes=\"auto, (max-width: 1024px) 100vw, 1024px\" \/><\/a><\/figure>\n<\/div>","protected":false},"excerpt":{"rendered":"","protected":false},"author":7,"featured_media":0,"parent":0,"menu_order":0,"comment_status":"closed","ping_status":"closed","template":"","meta":{"footnotes":""},"class_list":["post-193","page","type-page","status-publish","hentry"],"acf":[],"_links":{"self":[{"href":"https:\/\/sites.uel.br\/lavir\/wp-json\/wp\/v2\/pages\/193","targetHints":{"allow":["GET"]}}],"collection":[{"href":"https:\/\/sites.uel.br\/lavir\/wp-json\/wp\/v2\/pages"}],"about":[{"href":"https:\/\/sites.uel.br\/lavir\/wp-json\/wp\/v2\/types\/page"}],"author":[{"embeddable":true,"href":"https:\/\/sites.uel.br\/lavir\/wp-json\/wp\/v2\/users\/7"}],"replies":[{"embeddable":true,"href":"https:\/\/sites.uel.br\/lavir\/wp-json\/wp\/v2\/comments?post=193"}],"version-history":[{"count":3,"href":"https:\/\/sites.uel.br\/lavir\/wp-json\/wp\/v2\/pages\/193\/revisions"}],"predecessor-version":[{"id":539,"href":"https:\/\/sites.uel.br\/lavir\/wp-json\/wp\/v2\/pages\/193\/revisions\/539"}],"wp:attachment":[{"href":"https:\/\/sites.uel.br\/lavir\/wp-json\/wp\/v2\/media?parent=193"}],"curies":[{"name":"wp","href":"https:\/\/api.w.org\/{rel}","templated":true}]}}