{"id":44,"date":"2023-10-05T17:51:45","date_gmt":"2023-10-05T20:51:45","guid":{"rendered":"https:\/\/sites.uel.br\/lapee\/?page_id=44"},"modified":"2026-03-06T10:43:10","modified_gmt":"2026-03-06T13:43:10","slug":"equipe-lapee","status":"publish","type":"page","link":"https:\/\/sites.uel.br\/lapee\/equipe-lapee\/","title":{"rendered":""},"content":{"rendered":"\n<div class=\"wp-block-cover has-custom-content-position is-position-top-left wp-duotone-63b066-e8fde7-1\" style=\"margin-top:0;padding-top:48px;padding-right:48px;padding-bottom:48px;padding-left:48px;min-height:1186px;aspect-ratio:unset;\"><img loading=\"lazy\" decoding=\"async\" width=\"737\" height=\"889\" class=\"wp-block-cover__image-background wp-image-613 size-full\" alt=\"\" src=\"https:\/\/sites.uel.br\/lapee\/wp-content\/uploads\/2025\/07\/D53F5A74-8B74-4B6F-92CA-29E543D2E7D0.png\" data-object-fit=\"cover\" srcset=\"https:\/\/sites.uel.br\/lapee\/wp-content\/uploads\/2025\/07\/D53F5A74-8B74-4B6F-92CA-29E543D2E7D0.png 737w, https:\/\/sites.uel.br\/lapee\/wp-content\/uploads\/2025\/07\/D53F5A74-8B74-4B6F-92CA-29E543D2E7D0-249x300.png 249w\" sizes=\"auto, (max-width: 737px) 100vw, 737px\" \/><span aria-hidden=\"true\" class=\"wp-block-cover__background has-background-dim-30 has-background-dim\" style=\"background-color:#57555f\"><\/span><div class=\"wp-block-cover__inner-container is-layout-flow wp-block-cover-is-layout-flow\">\n<div class=\"wp-block-group\"><div class=\"wp-block-group__inner-container is-layout-constrained wp-block-group-is-layout-constrained\">\n<h1 class=\"wp-block-heading has-text-align-left has-black-color has-text-color\" style=\"font-size:100px;font-style:normal;font-weight:700;letter-spacing:0px;line-height:1;text-transform:uppercase\">psicologia escolar e educacional<\/h1>\n\n\n\n<h1 class=\"wp-block-heading has-text-align-left has-black-color has-text-color\" style=\"font-size:35px;font-style:normal;font-weight:150;letter-spacing:0px;line-height:1\"> \u00c1rea da Psicologia que se concentra no estudo e na aplica\u00e7\u00e3o de princ\u00edpios psicol\u00f3gicos para entender e melhorar os processos educacionais. Busca entender como os fatores psicol\u00f3gicos influenciam o aprendizado, o ensino e o desenvolvimento de crian\u00e7as, adolescentes e adultos no contexto educacional.<\/h1>\n<\/div><\/div>\n\n\n\n<div style=\"height:21px\" aria-hidden=\"true\" class=\"wp-block-spacer\"><\/div>\n<\/div><\/div>\n\n\n\n<p class=\"has-medium-font-size\"><br><strong>O que \u00e9?<\/strong><\/p>\n\n\n\n<p>O Laborat\u00f3rio de Psicologia Escolar e Educacional \u2013 LAPEE-UEL \u00e9 um espa\u00e7o interdisciplinar e intercultural destinado ao desenvolvimento de a\u00e7\u00f5es de ensino, pesquisa, extens\u00e3o. Destinado aos n\u00edveis de gradua\u00e7\u00e3o e p\u00f3s-gradua\u00e7\u00e3o, assessorias, consultorias e presta\u00e7\u00e3o de servi\u00e7os na \u00e1rea de Psicologia Escolar e Educacional. Localizado no Departamento de Psicologia Social e Institucional, do Centro de Ci\u00eancias Biol\u00f3gicas da Universidade Estadual de Londrina \u2013 UEL.<\/p>\n\n\n\n<div style=\"height:32px\" aria-hidden=\"true\" class=\"wp-block-spacer\"><\/div>\n\n\n\n<p><strong>Equipe LAPEE-UEL<\/strong><\/p>\n\n\n\n<p>Acesse aqui o curr\u00edculo lattes dos nossos professores e professoras<\/p>\n\n\n\n<div class=\"wp-block-columns is-layout-flex wp-container-core-columns-is-layout-9d6595d7 wp-block-columns-is-layout-flex\">\n<div class=\"wp-block-column is-layout-flow wp-block-column-is-layout-flow\">\n<figure class=\"wp-block-image size-large\"><a href=\"http:\/\/lattes.cnpq.br\/0088578024264046\" target=\"_blank\" rel=\" noreferrer noopener\"><img loading=\"lazy\" decoding=\"async\" width=\"1207\" height=\"1208\" src=\"https:\/\/sites.uel.br\/lapee\/wp-content\/uploads\/2025\/09\/DAF9C127-0ECB-4A09-BDC8-357128840881-edited.png\" alt=\"professor Jefferson, negro, sorri, usa \u00f3culos, cabelos grisalhos curtos\" class=\"wp-image-872\" srcset=\"https:\/\/sites.uel.br\/lapee\/wp-content\/uploads\/2025\/09\/DAF9C127-0ECB-4A09-BDC8-357128840881-edited.png 1207w, https:\/\/sites.uel.br\/lapee\/wp-content\/uploads\/2025\/09\/DAF9C127-0ECB-4A09-BDC8-357128840881-edited-300x300.png 300w, https:\/\/sites.uel.br\/lapee\/wp-content\/uploads\/2025\/09\/DAF9C127-0ECB-4A09-BDC8-357128840881-edited-1024x1024.png 1024w, https:\/\/sites.uel.br\/lapee\/wp-content\/uploads\/2025\/09\/DAF9C127-0ECB-4A09-BDC8-357128840881-edited-150x150.png 150w, https:\/\/sites.uel.br\/lapee\/wp-content\/uploads\/2025\/09\/DAF9C127-0ECB-4A09-BDC8-357128840881-edited-768x769.png 768w\" sizes=\"auto, (max-width: 1207px) 100vw, 1207px\" \/><\/a><\/figure>\n<\/div>\n\n\n\n<div class=\"wp-block-column is-layout-flow wp-block-column-is-layout-flow\">\n<figure class=\"wp-block-image size-large\"><a href=\"http:\/\/lattes.cnpq.br\/5719144791916174\" target=\"_blank\" rel=\" noreferrer noopener\"><img loading=\"lazy\" decoding=\"async\" width=\"1191\" height=\"1427\" src=\"https:\/\/sites.uel.br\/lapee\/wp-content\/uploads\/2025\/09\/302B32A1-9106-475A-B2D5-154F4FE6FE1B-edited.png\" alt=\"professora Val\u00e9ria, branca, sorri, veste blusa roxa, cabelos castanhos e longos\" class=\"wp-image-873\" srcset=\"https:\/\/sites.uel.br\/lapee\/wp-content\/uploads\/2025\/09\/302B32A1-9106-475A-B2D5-154F4FE6FE1B-edited.png 1191w, https:\/\/sites.uel.br\/lapee\/wp-content\/uploads\/2025\/09\/302B32A1-9106-475A-B2D5-154F4FE6FE1B-edited-250x300.png 250w, https:\/\/sites.uel.br\/lapee\/wp-content\/uploads\/2025\/09\/302B32A1-9106-475A-B2D5-154F4FE6FE1B-edited-855x1024.png 855w, https:\/\/sites.uel.br\/lapee\/wp-content\/uploads\/2025\/09\/302B32A1-9106-475A-B2D5-154F4FE6FE1B-edited-768x920.png 768w\" sizes=\"auto, (max-width: 1191px) 100vw, 1191px\" \/><\/a><\/figure>\n<\/div>\n\n\n\n<div class=\"wp-block-column is-layout-flow wp-block-column-is-layout-flow\">\n<figure class=\"wp-block-image size-large\"><a href=\"http:\/\/lattes.cnpq.br\/8423465824507075\" target=\"_blank\" rel=\" noreferrer noopener\"><img loading=\"lazy\" decoding=\"async\" width=\"1237\" height=\"1482\" src=\"https:\/\/sites.uel.br\/lapee\/wp-content\/uploads\/2025\/09\/6368A7EF-682A-4077-8988-4D7D877F6EF0-edited.png\" alt=\"professora Marta, branca, sorri, veste blusa vermelha, tem cabelos lisos, longos e pretos\" class=\"wp-image-875\" srcset=\"https:\/\/sites.uel.br\/lapee\/wp-content\/uploads\/2025\/09\/6368A7EF-682A-4077-8988-4D7D877F6EF0-edited.png 1237w, https:\/\/sites.uel.br\/lapee\/wp-content\/uploads\/2025\/09\/6368A7EF-682A-4077-8988-4D7D877F6EF0-edited-250x300.png 250w, https:\/\/sites.uel.br\/lapee\/wp-content\/uploads\/2025\/09\/6368A7EF-682A-4077-8988-4D7D877F6EF0-edited-855x1024.png 855w, https:\/\/sites.uel.br\/lapee\/wp-content\/uploads\/2025\/09\/6368A7EF-682A-4077-8988-4D7D877F6EF0-edited-768x920.png 768w\" sizes=\"auto, (max-width: 1237px) 100vw, 1237px\" \/><\/a><\/figure>\n<\/div>\n<\/div>\n\n\n\n<div class=\"wp-block-columns is-layout-flex wp-container-core-columns-is-layout-9d6595d7 wp-block-columns-is-layout-flex\">\n<div class=\"wp-block-column is-layout-flow wp-block-column-is-layout-flow\">\n<figure class=\"wp-block-image size-large\"><a href=\"http:\/\/lattes.cnpq.br\/2189372786907805\" target=\"_blank\" rel=\" noreferrer noopener\"><img decoding=\"async\" src=\"https:\/\/sites.uel.br\/lapee\/wp-content\/uploads\/2025\/09\/C53D0F21-B25F-4AA0-9E69-D039A7707DB0-edited.png\" alt=\"professora Marleide, negra, sorri, cabelos crespos com tran\u00e7as nas laterais\u201d class=\" \/><\/a><\/figure>\n<\/div>\n\n\n\n<div class=\"wp-block-column is-layout-flow wp-block-column-is-layout-flow\">\n<figure class=\"wp-block-image size-large\"><a href=\"http:\/\/lattes.cnpq.br\/0448687457717277\" target=\"_blank\" rel=\" noreferrer noopener\"><img loading=\"lazy\" decoding=\"async\" width=\"1130\" height=\"1353\" src=\"https:\/\/sites.uel.br\/lapee\/wp-content\/uploads\/2025\/09\/2B2DE46C-54C3-4EB1-93DF-2DEE8203363B-edited.png\" alt=\"professora Patr\u00edcia, branca, sorri, tem cabelos lisos, longos e escuros, veste blusa branca\" class=\"wp-image-877\" srcset=\"https:\/\/sites.uel.br\/lapee\/wp-content\/uploads\/2025\/09\/2B2DE46C-54C3-4EB1-93DF-2DEE8203363B-edited.png 1130w, https:\/\/sites.uel.br\/lapee\/wp-content\/uploads\/2025\/09\/2B2DE46C-54C3-4EB1-93DF-2DEE8203363B-edited-251x300.png 251w, https:\/\/sites.uel.br\/lapee\/wp-content\/uploads\/2025\/09\/2B2DE46C-54C3-4EB1-93DF-2DEE8203363B-edited-855x1024.png 855w, https:\/\/sites.uel.br\/lapee\/wp-content\/uploads\/2025\/09\/2B2DE46C-54C3-4EB1-93DF-2DEE8203363B-edited-768x920.png 768w\" sizes=\"auto, (max-width: 1130px) 100vw, 1130px\" \/><\/a><\/figure>\n<\/div>\n\n\n\n<div class=\"wp-block-column is-layout-flow wp-block-column-is-layout-flow\">\n<figure class=\"wp-block-image size-large\"><a href=\"http:\/\/lattes.cnpq.br\/3684197264339506\" target=\"_blank\" rel=\" noreferrer noopener\"><img loading=\"lazy\" decoding=\"async\" width=\"1166\" height=\"1397\" src=\"https:\/\/sites.uel.br\/lapee\/wp-content\/uploads\/2025\/09\/60A94DD5-4E4D-43B7-88B1-D71257A201B5-edited.png\" alt=\"professor Maiango, branco, sorri, usa \u00f3culos\" class=\"wp-image-878\" srcset=\"https:\/\/sites.uel.br\/lapee\/wp-content\/uploads\/2025\/09\/60A94DD5-4E4D-43B7-88B1-D71257A201B5-edited.png 1166w, https:\/\/sites.uel.br\/lapee\/wp-content\/uploads\/2025\/09\/60A94DD5-4E4D-43B7-88B1-D71257A201B5-edited-250x300.png 250w, https:\/\/sites.uel.br\/lapee\/wp-content\/uploads\/2025\/09\/60A94DD5-4E4D-43B7-88B1-D71257A201B5-edited-855x1024.png 855w, https:\/\/sites.uel.br\/lapee\/wp-content\/uploads\/2025\/09\/60A94DD5-4E4D-43B7-88B1-D71257A201B5-edited-768x920.png 768w\" sizes=\"auto, (max-width: 1166px) 100vw, 1166px\" \/><\/a><\/figure>\n<\/div>\n<\/div>\n\n\n\n<div class=\"wp-block-columns is-layout-flex wp-container-core-columns-is-layout-9d6595d7 wp-block-columns-is-layout-flex\">\n<div class=\"wp-block-column is-layout-flow wp-block-column-is-layout-flow\">\n<figure class=\"wp-block-image size-large\"><a href=\"http:\/\/lattes.cnpq.br\/1646627229231515\" target=\"_blank\" rel=\" noreferrer noopener\"><img loading=\"lazy\" decoding=\"async\" width=\"1228\" height=\"1471\" src=\"https:\/\/sites.uel.br\/lapee\/wp-content\/uploads\/2025\/09\/AD8839A4-2281-4533-86DB-2286029CACB9-edited.png\" alt=\"professora Ana, branca, sorri, cabelos loiros na altura dos ombros\" class=\"wp-image-879\" srcset=\"https:\/\/sites.uel.br\/lapee\/wp-content\/uploads\/2025\/09\/AD8839A4-2281-4533-86DB-2286029CACB9-edited.png 1228w, https:\/\/sites.uel.br\/lapee\/wp-content\/uploads\/2025\/09\/AD8839A4-2281-4533-86DB-2286029CACB9-edited-250x300.png 250w, https:\/\/sites.uel.br\/lapee\/wp-content\/uploads\/2025\/09\/AD8839A4-2281-4533-86DB-2286029CACB9-edited-855x1024.png 855w, https:\/\/sites.uel.br\/lapee\/wp-content\/uploads\/2025\/09\/AD8839A4-2281-4533-86DB-2286029CACB9-edited-768x920.png 768w\" sizes=\"auto, (max-width: 1228px) 100vw, 1228px\" \/><\/a><\/figure>\n<\/div>\n\n\n\n<div class=\"wp-block-column is-layout-flow wp-block-column-is-layout-flow\"><\/div>\n\n\n\n<div class=\"wp-block-column is-layout-flow wp-block-column-is-layout-flow\"><\/div>\n<\/div>\n\n\n\n<p><\/p>\n","protected":false},"excerpt":{"rendered":"<p>O que \u00e9? O Laborat\u00f3rio de Psicologia Escolar e Educacional \u2013 LAPEE-UEL \u00e9 um espa\u00e7o interdisciplinar e intercultural destinado ao desenvolvimento de a\u00e7\u00f5es de ensino, pesquisa, extens\u00e3o. Destinado aos n\u00edveis de gradua\u00e7\u00e3o e p\u00f3s-gradua\u00e7\u00e3o, assessorias, consultorias e presta\u00e7\u00e3o de servi\u00e7os na \u00e1rea de Psicologia Escolar e Educacional. Localizado no Departamento de Psicologia Social e Institucional, [&hellip;]<\/p>\n","protected":false},"author":9,"featured_media":878,"parent":0,"menu_order":0,"comment_status":"closed","ping_status":"closed","template":"","meta":{"_acf_changed":false,"inline_featured_image":false,"footnotes":""},"class_list":["post-44","page","type-page","status-publish","has-post-thumbnail","hentry"],"acf":[],"_links":{"self":[{"href":"https:\/\/sites.uel.br\/lapee\/wp-json\/wp\/v2\/pages\/44","targetHints":{"allow":["GET"]}}],"collection":[{"href":"https:\/\/sites.uel.br\/lapee\/wp-json\/wp\/v2\/pages"}],"about":[{"href":"https:\/\/sites.uel.br\/lapee\/wp-json\/wp\/v2\/types\/page"}],"author":[{"embeddable":true,"href":"https:\/\/sites.uel.br\/lapee\/wp-json\/wp\/v2\/users\/9"}],"replies":[{"embeddable":true,"href":"https:\/\/sites.uel.br\/lapee\/wp-json\/wp\/v2\/comments?post=44"}],"version-history":[{"count":73,"href":"https:\/\/sites.uel.br\/lapee\/wp-json\/wp\/v2\/pages\/44\/revisions"}],"predecessor-version":[{"id":1094,"href":"https:\/\/sites.uel.br\/lapee\/wp-json\/wp\/v2\/pages\/44\/revisions\/1094"}],"wp:featuredmedia":[{"embeddable":true,"href":"https:\/\/sites.uel.br\/lapee\/wp-json\/wp\/v2\/media\/878"}],"wp:attachment":[{"href":"https:\/\/sites.uel.br\/lapee\/wp-json\/wp\/v2\/media?parent=44"}],"curies":[{"name":"wp","href":"https:\/\/api.w.org\/{rel}","templated":true}]}}