{"id":177,"date":"2023-10-23T21:23:55","date_gmt":"2023-10-24T00:23:55","guid":{"rendered":"https:\/\/sites.uel.br\/lapee\/?page_id=177"},"modified":"2025-10-20T15:22:19","modified_gmt":"2025-10-20T18:22:19","slug":"galeria","status":"publish","type":"page","link":"https:\/\/sites.uel.br\/lapee\/galeria\/","title":{"rendered":"LAPEE &#8211; LABORAT\u00d3RIO DE PSICOLOGIA ESCOLAR EDUCACIONAL"},"content":{"rendered":"\n<div style=\"height:36px\" aria-hidden=\"true\" class=\"wp-block-spacer\"><\/div>\n\n\n\n<figure class=\"wp-block-image size-full is-resized\"><img loading=\"lazy\" decoding=\"async\" width=\"737\" height=\"491\" src=\"https:\/\/sites.uel.br\/lapee\/wp-content\/uploads\/2025\/10\/F9AA7898-AE55-45C3-B5C0-2719320CAC39-edited-1.png\" alt=\"\" class=\"wp-image-989\" style=\"width:909px;height:auto\" srcset=\"https:\/\/sites.uel.br\/lapee\/wp-content\/uploads\/2025\/10\/F9AA7898-AE55-45C3-B5C0-2719320CAC39-edited-1.png 737w, https:\/\/sites.uel.br\/lapee\/wp-content\/uploads\/2025\/10\/F9AA7898-AE55-45C3-B5C0-2719320CAC39-edited-1-300x200.png 300w\" sizes=\"auto, (max-width: 737px) 100vw, 737px\" \/><\/figure>\n\n\n\n<div style=\"height:36px\" aria-hidden=\"true\" class=\"wp-block-spacer\"><\/div>\n\n\n<p class=\"wp-block-tag-cloud\"><a href=\"https:\/\/sites.uel.br\/lapee\/tag\/academico\/\" class=\"tag-cloud-link tag-link-26 tag-link-position-1\" style=\"font-size: 16.235294117647pt;\" aria-label=\"ACAD\u00caMICO (7 itens)\">ACAD\u00caMICO<\/a>\n<a href=\"https:\/\/sites.uel.br\/lapee\/tag\/afro-brasileiro\/\" class=\"tag-cloud-link tag-link-27 tag-link-position-2\" style=\"font-size: 10.470588235294pt;\" aria-label=\"AFRO-BRASILEIRO (2 itens)\">AFRO-BRASILEIRO<\/a>\n<a href=\"https:\/\/sites.uel.br\/lapee\/tag\/analise-critica\/\" class=\"tag-cloud-link tag-link-62 tag-link-position-3\" style=\"font-size: 8pt;\" aria-label=\"AN\u00c1LISE CR\u00cdTICA (1 item)\">AN\u00c1LISE CR\u00cdTICA<\/a>\n<a href=\"https:\/\/sites.uel.br\/lapee\/tag\/bens-culturais\/\" class=\"tag-cloud-link tag-link-17 tag-link-position-4\" style=\"font-size: 14.588235294118pt;\" aria-label=\"BENS CULTURAIS (5 itens)\">BENS CULTURAIS<\/a>\n<a href=\"https:\/\/sites.uel.br\/lapee\/tag\/brincar\/\" class=\"tag-cloud-link tag-link-53 tag-link-position-5\" style=\"font-size: 13.490196078431pt;\" aria-label=\"BRINCAR (4 itens)\">BRINCAR<\/a>\n<a href=\"https:\/\/sites.uel.br\/lapee\/tag\/brinquedo\/\" class=\"tag-cloud-link tag-link-72 tag-link-position-6\" style=\"font-size: 10.470588235294pt;\" aria-label=\"BRINQUEDO (2 itens)\">BRINQUEDO<\/a>\n<a href=\"https:\/\/sites.uel.br\/lapee\/tag\/castigo\/\" class=\"tag-cloud-link tag-link-69 tag-link-position-7\" style=\"font-size: 8pt;\" aria-label=\"CASTIGO (1 item)\">CASTIGO<\/a>\n<a href=\"https:\/\/sites.uel.br\/lapee\/tag\/comunidade\/\" class=\"tag-cloud-link tag-link-22 tag-link-position-8\" style=\"font-size: 13.490196078431pt;\" aria-label=\"COMUNIDADE (4 itens)\">COMUNIDADE<\/a>\n<a href=\"https:\/\/sites.uel.br\/lapee\/tag\/constelacoes-de-aprendizagens\/\" class=\"tag-cloud-link tag-link-31 tag-link-position-9\" style=\"font-size: 12.117647058824pt;\" aria-label=\"CONSTELA\u00c7\u00d5ES DE APRENDIZAGENS (3 itens)\">CONSTELA\u00c7\u00d5ES DE APRENDIZAGENS<\/a>\n<a href=\"https:\/\/sites.uel.br\/lapee\/tag\/crista\/\" class=\"tag-cloud-link tag-link-38 tag-link-position-10\" style=\"font-size: 10.470588235294pt;\" aria-label=\"CRIST\u00c3 (2 itens)\">CRIST\u00c3<\/a>\n<a href=\"https:\/\/sites.uel.br\/lapee\/tag\/cultura\/\" class=\"tag-cloud-link tag-link-71 tag-link-position-11\" style=\"font-size: 10.470588235294pt;\" aria-label=\"CULTURA (2 itens)\">CULTURA<\/a>\n<a href=\"https:\/\/sites.uel.br\/lapee\/tag\/diversidade-geracional\/\" class=\"tag-cloud-link tag-link-60 tag-link-position-12\" style=\"font-size: 8pt;\" aria-label=\"DIVERSIDADE GERACIONAL (1 item)\">DIVERSIDADE GERACIONAL<\/a>\n<a href=\"https:\/\/sites.uel.br\/lapee\/tag\/docente\/\" class=\"tag-cloud-link tag-link-68 tag-link-position-13\" style=\"font-size: 10.470588235294pt;\" aria-label=\"DOCENTE (2 itens)\">DOCENTE<\/a>\n<a href=\"https:\/\/sites.uel.br\/lapee\/tag\/educacao\/\" class=\"tag-cloud-link tag-link-12 tag-link-position-14\" style=\"font-size: 22pt;\" aria-label=\"EDUCA\u00c7\u00c3O (20 itens)\">EDUCA\u00c7\u00c3O<\/a>\n<a href=\"https:\/\/sites.uel.br\/lapee\/tag\/ensino-superior\/\" class=\"tag-cloud-link tag-link-58 tag-link-position-15\" style=\"font-size: 10.470588235294pt;\" aria-label=\"ENSINO SUPERIOR (2 itens)\">ENSINO SUPERIOR<\/a>\n<a href=\"https:\/\/sites.uel.br\/lapee\/tag\/epistemologia\/\" class=\"tag-cloud-link tag-link-93 tag-link-position-16\" style=\"font-size: 8pt;\" aria-label=\"EPISTEMOLOGIA (1 item)\">EPISTEMOLOGIA<\/a>\n<a href=\"https:\/\/sites.uel.br\/lapee\/tag\/eventos\/\" class=\"tag-cloud-link tag-link-84 tag-link-position-17\" style=\"font-size: 8pt;\" aria-label=\"EVENTOS (1 item)\">EVENTOS<\/a>\n<a href=\"https:\/\/sites.uel.br\/lapee\/tag\/experiencia\/\" class=\"tag-cloud-link tag-link-67 tag-link-position-18\" style=\"font-size: 8pt;\" aria-label=\"EXPERI\u00caNCIA (1 item)\">EXPERI\u00caNCIA<\/a>\n<a href=\"https:\/\/sites.uel.br\/lapee\/tag\/filme\/\" class=\"tag-cloud-link tag-link-64 tag-link-position-19\" style=\"font-size: 8pt;\" aria-label=\"FILME (1 item)\">FILME<\/a>\n<a href=\"https:\/\/sites.uel.br\/lapee\/tag\/filosofia\/\" class=\"tag-cloud-link tag-link-82 tag-link-position-20\" style=\"font-size: 8pt;\" aria-label=\"FILOSOFIA (1 item)\">FILOSOFIA<\/a>\n<a href=\"https:\/\/sites.uel.br\/lapee\/tag\/guarapuava\/\" class=\"tag-cloud-link tag-link-16 tag-link-position-21\" style=\"font-size: 10.470588235294pt;\" aria-label=\"GUARAPUAVA (2 itens)\">GUARAPUAVA<\/a>\n<a href=\"https:\/\/sites.uel.br\/lapee\/tag\/historia\/\" class=\"tag-cloud-link tag-link-92 tag-link-position-22\" style=\"font-size: 8pt;\" aria-label=\"HIST\u00d3RIA (1 item)\">HIST\u00d3RIA<\/a>\n<a href=\"https:\/\/sites.uel.br\/lapee\/tag\/infancia\/\" class=\"tag-cloud-link tag-link-50 tag-link-position-23\" style=\"font-size: 16.921568627451pt;\" aria-label=\"INF\u00c2NCIA (8 itens)\">INF\u00c2NCIA<\/a>\n<a href=\"https:\/\/sites.uel.br\/lapee\/tag\/jefferson-olivatto-da-silva\/\" class=\"tag-cloud-link tag-link-33 tag-link-position-24\" style=\"font-size: 20.078431372549pt;\" aria-label=\"JEFFERSON OLIVATTO DA SILVA (14 itens)\">JEFFERSON OLIVATTO DA SILVA<\/a>\n<a href=\"https:\/\/sites.uel.br\/lapee\/tag\/jogos\/\" class=\"tag-cloud-link tag-link-98 tag-link-position-25\" style=\"font-size: 8pt;\" aria-label=\"JOGOS (1 item)\">JOGOS<\/a>\n<a href=\"https:\/\/sites.uel.br\/lapee\/tag\/marta-regina-furlan\/\" class=\"tag-cloud-link tag-link-49 tag-link-position-26\" style=\"font-size: 16.235294117647pt;\" aria-label=\"MARTA REGINA FURLAN (7 itens)\">MARTA REGINA FURLAN<\/a>\n<a href=\"https:\/\/sites.uel.br\/lapee\/tag\/materiais-reciclaveis\/\" class=\"tag-cloud-link tag-link-45 tag-link-position-27\" style=\"font-size: 10.470588235294pt;\" aria-label=\"MATERIAIS RECICL\u00c1VEIS (2 itens)\">MATERIAIS RECICL\u00c1VEIS<\/a>\n<a href=\"https:\/\/sites.uel.br\/lapee\/tag\/palestra\/\" class=\"tag-cloud-link tag-link-87 tag-link-position-28\" style=\"font-size: 8pt;\" aria-label=\"PALESTRA (1 item)\">PALESTRA<\/a>\n<a href=\"https:\/\/sites.uel.br\/lapee\/tag\/parana\/\" class=\"tag-cloud-link tag-link-91 tag-link-position-29\" style=\"font-size: 8pt;\" aria-label=\"PARAN\u00c1 (1 item)\">PARAN\u00c1<\/a>\n<a href=\"https:\/\/sites.uel.br\/lapee\/tag\/pedagogia\/\" class=\"tag-cloud-link tag-link-55 tag-link-position-30\" style=\"font-size: 10.470588235294pt;\" aria-label=\"PEDAGOGIA (2 itens)\">PEDAGOGIA<\/a>\n<a href=\"https:\/\/sites.uel.br\/lapee\/tag\/pertencimento\/\" class=\"tag-cloud-link tag-link-25 tag-link-position-31\" style=\"font-size: 10.470588235294pt;\" aria-label=\"PERTENCIMENTO (2 itens)\">PERTENCIMENTO<\/a>\n<a href=\"https:\/\/sites.uel.br\/lapee\/tag\/psicologia\/\" class=\"tag-cloud-link tag-link-83 tag-link-position-32\" style=\"font-size: 8pt;\" aria-label=\"PSICOLOGIA (1 item)\">PSICOLOGIA<\/a>\n<a href=\"https:\/\/sites.uel.br\/lapee\/tag\/psicologia-analitica\/\" class=\"tag-cloud-link tag-link-86 tag-link-position-33\" style=\"font-size: 8pt;\" aria-label=\"PSICOLOGIA ANAL\u00cdTICA (1 item)\">PSICOLOGIA ANAL\u00cdTICA<\/a>\n<a href=\"https:\/\/sites.uel.br\/lapee\/tag\/reciclar\/\" class=\"tag-cloud-link tag-link-89 tag-link-position-34\" style=\"font-size: 8pt;\" aria-label=\"RECICLAR (1 item)\">RECICLAR<\/a>\n<a href=\"https:\/\/sites.uel.br\/lapee\/tag\/relatos\/\" class=\"tag-cloud-link tag-link-66 tag-link-position-35\" style=\"font-size: 8pt;\" aria-label=\"RELATOS (1 item)\">RELATOS<\/a>\n<a href=\"https:\/\/sites.uel.br\/lapee\/tag\/relacoes-sociais\/\" class=\"tag-cloud-link tag-link-63 tag-link-position-36\" style=\"font-size: 8pt;\" aria-label=\"RELA\u00c7\u00d5ES SOCIAIS (1 item)\">RELA\u00c7\u00d5ES SOCIAIS<\/a>\n<a href=\"https:\/\/sites.uel.br\/lapee\/tag\/relacoes-etnico-raciais\/\" class=\"tag-cloud-link tag-link-7 tag-link-position-37\" style=\"font-size: 19.117647058824pt;\" aria-label=\"RELA\u00c7\u00d5ES \u00c9TNICO-RACIAIS (12 itens)\">RELA\u00c7\u00d5ES \u00c9TNICO-RACIAIS<\/a>\n<a href=\"https:\/\/sites.uel.br\/lapee\/tag\/religioes\/\" class=\"tag-cloud-link tag-link-42 tag-link-position-38\" style=\"font-size: 10.470588235294pt;\" aria-label=\"RELIGI\u00d5ES (2 itens)\">RELIGI\u00d5ES<\/a>\n<a href=\"https:\/\/sites.uel.br\/lapee\/tag\/saude\/\" class=\"tag-cloud-link tag-link-23 tag-link-position-39\" style=\"font-size: 10.470588235294pt;\" aria-label=\"SA\u00daDE (2 itens)\">SA\u00daDE<\/a>\n<a href=\"https:\/\/sites.uel.br\/lapee\/tag\/simposio\/\" class=\"tag-cloud-link tag-link-65 tag-link-position-40\" style=\"font-size: 8pt;\" aria-label=\"SIMP\u00d3SIO (1 item)\">SIMP\u00d3SIO<\/a>\n<a href=\"https:\/\/sites.uel.br\/lapee\/tag\/sustentabilidade\/\" class=\"tag-cloud-link tag-link-46 tag-link-position-41\" style=\"font-size: 10.470588235294pt;\" aria-label=\"SUSTENTABILIDADE (2 itens)\">SUSTENTABILIDADE<\/a>\n<a href=\"https:\/\/sites.uel.br\/lapee\/tag\/tapete-vermelho\/\" class=\"tag-cloud-link tag-link-61 tag-link-position-42\" style=\"font-size: 8pt;\" aria-label=\"TAPETE VERMELHO (1 item)\">TAPETE VERMELHO<\/a>\n<a href=\"https:\/\/sites.uel.br\/lapee\/tag\/tecnologia\/\" class=\"tag-cloud-link tag-link-70 tag-link-position-43\" style=\"font-size: 8pt;\" aria-label=\"TECNOLOGIA (1 item)\">TECNOLOGIA<\/a>\n<a href=\"https:\/\/sites.uel.br\/lapee\/tag\/ubuntu\/\" class=\"tag-cloud-link tag-link-85 tag-link-position-44\" style=\"font-size: 8pt;\" aria-label=\"UBUNTU (1 item)\">UBUNTU<\/a>\n<a href=\"https:\/\/sites.uel.br\/lapee\/tag\/valeria-queiroz-furtado\/\" class=\"tag-cloud-link tag-link-48 tag-link-position-45\" style=\"font-size: 14.588235294118pt;\" aria-label=\"VAL\u00c9RIA QUEIROZ FURTADO (5 itens)\">VAL\u00c9RIA QUEIROZ FURTADO<\/a><\/p>","protected":false},"excerpt":{"rendered":"","protected":false},"author":9,"featured_media":0,"parent":0,"menu_order":0,"comment_status":"closed","ping_status":"closed","template":"","meta":{"_acf_changed":false,"inline_featured_image":false,"footnotes":""},"class_list":["post-177","page","type-page","status-publish","hentry"],"acf":[],"_links":{"self":[{"href":"https:\/\/sites.uel.br\/lapee\/wp-json\/wp\/v2\/pages\/177","targetHints":{"allow":["GET"]}}],"collection":[{"href":"https:\/\/sites.uel.br\/lapee\/wp-json\/wp\/v2\/pages"}],"about":[{"href":"https:\/\/sites.uel.br\/lapee\/wp-json\/wp\/v2\/types\/page"}],"author":[{"embeddable":true,"href":"https:\/\/sites.uel.br\/lapee\/wp-json\/wp\/v2\/users\/9"}],"replies":[{"embeddable":true,"href":"https:\/\/sites.uel.br\/lapee\/wp-json\/wp\/v2\/comments?post=177"}],"version-history":[{"count":16,"href":"https:\/\/sites.uel.br\/lapee\/wp-json\/wp\/v2\/pages\/177\/revisions"}],"predecessor-version":[{"id":992,"href":"https:\/\/sites.uel.br\/lapee\/wp-json\/wp\/v2\/pages\/177\/revisions\/992"}],"wp:attachment":[{"href":"https:\/\/sites.uel.br\/lapee\/wp-json\/wp\/v2\/media?parent=177"}],"curies":[{"name":"wp","href":"https:\/\/api.w.org\/{rel}","templated":true}]}}