{"id":441,"date":"2025-06-05T16:32:54","date_gmt":"2025-06-05T19:32:54","guid":{"rendered":"https:\/\/sites.uel.br\/laca\/?page_id=441"},"modified":"2025-06-05T19:33:29","modified_gmt":"2025-06-05T22:33:29","slug":"noticias-do-laca","status":"publish","type":"page","link":"https:\/\/sites.uel.br\/laca\/noticias-do-laca\/","title":{"rendered":"Noticias do LACA"},"content":{"rendered":"\n<div class=\"wp-block-media-text is-stacked-on-mobile\" style=\"grid-template-columns:37% auto\"><figure class=\"wp-block-media-text__media\"><img loading=\"lazy\" decoding=\"async\" width=\"682\" height=\"260\" src=\"https:\/\/sites.uel.br\/laca\/wp-content\/uploads\/2025\/06\/qualidade-do-ar-pequena-1.jpg.webp\" alt=\"\" class=\"wp-image-447 size-full\" srcset=\"https:\/\/sites.uel.br\/laca\/wp-content\/uploads\/2025\/06\/qualidade-do-ar-pequena-1.jpg.webp 682w, https:\/\/sites.uel.br\/laca\/wp-content\/uploads\/2025\/06\/qualidade-do-ar-pequena-1.jpg-300x114.webp 300w\" sizes=\"auto, (max-width: 682px) 100vw, 682px\" \/><\/figure><div class=\"wp-block-media-text__content\">\n<h2 class=\"wp-block-heading\">Monitoramento<\/h2>\n\n\n\n<p><strong>Pesquisa in\u00e9dita relaciona n\u00edveis de qualidade do ar e COVID-19<\/strong><\/p>\n\n\n\n<div class=\"wp-block-group is-nowrap is-layout-flex wp-container-core-group-is-layout-ad2f72ca wp-block-group-is-layout-flex\">\n<p>Trabalho in\u00e9dito foi conclu\u00eddo por estudante do Programa de P\u00f3s-Gradua\u00e7\u00e3o em Qu\u00edmica Igor Mantovani.<\/p>\n<\/div>\n\n\n\n<p><a href=\"https:\/\/operobal.uel.br\/tag\/laca\">Leia Mais<\/a><\/p>\n\n\n\n<p><a href=\"https:\/\/operobal.uel.br\/pesquisas\/2022\/05\/11\/qualidade-do-ar\/\"><\/a><\/p>\n<\/div><\/div>\n\n\n\n<div class=\"wp-block-media-text is-stacked-on-mobile\" style=\"grid-template-columns:36% auto\"><figure class=\"wp-block-media-text__media\"><img loading=\"lazy\" decoding=\"async\" width=\"1024\" height=\"644\" src=\"https:\/\/sites.uel.br\/laca\/wp-content\/uploads\/2025\/06\/29-6-2017-g-filtro-1024x644.jpg\" alt=\"\" class=\"wp-image-400 size-full\" srcset=\"https:\/\/sites.uel.br\/laca\/wp-content\/uploads\/2025\/06\/29-6-2017-g-filtro-1024x644.jpg 1024w, https:\/\/sites.uel.br\/laca\/wp-content\/uploads\/2025\/06\/29-6-2017-g-filtro-300x189.jpg 300w, https:\/\/sites.uel.br\/laca\/wp-content\/uploads\/2025\/06\/29-6-2017-g-filtro-768x483.jpg 768w, https:\/\/sites.uel.br\/laca\/wp-content\/uploads\/2025\/06\/29-6-2017-g-filtro-1536x966.jpg 1536w, https:\/\/sites.uel.br\/laca\/wp-content\/uploads\/2025\/06\/29-6-2017-g-filtro.jpg 1890w\" sizes=\"auto, (max-width: 1024px) 100vw, 1024px\" \/><\/figure><div class=\"wp-block-media-text__content\">\n<h2 class=\"wp-block-heading\">Qualidade do ar<\/h2>\n\n\n\n<p><strong>Pesquisa mede qualidade atmosf\u00e9rica de Londrina&nbsp;<\/strong><\/p>\n\n\n\n<div class=\"wp-block-group is-nowrap is-layout-flex wp-container-core-group-is-layout-ad2f72ca wp-block-group-is-layout-flex\">\n<p>O equipamento utilizado \u00e9 um &#8220;amostrador&#8221; de grande volume, instalado no p\u00e1tio do Sistema de Arquivos (SAUEL), localizado \u00e0s margens da PR-445<\/p>\n<\/div>\n\n\n\n<p><a href=\"https:\/\/www.uel.br\/com\/agenciaueldenoticias\/index.php?arq=ARQ_not&amp;FWS_Ano_Edicao=1&amp;FWS_N_Edicao=1&amp;FWS_N_Texto=24817&amp;FWS_Cod_Categoria=2\">Leia Mais<\/a><\/p>\n\n\n\n<p><a href=\"https:\/\/operobal.uel.br\/pesquisas\/2022\/05\/11\/qualidade-do-ar\/\"><\/a><\/p>\n<\/div><\/div>\n\n\n\n<div class=\"wp-block-media-text is-stacked-on-mobile\" style=\"grid-template-columns:34% auto\"><figure class=\"wp-block-media-text__media\"><img loading=\"lazy\" decoding=\"async\" width=\"945\" height=\"587\" src=\"https:\/\/sites.uel.br\/laca\/wp-content\/uploads\/2025\/06\/24-9-2018-g-laca-1.jpg\" alt=\"\" class=\"wp-image-455 size-full\" srcset=\"https:\/\/sites.uel.br\/laca\/wp-content\/uploads\/2025\/06\/24-9-2018-g-laca-1.jpg 945w, https:\/\/sites.uel.br\/laca\/wp-content\/uploads\/2025\/06\/24-9-2018-g-laca-1-300x186.jpg 300w, https:\/\/sites.uel.br\/laca\/wp-content\/uploads\/2025\/06\/24-9-2018-g-laca-1-768x477.jpg 768w\" sizes=\"auto, (max-width: 945px) 100vw, 945px\" \/><\/figure><div class=\"wp-block-media-text__content\">\n<h2 class=\"wp-block-heading\"><strong>Servi\u00e7o<\/strong>&nbsp;&#8211; A Aintec auxilia na intera\u00e7\u00e3o entre empresas e a Universidade.<\/h2>\n\n\n\n<p><strong><strong>LACA auxilia empresas emissoras de gases poluentes<\/strong><\/strong><\/p>\n\n\n\n<div class=\"wp-block-group is-nowrap is-layout-flex wp-container-core-group-is-layout-ad2f72ca wp-block-group-is-layout-flex\">\n<p>Empresas paranaenses que utilizam combust\u00e3o e, consequentemente, emitem gases e material particulado em processos de produ\u00e7\u00e3o precisam seguir os crit\u00e9rios para Controle da Qualidade do Ar definidos pela Resolu\u00e7\u00e3o da SEMA 16\/2014. O objetivo da resolu\u00e7\u00e3o \u00e9 &#8220;permitir o desenvolvimento econ\u00f4mico e social do estado de forma ambientalmente segura&#8221;.<\/p>\n<\/div>\n\n\n\n<p><a href=\"https:\/\/www.uel.br\/com\/agenciaueldenoticias\/index.php?arq=ARQ_not&amp;FWS_Ano_Edicao=1&amp;FWS_N_Edicao=1&amp;FWS_N_Texto=27095&amp;FWS_Cod_Categoria=2\">Leia Mais<\/a><\/p>\n\n\n\n<p><a href=\"https:\/\/operobal.uel.br\/pesquisas\/2022\/05\/11\/qualidade-do-ar\/\"><\/a><\/p>\n<\/div><\/div>\n\n\n\n<div class=\"wp-block-media-text is-stacked-on-mobile\" style=\"grid-template-columns:34% auto\"><figure class=\"wp-block-media-text__media\"><img loading=\"lazy\" decoding=\"async\" width=\"1024\" height=\"682\" src=\"https:\/\/sites.uel.br\/laca\/wp-content\/uploads\/2025\/06\/23-1-2019-g-uel-1024x682-1.jpg\" alt=\"\" class=\"wp-image-459 size-full\" srcset=\"https:\/\/sites.uel.br\/laca\/wp-content\/uploads\/2025\/06\/23-1-2019-g-uel-1024x682-1.jpg 1024w, https:\/\/sites.uel.br\/laca\/wp-content\/uploads\/2025\/06\/23-1-2019-g-uel-1024x682-1-300x200.jpg 300w, https:\/\/sites.uel.br\/laca\/wp-content\/uploads\/2025\/06\/23-1-2019-g-uel-1024x682-1-768x512.jpg 768w\" sizes=\"auto, (max-width: 1024px) 100vw, 1024px\" \/><\/figure><div class=\"wp-block-media-text__content\">\n<h2 class=\"wp-block-heading\"><strong>LIG\u2019s e LACA: inaugura\u00e7\u00f5es e ordem de servi\u00e7o<\/strong><\/h2>\n\n\n\n<div class=\"wp-block-group is-nowrap is-layout-flex wp-container-core-group-is-layout-ad2f72ca wp-block-group-is-layout-flex\">\n<p>Em solenidades realizadas hoje de manh\u00e3(<strong>20\/03\/2006)<\/strong>, foram inaugurados os dois \u00faltimos laborat\u00f3rios de inform\u00e1tica de gradua\u00e7\u00e3o (LIG\u2019s) que faltavam na UEL.<\/p>\n<\/div>\n\n\n\n<p><a href=\"https:\/\/www.uel.br\/com\/agenciaueldenoticias\/index.php?arq=ARQ_not&amp;FWS_Ano_Edicao=1&amp;FWS_N_Edicao=1&amp;FWS_N_Texto=783&amp;FWS_Cod_Categoria=2\">Leia Mais<\/a><\/p>\n\n\n\n<p><a href=\"https:\/\/operobal.uel.br\/pesquisas\/2022\/05\/11\/qualidade-do-ar\/\"><\/a><\/p>\n<\/div><\/div>\n\n\n\n<div class=\"wp-block-media-text is-stacked-on-mobile\" style=\"grid-template-columns:38% auto\"><figure class=\"wp-block-media-text__media\"><img loading=\"lazy\" decoding=\"async\" width=\"1024\" height=\"671\" src=\"https:\/\/sites.uel.br\/laca\/wp-content\/uploads\/2025\/06\/20-5-2016-g-laca-1024x671.jpg\" alt=\"\" class=\"wp-image-398 size-full\" srcset=\"https:\/\/sites.uel.br\/laca\/wp-content\/uploads\/2025\/06\/20-5-2016-g-laca-1024x671.jpg 1024w, https:\/\/sites.uel.br\/laca\/wp-content\/uploads\/2025\/06\/20-5-2016-g-laca-300x197.jpg 300w, https:\/\/sites.uel.br\/laca\/wp-content\/uploads\/2025\/06\/20-5-2016-g-laca-768x503.jpg 768w, https:\/\/sites.uel.br\/laca\/wp-content\/uploads\/2025\/06\/20-5-2016-g-laca-1536x1007.jpg 1536w, https:\/\/sites.uel.br\/laca\/wp-content\/uploads\/2025\/06\/20-5-2016-g-laca.jpg 1890w\" sizes=\"auto, (max-width: 1024px) 100vw, 1024px\" \/><\/figure><div class=\"wp-block-media-text__content\">\n<h2 class=\"wp-block-heading\"><strong>Laborat\u00f3rio integra rede contemplada em edital do CNPq<\/strong><\/h2>\n\n\n\n<p><strong><strong>Equipe do LACA \u00e9 formada por estudantes da gradua\u00e7\u00e3o, mestrado e doutorado<\/strong><\/strong><\/p>\n\n\n\n<div class=\"wp-block-group is-nowrap is-layout-flex wp-container-core-group-is-layout-ad2f72ca wp-block-group-is-layout-flex\">\n<p>O Laborat\u00f3rio de An\u00e1lises Cromatogr\u00e1ficas e Ambientais (LACA) do Centro de Ci\u00eancias Exatas (CCE) foi indiretamente contemplado na \u00faltima Chamada INCT (n\u00ba 16\/2014) do Conselho Nacional de Desenvolvimento Cient\u00edfico e Tecnol\u00f3gico (CNPq).<\/p>\n<\/div>\n\n\n\n<p><a href=\"https:\/\/www.uel.br\/com\/agenciaueldenoticias\/index.php?arq=ARQ_not&amp;FWS_Ano_Edicao=1&amp;FWS_N_Edicao=1&amp;FWS_N_Texto=22829&amp;FWS_Cod_Categoria=2\">Leia Mais<\/a><\/p>\n\n\n\n<p><a href=\"https:\/\/operobal.uel.br\/pesquisas\/2022\/05\/11\/qualidade-do-ar\/\"><\/a><\/p>\n<\/div><\/div>\n\n\n\n<p><\/p>\n","protected":false},"excerpt":{"rendered":"","protected":false},"author":10,"featured_media":0,"parent":0,"menu_order":0,"comment_status":"closed","ping_status":"closed","template":"","meta":{"footnotes":""},"class_list":["post-441","page","type-page","status-publish","hentry"],"acf":[],"_links":{"self":[{"href":"https:\/\/sites.uel.br\/laca\/wp-json\/wp\/v2\/pages\/441","targetHints":{"allow":["GET"]}}],"collection":[{"href":"https:\/\/sites.uel.br\/laca\/wp-json\/wp\/v2\/pages"}],"about":[{"href":"https:\/\/sites.uel.br\/laca\/wp-json\/wp\/v2\/types\/page"}],"author":[{"embeddable":true,"href":"https:\/\/sites.uel.br\/laca\/wp-json\/wp\/v2\/users\/10"}],"replies":[{"embeddable":true,"href":"https:\/\/sites.uel.br\/laca\/wp-json\/wp\/v2\/comments?post=441"}],"version-history":[{"count":8,"href":"https:\/\/sites.uel.br\/laca\/wp-json\/wp\/v2\/pages\/441\/revisions"}],"predecessor-version":[{"id":460,"href":"https:\/\/sites.uel.br\/laca\/wp-json\/wp\/v2\/pages\/441\/revisions\/460"}],"wp:attachment":[{"href":"https:\/\/sites.uel.br\/laca\/wp-json\/wp\/v2\/media?parent=441"}],"curies":[{"name":"wp","href":"https:\/\/api.w.org\/{rel}","templated":true}]}}