{"id":154,"date":"2023-02-08T09:25:58","date_gmt":"2023-02-08T12:25:58","guid":{"rendered":"https:\/\/sites.uel.br\/labted\/?page_id=154"},"modified":"2025-07-14T10:59:57","modified_gmt":"2025-07-14T13:59:57","slug":"apresentacao","status":"publish","type":"page","link":"https:\/\/sites.uel.br\/labted\/apresentacao\/","title":{"rendered":"Apresenta\u00e7\u00e3o"},"content":{"rendered":"\n<figure class=\"wp-block-image size-large is-resized\"><img loading=\"lazy\" decoding=\"async\" width=\"1024\" height=\"121\" src=\"https:\/\/sites.uel.br\/labted\/wp-content\/uploads\/2024\/08\/capinha-site-LABTED-cursos-4-1024x121.png\" alt=\"\" class=\"wp-image-952\" style=\"width:1062px;height:auto\" srcset=\"https:\/\/sites.uel.br\/labted\/wp-content\/uploads\/2024\/08\/capinha-site-LABTED-cursos-4-1024x121.png 1024w, https:\/\/sites.uel.br\/labted\/wp-content\/uploads\/2024\/08\/capinha-site-LABTED-cursos-4-300x35.png 300w, https:\/\/sites.uel.br\/labted\/wp-content\/uploads\/2024\/08\/capinha-site-LABTED-cursos-4-768x91.png 768w, https:\/\/sites.uel.br\/labted\/wp-content\/uploads\/2024\/08\/capinha-site-LABTED-cursos-4-1536x181.png 1536w, https:\/\/sites.uel.br\/labted\/wp-content\/uploads\/2024\/08\/capinha-site-LABTED-cursos-4-2048x242.png 2048w\" sizes=\"auto, (max-width: 1024px) 100vw, 1024px\" \/><\/figure>\n\n\n\n<div style=\"height:100px\" aria-hidden=\"true\" class=\"wp-block-spacer\"><\/div>\n\n\n\n<div class=\"wp-block-media-text is-stacked-on-mobile\" style=\"grid-template-columns:20% auto\"><figure class=\"wp-block-media-text__media\"><img loading=\"lazy\" decoding=\"async\" width=\"1024\" height=\"357\" src=\"https:\/\/sites.uel.br\/labted\/wp-content\/uploads\/2024\/05\/Labted-1024x357.png\" alt=\"\" class=\"wp-image-471 size-full\" srcset=\"https:\/\/sites.uel.br\/labted\/wp-content\/uploads\/2024\/05\/Labted-1024x357.png 1024w, https:\/\/sites.uel.br\/labted\/wp-content\/uploads\/2024\/05\/Labted-300x105.png 300w, https:\/\/sites.uel.br\/labted\/wp-content\/uploads\/2024\/05\/Labted-768x268.png 768w, https:\/\/sites.uel.br\/labted\/wp-content\/uploads\/2024\/05\/Labted-1536x535.png 1536w, https:\/\/sites.uel.br\/labted\/wp-content\/uploads\/2024\/05\/Labted-2048x714.png 2048w\" sizes=\"auto, (max-width: 1024px) 100vw, 1024px\" \/><\/figure><div class=\"wp-block-media-text__content\">\n<p class=\"has-text-align-left\" style=\"font-size:17px\">No dia 1\u00ba de novembro de 1975 nasceu o que conhecemos hoje como Laborat\u00f3rio de Tecnologia Educacional (Labted) da Universidade Estadual de Londrina (UEL).<\/p>\n\n\n\n<p class=\"has-text-align-left\" style=\"font-size:17px\">O Labted foi criado como N\u00facleo de Tecnologia Educacional (NTE), ligado ao Centro de Educa\u00e7\u00e3o, Comunica\u00e7\u00e3o e Artes (Ceca).<\/p>\n\n\n\n<p class=\"has-text-align-left\" style=\"font-size:17px\">O nome s\u00f3 foi alterado para Labted em 2003, ap\u00f3s um novo regimento, quando passou de \u00f3rg\u00e3o suplementar para \u00f3rg\u00e3o de apoio.<\/p>\n<\/div><\/div>\n\n\n\n<div style=\"height:100px\" aria-hidden=\"true\" class=\"wp-block-spacer\"><\/div>\n\n\n\n<h5 class=\"wp-block-heading has-text-align-center\">Contatos:<\/h5>\n\n\n\n<p class=\"has-text-align-center\" style=\"font-size:17px\">Secretaria Executiva: (43) 3371-4518<br>Opera\u00e7\u00e3o: (43) 3371-4528<br>Setor Educacional: (43) 3371-4548<\/p>\n\n\n\n<p class=\"has-text-align-center\" style=\"font-size:17px\">E-mail: labted@uel.br<\/p>\n\n\n\n<div style=\"height:100px\" aria-hidden=\"true\" class=\"wp-block-spacer\"><\/div>\n\n\n\n<h5 class=\"wp-block-heading has-text-align-center\">Redes Sociais:<\/h5>\n\n\n\n<ul class=\"wp-block-social-links aligncenter is-layout-flex wp-block-social-links-is-layout-flex\"><li class=\"wp-social-link wp-social-link-instagram  wp-block-social-link\"><a href=\"https:\/\/www.instagram.com\/neaduel\/\" class=\"wp-block-social-link-anchor\"><svg width=\"24\" height=\"24\" viewBox=\"0 0 24 24\" version=\"1.1\" xmlns=\"http:\/\/www.w3.org\/2000\/svg\" aria-hidden=\"true\" focusable=\"false\"><path d=\"M12,4.622c2.403,0,2.688,0.009,3.637,0.052c0.877,0.04,1.354,0.187,1.671,0.31c0.42,0.163,0.72,0.358,1.035,0.673 c0.315,0.315,0.51,0.615,0.673,1.035c0.123,0.317,0.27,0.794,0.31,1.671c0.043,0.949,0.052,1.234,0.052,3.637 s-0.009,2.688-0.052,3.637c-0.04,0.877-0.187,1.354-0.31,1.671c-0.163,0.42-0.358,0.72-0.673,1.035 c-0.315,0.315-0.615,0.51-1.035,0.673c-0.317,0.123-0.794,0.27-1.671,0.31c-0.949,0.043-1.233,0.052-3.637,0.052 s-2.688-0.009-3.637-0.052c-0.877-0.04-1.354-0.187-1.671-0.31c-0.42-0.163-0.72-0.358-1.035-0.673 c-0.315-0.315-0.51-0.615-0.673-1.035c-0.123-0.317-0.27-0.794-0.31-1.671C4.631,14.688,4.622,14.403,4.622,12 s0.009-2.688,0.052-3.637c0.04-0.877,0.187-1.354,0.31-1.671c0.163-0.42,0.358-0.72,0.673-1.035 c0.315-0.315,0.615-0.51,1.035-0.673c0.317-0.123,0.794-0.27,1.671-0.31C9.312,4.631,9.597,4.622,12,4.622 M12,3 C9.556,3,9.249,3.01,8.289,3.054C7.331,3.098,6.677,3.25,6.105,3.472C5.513,3.702,5.011,4.01,4.511,4.511 c-0.5,0.5-0.808,1.002-1.038,1.594C3.25,6.677,3.098,7.331,3.054,8.289C3.01,9.249,3,9.556,3,12c0,2.444,0.01,2.751,0.054,3.711 c0.044,0.958,0.196,1.612,0.418,2.185c0.23,0.592,0.538,1.094,1.038,1.594c0.5,0.5,1.002,0.808,1.594,1.038 c0.572,0.222,1.227,0.375,2.185,0.418C9.249,20.99,9.556,21,12,21s2.751-0.01,3.711-0.054c0.958-0.044,1.612-0.196,2.185-0.418 c0.592-0.23,1.094-0.538,1.594-1.038c0.5-0.5,0.808-1.002,1.038-1.594c0.222-0.572,0.375-1.227,0.418-2.185 C20.99,14.751,21,14.444,21,12s-0.01-2.751-0.054-3.711c-0.044-0.958-0.196-1.612-0.418-2.185c-0.23-0.592-0.538-1.094-1.038-1.594 c-0.5-0.5-1.002-0.808-1.594-1.038c-0.572-0.222-1.227-0.375-2.185-0.418C14.751,3.01,14.444,3,12,3L12,3z M12,7.378 c-2.552,0-4.622,2.069-4.622,4.622S9.448,16.622,12,16.622s4.622-2.069,4.622-4.622S14.552,7.378,12,7.378z M12,15 c-1.657,0-3-1.343-3-3s1.343-3,3-3s3,1.343,3,3S13.657,15,12,15z M16.804,6.116c-0.596,0-1.08,0.484-1.08,1.08 s0.484,1.08,1.08,1.08c0.596,0,1.08-0.484,1.08-1.08S17.401,6.116,16.804,6.116z\"><\/path><\/svg><span class=\"wp-block-social-link-label screen-reader-text\">Instagram<\/span><\/a><\/li>\n\n<li class=\"wp-social-link wp-social-link-facebook  wp-block-social-link\"><a href=\"https:\/\/www.facebook.com\/NeadUEL\" class=\"wp-block-social-link-anchor\"><svg width=\"24\" height=\"24\" viewBox=\"0 0 24 24\" version=\"1.1\" xmlns=\"http:\/\/www.w3.org\/2000\/svg\" aria-hidden=\"true\" focusable=\"false\"><path d=\"M12 2C6.5 2 2 6.5 2 12c0 5 3.7 9.1 8.4 9.9v-7H7.9V12h2.5V9.8c0-2.5 1.5-3.9 3.8-3.9 1.1 0 2.2.2 2.2.2v2.5h-1.3c-1.2 0-1.6.8-1.6 1.6V12h2.8l-.4 2.9h-2.3v7C18.3 21.1 22 17 22 12c0-5.5-4.5-10-10-10z\"><\/path><\/svg><span class=\"wp-block-social-link-label screen-reader-text\">Facebook<\/span><\/a><\/li>\n\n<li class=\"wp-social-link wp-social-link-youtube  wp-block-social-link\"><a href=\"https:\/\/www.youtube.com\/channel\/UCngJdE0xuCOLkQxPUVf0TjQ\" class=\"wp-block-social-link-anchor\"><svg width=\"24\" height=\"24\" viewBox=\"0 0 24 24\" version=\"1.1\" xmlns=\"http:\/\/www.w3.org\/2000\/svg\" aria-hidden=\"true\" focusable=\"false\"><path d=\"M21.8,8.001c0,0-0.195-1.378-0.795-1.985c-0.76-0.797-1.613-0.801-2.004-0.847c-2.799-0.202-6.997-0.202-6.997-0.202 h-0.009c0,0-4.198,0-6.997,0.202C4.608,5.216,3.756,5.22,2.995,6.016C2.395,6.623,2.2,8.001,2.2,8.001S2,9.62,2,11.238v1.517 c0,1.618,0.2,3.237,0.2,3.237s0.195,1.378,0.795,1.985c0.761,0.797,1.76,0.771,2.205,0.855c1.6,0.153,6.8,0.201,6.8,0.201 s4.203-0.006,7.001-0.209c0.391-0.047,1.243-0.051,2.004-0.847c0.6-0.607,0.795-1.985,0.795-1.985s0.2-1.618,0.2-3.237v-1.517 C22,9.62,21.8,8.001,21.8,8.001z M9.935,14.594l-0.001-5.62l5.404,2.82L9.935,14.594z\"><\/path><\/svg><span class=\"wp-block-social-link-label screen-reader-text\">Youtube<\/span><\/a><\/li><\/ul>\n\n\n\n<div style=\"height:100px\" aria-hidden=\"true\" class=\"wp-block-spacer\"><\/div>\n\n\n\n<h5 class=\"wp-block-heading has-text-align-center\">Endere\u00e7o:<\/h5>\n\n\n\n<p class=\"has-text-align-center\" style=\"font-size:17px\">Universidade Estadual de Londrina (UEL)<br>Rodovia Celso Garcia Cid | PR 445 Km 380<br>Campus Universit\u00e1rio | CEP 86055-900<\/p>\n\n\n\n<p class=\"has-text-align-center\" style=\"font-size:17px\">Centro de Letras e Ci\u00eancias Humanas (CLCH) | Bloco C | 2\u00ba andar<\/p>\n\n\n\n<div style=\"height:20px\" aria-hidden=\"true\" class=\"wp-block-spacer\"><\/div>\n\n\n\n<div style=\"text-align:center\">\n\n<\/div>\n\n\n<div class=\"wp-block-image\">\n<figure class=\"aligncenter size-large is-resized\"><a href=\"https:\/\/www.google.com\/maps\/place\/LABTED+-+Laborat%C3%B3rio+de+Tecnologia+Educacional\/@-23.3253275,-51.2049178,17z\/data=!4m6!3m5!1s0x94eb5c9e25a7fb7d:0x8d9034fc86269c5a!8m2!3d-23.3248596!4d-51.2038449!16s%2Fg%2F11b6zx0m4v?entry=ttu\" target=\"_blank\" rel=\"noreferrer noopener\"><img loading=\"lazy\" decoding=\"async\" width=\"1024\" height=\"518\" src=\"https:\/\/sites.uel.br\/labted\/wp-content\/uploads\/2024\/07\/Mapa-Labted-1024x518.png\" alt=\"\" class=\"wp-image-754\" style=\"width:656px;height:auto\" srcset=\"https:\/\/sites.uel.br\/labted\/wp-content\/uploads\/2024\/07\/Mapa-Labted-1024x518.png 1024w, https:\/\/sites.uel.br\/labted\/wp-content\/uploads\/2024\/07\/Mapa-Labted-300x152.png 300w, https:\/\/sites.uel.br\/labted\/wp-content\/uploads\/2024\/07\/Mapa-Labted-768x389.png 768w, https:\/\/sites.uel.br\/labted\/wp-content\/uploads\/2024\/07\/Mapa-Labted-1536x777.png 1536w, https:\/\/sites.uel.br\/labted\/wp-content\/uploads\/2024\/07\/Mapa-Labted-2048x1037.png 2048w\" sizes=\"auto, (max-width: 1024px) 100vw, 1024px\" \/><\/a><\/figure>\n<\/div>\n\n\n<div style=\"height:100px\" aria-hidden=\"true\" class=\"wp-block-spacer\"><\/div>\n\n\n\n<p><\/p>\n","protected":false},"excerpt":{"rendered":"<p>No dia 1\u00ba de novembro de 1975 nasceu o que conhecemos hoje como Laborat\u00f3rio de Tecnologia Educacional (Labted) da Universidade Estadual de Londrina (UEL). O Labted foi criado como N\u00facleo de Tecnologia Educacional (NTE), ligado ao Centro de Educa\u00e7\u00e3o, Comunica\u00e7\u00e3o e Artes (Ceca). O nome s\u00f3 foi alterado para Labted em 2003, ap\u00f3s um novo [&hellip;]<\/p>\n","protected":false},"author":10,"featured_media":0,"parent":0,"menu_order":0,"comment_status":"closed","ping_status":"closed","template":"","meta":{"footnotes":""},"class_list":["post-154","page","type-page","status-publish","hentry"],"acf":[],"_links":{"self":[{"href":"https:\/\/sites.uel.br\/labted\/wp-json\/wp\/v2\/pages\/154","targetHints":{"allow":["GET"]}}],"collection":[{"href":"https:\/\/sites.uel.br\/labted\/wp-json\/wp\/v2\/pages"}],"about":[{"href":"https:\/\/sites.uel.br\/labted\/wp-json\/wp\/v2\/types\/page"}],"author":[{"embeddable":true,"href":"https:\/\/sites.uel.br\/labted\/wp-json\/wp\/v2\/users\/10"}],"replies":[{"embeddable":true,"href":"https:\/\/sites.uel.br\/labted\/wp-json\/wp\/v2\/comments?post=154"}],"version-history":[{"count":98,"href":"https:\/\/sites.uel.br\/labted\/wp-json\/wp\/v2\/pages\/154\/revisions"}],"predecessor-version":[{"id":1170,"href":"https:\/\/sites.uel.br\/labted\/wp-json\/wp\/v2\/pages\/154\/revisions\/1170"}],"wp:attachment":[{"href":"https:\/\/sites.uel.br\/labted\/wp-json\/wp\/v2\/media?parent=154"}],"curies":[{"name":"wp","href":"https:\/\/api.w.org\/{rel}","templated":true}]}}