{"id":912,"date":"2026-03-06T14:51:36","date_gmt":"2026-03-06T17:51:36","guid":{"rendered":"https:\/\/sites.uel.br\/labim\/?page_id=912"},"modified":"2026-03-09T09:18:27","modified_gmt":"2026-03-09T12:18:27","slug":"linhas-de-pesquisas","status":"publish","type":"page","link":"https:\/\/sites.uel.br\/labim\/linhas-de-pesquisas\/","title":{"rendered":"Linhas de Pesquisas"},"content":{"rendered":"\n<p>O LABIM atualmente conta com:<\/p>\n\n\n\n<p>Gradua\u00e7\u00e3o &#8211; Alunos de biologia, farm\u00e1cia, biotecnologia, qu\u00edmica e agronomia<\/p>\n\n\n\n<p>P\u00f3s-Gradua\u00e7\u00e3o &#8211; Programa de P\u00f3s-Gradua\u00e7\u00e3o em Microbiologia e Programa de P\u00f3s-Gradua\u00e7\u00e3o em Ci\u00eancias de Alimentos<\/p>\n\n\n\n<p><\/p>\n\n\n\n<p>O LABIM desenvolve pesquisa aplicada em quatro frentes integradas, todas orientadas para a gera\u00e7\u00e3o de tecnologias com potencial de licenciamento e impacto na agroind\u00fastria e na sa\u00fade.<\/p>\n\n\n\n<p><strong>Bioprospec\u00e7\u00e3o microbiana<\/strong> \u2014 Isolamento e triagem funcional de fungos e bact\u00e9rias da biodiversidade brasileira com potencial como agentes de controle biol\u00f3gico: biofungicidas, bionematicidas e bioinseticidas.<\/p>\n\n\n\n<p><strong>Gen\u00f4mica e bioinform\u00e1tica<\/strong> \u2014 Caracteriza\u00e7\u00e3o gen\u00f4mica de microrganismos de interesse, minera\u00e7\u00e3o de genes biosint\u00e9ticos e predi\u00e7\u00e3o de compostos bioativos com aplica\u00e7\u00e3o agr\u00edcola e farmac\u00eautica.<\/p>\n\n\n\n<p><strong>Bioprocessos e formula\u00e7\u00e3o<\/strong> \u2014 Desenvolvimento de processos fermentativos escalon\u00e1veis e formula\u00e7\u00f5es est\u00e1veis para aplica\u00e7\u00e3o industrial, com valida\u00e7\u00e3o em planta piloto pr\u00f3pria.<\/p>\n\n\n\n<p><strong>Antimicrobianos naturais<\/strong> \u2014 Linha secund\u00e1ria voltada \u00e0 sa\u00fade humana e animal, alinhada ao conceito de Sa\u00fade \u00danica (One Health), com foco em compostos de origem microbiana com atividade antimicrobiana.<\/p>\n","protected":false},"excerpt":{"rendered":"<p>O LABIM atualmente conta com: Gradua\u00e7\u00e3o &#8211; Alunos de biologia, farm\u00e1cia, biotecnologia, qu\u00edmica e agronomia P\u00f3s-Gradua\u00e7\u00e3o &#8211; Programa de P\u00f3s-Gradua\u00e7\u00e3o em Microbiologia e Programa de P\u00f3s-Gradua\u00e7\u00e3o em Ci\u00eancias de Alimentos O LABIM desenvolve pesquisa aplicada em quatro frentes integradas, todas orientadas para a gera\u00e7\u00e3o de tecnologias com potencial de licenciamento e impacto na agroind\u00fastria e [&hellip;]<\/p>\n","protected":false},"author":6,"featured_media":0,"parent":0,"menu_order":0,"comment_status":"closed","ping_status":"closed","template":"","meta":{"footnotes":""},"class_list":["post-912","page","type-page","status-publish","hentry"],"acf":[],"_links":{"self":[{"href":"https:\/\/sites.uel.br\/labim\/wp-json\/wp\/v2\/pages\/912","targetHints":{"allow":["GET"]}}],"collection":[{"href":"https:\/\/sites.uel.br\/labim\/wp-json\/wp\/v2\/pages"}],"about":[{"href":"https:\/\/sites.uel.br\/labim\/wp-json\/wp\/v2\/types\/page"}],"author":[{"embeddable":true,"href":"https:\/\/sites.uel.br\/labim\/wp-json\/wp\/v2\/users\/6"}],"replies":[{"embeddable":true,"href":"https:\/\/sites.uel.br\/labim\/wp-json\/wp\/v2\/comments?post=912"}],"version-history":[{"count":2,"href":"https:\/\/sites.uel.br\/labim\/wp-json\/wp\/v2\/pages\/912\/revisions"}],"predecessor-version":[{"id":1000,"href":"https:\/\/sites.uel.br\/labim\/wp-json\/wp\/v2\/pages\/912\/revisions\/1000"}],"wp:attachment":[{"href":"https:\/\/sites.uel.br\/labim\/wp-json\/wp\/v2\/media?parent=912"}],"curies":[{"name":"wp","href":"https:\/\/api.w.org\/{rel}","templated":true}]}}