{"id":166,"date":"2024-07-15T22:25:21","date_gmt":"2024-07-16T01:25:21","guid":{"rendered":"https:\/\/sites.uel.br\/labim\/?page_id=166"},"modified":"2026-03-09T09:19:56","modified_gmt":"2026-03-09T12:19:56","slug":"servicos","status":"publish","type":"page","link":"https:\/\/sites.uel.br\/labim\/servicos\/","title":{"rendered":"Servi\u00e7os"},"content":{"rendered":"\n<p>O LABIM disponibiliza sua infraestrutura e expertise t\u00e9cnica para presta\u00e7\u00e3o de servi\u00e7os especializados a empresas e institui\u00e7\u00f5es.<\/p>\n\n\n\n<p><strong>An\u00e1lises gen\u00f4micas<\/strong> \u2014 Sequenciamento, anota\u00e7\u00e3o e an\u00e1lise comparativa de genomas microbianos.<\/p>\n\n\n\n<p><strong>Ensaios de efic\u00e1cia<\/strong> \u2014 Avalia\u00e7\u00e3o do desempenho de bioinsumos em condi\u00e7\u00f5es de laborat\u00f3rio, casa de vegeta\u00e7\u00e3o e campo.<\/p>\n\n\n\n<p><strong>Consultoria t\u00e9cnica<\/strong> \u2014 Suporte especializado em bioinsumos, controle biol\u00f3gico e estrat\u00e9gias de desenvolvimento tecnol\u00f3gico.<\/p>\n","protected":false},"excerpt":{"rendered":"<p>O LABIM disponibiliza sua infraestrutura e expertise t\u00e9cnica para presta\u00e7\u00e3o de servi\u00e7os especializados a empresas e institui\u00e7\u00f5es. An\u00e1lises gen\u00f4micas \u2014 Sequenciamento, anota\u00e7\u00e3o e an\u00e1lise comparativa de genomas microbianos. Ensaios de efic\u00e1cia \u2014 Avalia\u00e7\u00e3o do desempenho de bioinsumos em condi\u00e7\u00f5es de laborat\u00f3rio, casa de vegeta\u00e7\u00e3o e campo. Consultoria t\u00e9cnica \u2014 Suporte especializado em bioinsumos, controle biol\u00f3gico [&hellip;]<\/p>\n","protected":false},"author":5,"featured_media":0,"parent":0,"menu_order":0,"comment_status":"closed","ping_status":"closed","template":"","meta":{"footnotes":""},"class_list":["post-166","page","type-page","status-publish","hentry"],"acf":[],"_links":{"self":[{"href":"https:\/\/sites.uel.br\/labim\/wp-json\/wp\/v2\/pages\/166","targetHints":{"allow":["GET"]}}],"collection":[{"href":"https:\/\/sites.uel.br\/labim\/wp-json\/wp\/v2\/pages"}],"about":[{"href":"https:\/\/sites.uel.br\/labim\/wp-json\/wp\/v2\/types\/page"}],"author":[{"embeddable":true,"href":"https:\/\/sites.uel.br\/labim\/wp-json\/wp\/v2\/users\/5"}],"replies":[{"embeddable":true,"href":"https:\/\/sites.uel.br\/labim\/wp-json\/wp\/v2\/comments?post=166"}],"version-history":[{"count":3,"href":"https:\/\/sites.uel.br\/labim\/wp-json\/wp\/v2\/pages\/166\/revisions"}],"predecessor-version":[{"id":1003,"href":"https:\/\/sites.uel.br\/labim\/wp-json\/wp\/v2\/pages\/166\/revisions\/1003"}],"wp:attachment":[{"href":"https:\/\/sites.uel.br\/labim\/wp-json\/wp\/v2\/media?parent=166"}],"curies":[{"name":"wp","href":"https:\/\/api.w.org\/{rel}","templated":true}]}}